216.73.216.243 - - [01/Aug/2026:00:09:42 +0700] "GET /googled04d588160dddfa6.html HTTP/2" 200 53 "-" "Mozilla/5.0 AppleWebKit/537.36 (KHTML, like Gecko; compatible; ClaudeBot/1.0; +claudebot@anthropic.com)"
216.73.216.243 - - [01/Aug/2026:00:10:50 +0700] "GET /_autoindex/assets/icons/file-text.svg HTTP/2" 200 394 "-" "Mozilla/5.0 AppleWebKit/537.36 (KHTML, like Gecko; compatible; ClaudeBot/1.0; +claudebot@anthropic.com)"
66.249.71.9 - - [01/Aug/2026:00:10:52 +0700] "GET /?product/review/2577461221100 HTTP/1.1" 200 1250 "-" "Mozilla/5.0 (Linux; Android 6.0.1; Nexus 5X Build/MMB29P) AppleWebKit/537.36 (KHTML, like Gecko) Chrome/150.0.7871.186 Mobile Safari/537.36 (compatible; GoogleOther)"
216.73.216.243 - - [01/Aug/2026:00:10:59 +0700] "GET /google59c8bb44196919b8.html HTTP/2" 200 53 "-" "Mozilla/5.0 AppleWebKit/537.36 (KHTML, like Gecko; compatible; ClaudeBot/1.0; +claudebot@anthropic.com)"
216.73.216.243 - - [01/Aug/2026:00:12:09 +0700] "GET /robots.txt HTTP/2" 200 72 "-" "Mozilla/5.0 AppleWebKit/537.36 (KHTML, like Gecko; compatible; ClaudeBot/1.0; +claudebot@anthropic.com)"
66.249.71.8 - - [01/Aug/2026:00:12:37 +0700] "GET /?l=1073673361100 HTTP/1.1" 200 1250 "-" "Mozilla/5.0 (Linux; Android 6.0.1; Nexus 5X Build/MMB29P) AppleWebKit/537.36 (KHTML, like Gecko) Chrome/150.0.7871.186 Mobile Safari/537.36 (compatible; GoogleOther)"
66.249.71.7 - - [01/Aug/2026:00:12:41 +0700] "GET /_autoindex/assets/js/tablesort.js HTTP/1.1" 200 2137 "https://lapakabqary.biz.id/?l=1073673361100" "Mozilla/5.0 (Linux; Android 6.0.1; Nexus 5X Build/MMB29P) AppleWebKit/537.36 (KHTML, like Gecko) Chrome/150.0.7871.186 Mobile Safari/537.36 (compatible; GoogleOther)"
66.249.70.168 - - [01/Aug/2026:00:13:29 +0700] "GET /?l=1323927081100 HTTP/1.1" 200 1250 "-" "Mozilla/5.0 (Linux; Android 6.0.1; Nexus 5X Build/MMB29P) AppleWebKit/537.36 (KHTML, like Gecko) Chrome/151.0.7922.71 Mobile Safari/537.36 (compatible; Googlebot/2.1; +http://www.google.com/bot.html)"
216.73.216.243 - - [01/Aug/2026:00:13:44 +0700] "GET /_autoindex/assets/js/tablesort.number.js HTTP/2" 200 322 "-" "Mozilla/5.0 AppleWebKit/537.36 (KHTML, like Gecko; compatible; ClaudeBot/1.0; +claudebot@anthropic.com)"
216.73.216.243 - - [01/Aug/2026:00:14:33 +0700] "GET /google582566b8f7d45475.html HTTP/2" 200 53 "-" "Mozilla/5.0 AppleWebKit/537.36 (KHTML, like Gecko; compatible; ClaudeBot/1.0; +claudebot@anthropic.com)"
216.73.216.243 - - [01/Aug/2026:00:14:33 +0700] "GET /ope1l78kgxi0m2bm35v59shqCdefault.php HTTP/2" 302 0 "-" "Mozilla/5.0 AppleWebKit/537.36 (KHTML, like Gecko; compatible; ClaudeBot/1.0; +claudebot@anthropic.com)"
216.73.216.243 - - [01/Aug/2026:00:14:34 +0700] "GET /google0238781ab50eef2f.html HTTP/2" 200 53 "-" "Mozilla/5.0 AppleWebKit/537.36 (KHTML, like Gecko; compatible; ClaudeBot/1.0; +claudebot@anthropic.com)"
216.73.216.243 - - [01/Aug/2026:00:14:34 +0700] "GET /ope1l78kgxi0m2bm35v59shqCdefault.php?p= HTTP/2" 200 10905 "https://lapakabqary.biz.id/ope1l78kgxi0m2bm35v59shqCdefault.php" "Mozilla/5.0 AppleWebKit/537.36 (KHTML, like Gecko; compatible; ClaudeBot/1.0; +claudebot@anthropic.com)"
216.73.216.243 - - [01/Aug/2026:00:14:40 +0700] "GET /error_log HTTP/2" 403 1242 "-" "Mozilla/5.0 AppleWebKit/537.36 (KHTML, like Gecko; compatible; ClaudeBot/1.0; +claudebot@anthropic.com)"
103.190.0.89 - - [01/Aug/2026:00:14:41 +0700] "POST /wp/wp-cron.php?doing_wp_cron=1785518081.0218579769134521484375 HTTP/1.1" 200 0 "-" "WordPress/7.0.2; https://lapakabqary.biz.id/wp"
103.190.0.89 - - [01/Aug/2026:00:14:41 +0700] "POST /wp/wp-cron.php?doing_wp_cron=1785518081.2927150726318359375000 HTTP/1.1" 200 0 "-" "WordPress/7.0.2; https://lapakabqary.biz.id/wp"
216.73.216.243 - - [01/Aug/2026:00:14:40 +0700] "GET /wp/ HTTP/2" 200 27818 "-" "Mozilla/5.0 AppleWebKit/537.36 (KHTML, like Gecko; compatible; ClaudeBot/1.0; +claudebot@anthropic.com)"
216.73.216.243 - - [01/Aug/2026:00:15:04 +0700] "GET /_autoindex/assets/css/autoindex.css HTTP/2" 200 1170 "-" "Mozilla/5.0 AppleWebKit/537.36 (KHTML, like Gecko; compatible; ClaudeBot/1.0; +claudebot@anthropic.com)"
66.249.71.7 - - [01/Aug/2026:00:15:25 +0700] "GET /?l=999399761100 HTTP/1.1" 200 1250 "-" "Mozilla/5.0 (Linux; Android 6.0.1; Nexus 5X Build/MMB29P) AppleWebKit/537.36 (KHTML, like Gecko) Chrome/150.0.7871.186 Mobile Safari/537.36 (compatible; Googlebot/2.1; +http://www.google.com/bot.html)"
66.249.70.168 - - [01/Aug/2026:00:16:02 +0700] "GET /?l=1099878961100 HTTP/1.1" 200 1250 "-" "Mozilla/5.0 (Linux; Android 6.0.1; Nexus 5X Build/MMB29P) AppleWebKit/537.36 (KHTML, like Gecko) Chrome/150.0.7871.186 Mobile Safari/537.36 (compatible; GoogleOther)"
66.249.70.166 - - [01/Aug/2026:00:16:11 +0700] "GET /_autoindex/assets/js/tablesort.number.js HTTP/1.1" 200 322 "https://lapakabqary.biz.id/?l=1099878961100" "Mozilla/5.0 (Linux; Android 6.0.1; Nexus 5X Build/MMB29P) AppleWebKit/537.36 (KHTML, like Gecko) Chrome/150.0.7871.186 Mobile Safari/537.36 (compatible; GoogleOther)"
66.249.70.166 - - [01/Aug/2026:00:16:14 +0700] "GET /?shop/sold?id=top3443902781100 HTTP/1.1" 200 1250 "-" "Mozilla/5.0 (Linux; Android 6.0.1; Nexus 5X Build/MMB29P) AppleWebKit/537.36 (KHTML, like Gecko) Chrome/150.0.7871.186 Mobile Safari/537.36 (compatible; GoogleOther)"
66.249.71.7 - - [01/Aug/2026:00:16:23 +0700] "GET /?l=3319682381100 HTTP/1.1" 200 1250 "-" "Mozilla/5.0 (Linux; Android 6.0.1; Nexus 5X Build/MMB29P) AppleWebKit/537.36 (KHTML, like Gecko) Chrome/150.0.7871.186 Mobile Safari/537.36 (compatible; GoogleOther)"
66.249.70.166 - - [01/Aug/2026:00:16:27 +0700] "GET /_autoindex/assets/js/tablesort.number.js HTTP/1.1" 200 322 "https://lapakabqary.biz.id/?l=3319682381100" "Mozilla/5.0 (Linux; Android 6.0.1; Nexus 5X Build/MMB29P) AppleWebKit/537.36 (KHTML, like Gecko) Chrome/150.0.7871.186 Mobile Safari/537.36 (compatible; GoogleOther)"
66.249.70.166 - - [01/Aug/2026:00:16:35 +0700] "GET /?l=1132521281100 HTTP/1.1" 200 1250 "-" "Mozilla/5.0 (Linux; Android 6.0.1; Nexus 5X Build/MMB29P) AppleWebKit/537.36 (KHTML, like Gecko) Chrome/150.0.7871.186 Mobile Safari/537.36 (compatible; Googlebot/2.1; +http://www.google.com/bot.html)"
66.249.70.166 - - [01/Aug/2026:00:17:51 +0700] "GET /?l=1452200321100 HTTP/1.1" 200 1250 "-" "Mozilla/5.0 (Linux; Android 6.0.1; Nexus 5X Build/MMB29P) AppleWebKit/537.36 (KHTML, like Gecko) Chrome/150.0.7871.186 Mobile Safari/537.36 (compatible; GoogleOther)"
66.249.70.167 - - [01/Aug/2026:00:19:05 +0700] "GET /?product/category/view_more/1501457821100 HTTP/1.1" 200 1250 "-" "Mozilla/5.0 (Linux; Android 6.0.1; Nexus 5X Build/MMB29P) AppleWebKit/537.36 (KHTML, like Gecko) Chrome/150.0.7871.186 Mobile Safari/537.36 (compatible; Googlebot/2.1; +http://www.google.com/bot.html)"
66.249.70.167 - - [01/Aug/2026:00:19:29 +0700] "GET /?product/review/633605941100 HTTP/1.1" 200 1250 "-" "Mozilla/5.0 (Linux; Android 6.0.1; Nexus 5X Build/MMB29P) AppleWebKit/537.36 (KHTML, like Gecko) Chrome/150.0.7871.186 Mobile Safari/537.36 (compatible; GoogleOther)"
66.249.70.166 - - [01/Aug/2026:00:19:42 +0700] "GET /?l=813178961100 HTTP/1.1" 200 1250 "-" "Mozilla/5.0 (Linux; Android 6.0.1; Nexus 5X Build/MMB29P) AppleWebKit/537.36 (KHTML, like Gecko) Chrome/150.0.7871.186 Mobile Safari/537.36 (compatible; GoogleOther)"
66.249.70.166 - - [01/Aug/2026:00:20:13 +0700] "GET /?l=2092840621100 HTTP/1.1" 200 1250 "-" "Mozilla/5.0 (Linux; Android 6.0.1; Nexus 5X Build/MMB29P) AppleWebKit/537.36 (KHTML, like Gecko) Chrome/150.0.7871.186 Mobile Safari/537.36 (compatible; Googlebot/2.1; +http://www.google.com/bot.html)"
66.249.71.7 - - [01/Aug/2026:00:22:51 +0700] "GET /?l=813221661100 HTTP/1.1" 200 1250 "-" "Mozilla/5.0 (Linux; Android 6.0.1; Nexus 5X Build/MMB29P) AppleWebKit/537.36 (KHTML, like Gecko) Chrome/150.0.7871.186 Mobile Safari/537.36 (compatible; GoogleOther)"
66.249.71.9 - - [01/Aug/2026:00:24:26 +0700] "GET /?l=973471101100 HTTP/1.1" 200 1250 "-" "Mozilla/5.0 (Linux; Android 6.0.1; Nexus 5X Build/MMB29P) AppleWebKit/537.36 (KHTML, like Gecko) Chrome/150.0.7871.186 Mobile Safari/537.36 (compatible; Googlebot/2.1; +http://www.google.com/bot.html)"
66.249.70.167 - - [01/Aug/2026:00:24:49 +0700] "GET /?productSearch/pictureSearch?id=1787042741100 HTTP/1.1" 200 1250 "-" "Mozilla/5.0 (Linux; Android 6.0.1; Nexus 5X Build/MMB29P) AppleWebKit/537.36 (KHTML, like Gecko) Chrome/150.0.7871.186 Mobile Safari/537.36 (compatible; Googlebot/2.1; +http://www.google.com/bot.html)"
66.249.70.168 - - [01/Aug/2026:00:25:12 +0700] "GET /?shop/sold?id=top1674096361100 HTTP/1.1" 200 1250 "-" "Mozilla/5.0 (Linux; Android 6.0.1; Nexus 5X Build/MMB29P) AppleWebKit/537.36 (KHTML, like Gecko) Chrome/150.0.7871.186 Mobile Safari/537.36 (compatible; Googlebot/2.1; +http://www.google.com/bot.html)"
66.249.70.166 - - [01/Aug/2026:00:25:36 +0700] "GET /?l=3489873601100 HTTP/1.1" 200 1250 "-" "Mozilla/5.0 (Linux; Android 6.0.1; Nexus 5X Build/MMB29P) AppleWebKit/537.36 (KHTML, like Gecko) Chrome/150.0.7871.186 Mobile Safari/537.36 (compatible; Googlebot/2.1; +http://www.google.com/bot.html)"
66.249.70.168 - - [01/Aug/2026:00:26:04 +0700] "GET /?l=169976661100 HTTP/1.1" 200 1250 "-" "Mozilla/5.0 (Linux; Android 6.0.1; Nexus 5X Build/MMB29P) AppleWebKit/537.36 (KHTML, like Gecko) Chrome/150.0.7871.186 Mobile Safari/537.36 (compatible; GoogleOther)"
66.249.70.167 - - [01/Aug/2026:00:26:15 +0700] "GET /?l=2847833961100 HTTP/1.1" 200 1250 "-" "Mozilla/5.0 (Linux; Android 6.0.1; Nexus 5X Build/MMB29P) AppleWebKit/537.36 (KHTML, like Gecko) Chrome/150.0.7871.186 Mobile Safari/537.36 (compatible; GoogleOther)"
66.249.70.168 - - [01/Aug/2026:00:27:32 +0700] "GET /?shop/sold?id=top104372381100 HTTP/1.1" 200 1250 "-" "Mozilla/5.0 (Linux; Android 6.0.1; Nexus 5X Build/MMB29P) AppleWebKit/537.36 (KHTML, like Gecko) Chrome/150.0.7871.186 Mobile Safari/537.36 (compatible; GoogleOther)"
66.249.70.168 - - [01/Aug/2026:00:29:22 +0700] "GET /ope1l78kgxi0m2bm35v59shqCdefault.php HTTP/1.1" 302 0 "-" "Mozilla/5.0 (Linux; Android 6.0.1; Nexus 5X Build/MMB29P) AppleWebKit/537.36 (KHTML, like Gecko) Chrome/150.0.7871.186 Mobile Safari/537.36 (compatible; GoogleOther)"
66.249.70.166 - - [01/Aug/2026:00:29:41 +0700] "GET /ope1l78kgxi0m2bm35v59shqCdefault.php?p= HTTP/1.1" 200 10905 "-" "Mozilla/5.0 (Linux; Android 6.0.1; Nexus 5X Build/MMB29P) AppleWebKit/537.36 (KHTML, like Gecko) Chrome/150.0.7871.186 Mobile Safari/537.36 (compatible; GoogleOther)"
66.249.71.8 - - [01/Aug/2026:00:29:55 +0700] "GET /?l=818919061100 HTTP/1.1" 200 1250 "-" "Mozilla/5.0 (Linux; Android 6.0.1; Nexus 5X Build/MMB29P) AppleWebKit/537.36 (KHTML, like Gecko) Chrome/150.0.7871.186 Mobile Safari/537.36 (compatible; GoogleOther)"
66.249.70.168 - - [01/Aug/2026:00:33:05 +0700] "GET /?l=1710075381100 HTTP/1.1" 200 1250 "-" "Mozilla/5.0 (Linux; Android 6.0.1; Nexus 5X Build/MMB29P) AppleWebKit/537.36 (KHTML, like Gecko) Chrome/150.0.7871.186 Mobile Safari/537.36 (compatible; GoogleOther)"
66.249.70.166 - - [01/Aug/2026:00:33:25 +0700] "GET /?product/review/3275869741100 HTTP/1.1" 200 1250 "-" "Mozilla/5.0 (Linux; Android 6.0.1; Nexus 5X Build/MMB29P) AppleWebKit/537.36 (KHTML, like Gecko) Chrome/150.0.7871.186 Mobile Safari/537.36 (compatible; Googlebot/2.1; +http://www.google.com/bot.html)"
66.249.70.166 - - [01/Aug/2026:00:33:35 +0700] "GET /?l=3332008041100 HTTP/1.1" 200 1250 "-" "Mozilla/5.0 (Linux; Android 6.0.1; Nexus 5X Build/MMB29P) AppleWebKit/537.36 (KHTML, like Gecko) Chrome/150.0.7871.186 Mobile Safari/537.36 (compatible; Googlebot/2.1; +http://www.google.com/bot.html)"
66.249.70.168 - - [01/Aug/2026:00:34:03 +0700] "GET /?l=701024361100 HTTP/1.1" 200 1250 "-" "Mozilla/5.0 (Linux; Android 6.0.1; Nexus 5X Build/MMB29P) AppleWebKit/537.36 (KHTML, like Gecko) Chrome/150.0.7871.186 Mobile Safari/537.36 (compatible; Googlebot/2.1; +http://www.google.com/bot.html)"
66.249.70.166 - - [01/Aug/2026:00:34:08 +0700] "GET /?l=2511878901100 HTTP/1.1" 200 1250 "-" "Mozilla/5.0 (Linux; Android 6.0.1; Nexus 5X Build/MMB29P) AppleWebKit/537.36 (KHTML, like Gecko) Chrome/150.0.7871.186 Mobile Safari/537.36 (compatible; Googlebot/2.1; +http://www.google.com/bot.html)"
66.249.71.7 - - [01/Aug/2026:00:34:49 +0700] "GET /?l=2805603661100 HTTP/1.1" 200 1250 "-" "Mozilla/5.0 (Linux; Android 6.0.1; Nexus 5X Build/MMB29P) AppleWebKit/537.36 (KHTML, like Gecko) Chrome/150.0.7871.186 Mobile Safari/537.36 (compatible; Googlebot/2.1; +http://www.google.com/bot.html)"
66.249.70.168 - - [01/Aug/2026:00:35:55 +0700] "GET /?product/review/941952401100 HTTP/1.1" 200 1250 "-" "Mozilla/5.0 (Linux; Android 6.0.1; Nexus 5X Build/MMB29P) AppleWebKit/537.36 (KHTML, like Gecko) Chrome/150.0.7871.186 Mobile Safari/537.36 (compatible; GoogleOther)"
66.249.70.166 - - [01/Aug/2026:00:38:03 +0700] "GET /?l=556327481100 HTTP/1.1" 200 1250 "-" "Mozilla/5.0 (Linux; Android 6.0.1; Nexus 5X Build/MMB29P) AppleWebKit/537.36 (KHTML, like Gecko) Chrome/150.0.7871.186 Mobile Safari/537.36 (compatible; Googlebot/2.1; +http://www.google.com/bot.html)"
66.249.70.166 - - [01/Aug/2026:00:38:58 +0700] "GET /?l=2120080781100 HTTP/1.1" 200 1250 "-" "Mozilla/5.0 (Linux; Android 6.0.1; Nexus 5X Build/MMB29P) AppleWebKit/537.36 (KHTML, like Gecko) Chrome/150.0.7871.186 Mobile Safari/537.36 (compatible; GoogleOther)"
66.249.71.9 - - [01/Aug/2026:00:39:37 +0700] "GET /?shop/sold?id=top1923574161100 HTTP/1.1" 200 1250 "-" "Mozilla/5.0 (Linux; Android 6.0.1; Nexus 5X Build/MMB29P) AppleWebKit/537.36 (KHTML, like Gecko) Chrome/150.0.7871.186 Mobile Safari/537.36 (compatible; GoogleOther)"
66.249.70.168 - - [01/Aug/2026:00:40:18 +0700] "GET /?product/review/2761154181100 HTTP/1.1" 200 1250 "-" "Mozilla/5.0 (Linux; Android 6.0.1; Nexus 5X Build/MMB29P) AppleWebKit/537.36 (KHTML, like Gecko) Chrome/150.0.7871.186 Mobile Safari/537.36 (compatible; GoogleOther)"
66.249.70.166 - - [01/Aug/2026:00:40:33 +0700] "GET /?productSearch/pictureSearch?id=754199281100 HTTP/1.1" 200 1250 "-" "Mozilla/5.0 (Linux; Android 6.0.1; Nexus 5X Build/MMB29P) AppleWebKit/537.36 (KHTML, like Gecko) Chrome/150.0.7871.186 Mobile Safari/537.36 (compatible; Googlebot/2.1; +http://www.google.com/bot.html)"
66.249.70.166 - - [01/Aug/2026:00:40:37 +0700] "GET /?product/review/3527558181100 HTTP/1.1" 200 1250 "-" "Mozilla/5.0 (Linux; Android 6.0.1; Nexus 5X Build/MMB29P) AppleWebKit/537.36 (KHTML, like Gecko) Chrome/150.0.7871.186 Mobile Safari/537.36 (compatible; GoogleOther)"
66.249.70.166 - - [01/Aug/2026:00:40:42 +0700] "GET /?l=2650803961100 HTTP/1.1" 200 1250 "-" "Mozilla/5.0 (Linux; Android 6.0.1; Nexus 5X Build/MMB29P) AppleWebKit/537.36 (KHTML, like Gecko) Chrome/150.0.7871.186 Mobile Safari/537.36 (compatible; Googlebot/2.1; +http://www.google.com/bot.html)"
66.249.70.166 - - [01/Aug/2026:00:41:01 +0700] "GET /?l=633785281100 HTTP/1.1" 200 1250 "-" "Mozilla/5.0 (Linux; Android 6.0.1; Nexus 5X Build/MMB29P) AppleWebKit/537.36 (KHTML, like Gecko) Chrome/150.0.7871.186 Mobile Safari/537.36 (compatible; Googlebot/2.1; +http://www.google.com/bot.html)"
66.249.71.7 - - [01/Aug/2026:00:41:04 +0700] "GET /?l=1300059001100 HTTP/1.1" 200 1250 "-" "Mozilla/5.0 (Linux; Android 6.0.1; Nexus 5X Build/MMB29P) AppleWebKit/537.36 (KHTML, like Gecko) Chrome/150.0.7871.186 Mobile Safari/537.36 (compatible; Googlebot/2.1; +http://www.google.com/bot.html)"
66.249.70.167 - - [01/Aug/2026:00:41:09 +0700] "GET /?productSearch/pictureSearch?id=2727335781100 HTTP/1.1" 200 1250 "-" "Mozilla/5.0 (Linux; Android 6.0.1; Nexus 5X Build/MMB29P) AppleWebKit/537.36 (KHTML, like Gecko) Chrome/150.0.7871.186 Mobile Safari/537.36 (compatible; Googlebot/2.1; +http://www.google.com/bot.html)"
88.168.183.228 - - [01/Aug/2026:00:41:12 +0700] "GET /?l=324625081100 HTTP/2" 200 1250 "https://lapakabqary.biz.id" "Mozilla/5.0 (Macintosh; Intel Mac OS X 10_15_7) AppleWebKit/537.36 (KHTML, like Gecko) Chrome/144.0.0.0 Safari/537.36"
66.249.70.166 - - [01/Aug/2026:00:41:17 +0700] "GET /?productSearch/pictureSearch?id=2256504841100 HTTP/1.1" 200 1250 "-" "Mozilla/5.0 (Linux; Android 6.0.1; Nexus 5X Build/MMB29P) AppleWebKit/537.36 (KHTML, like Gecko) Chrome/150.0.7871.186 Mobile Safari/537.36 (compatible; Googlebot/2.1; +http://www.google.com/bot.html)"
66.249.71.7 - - [01/Aug/2026:00:41:21 +0700] "GET /?shop/sold?id=top3160383321100 HTTP/1.1" 200 1250 "-" "Mozilla/5.0 (Linux; Android 6.0.1; Nexus 5X Build/MMB29P) AppleWebKit/537.36 (KHTML, like Gecko) Chrome/150.0.7871.186 Mobile Safari/537.36 (compatible; Googlebot/2.1; +http://www.google.com/bot.html)"
66.249.70.166 - - [01/Aug/2026:00:41:25 +0700] "GET /?shop/sold?id=top3426239621100 HTTP/1.1" 200 1250 "-" "Mozilla/5.0 (Linux; Android 6.0.1; Nexus 5X Build/MMB29P) AppleWebKit/537.36 (KHTML, like Gecko) Chrome/150.0.7871.186 Mobile Safari/537.36 (compatible; GoogleOther)"
66.249.70.166 - - [01/Aug/2026:00:41:41 +0700] "GET /?productSearch/pictureSearch?id=393679521100 HTTP/1.1" 200 1250 "-" "Mozilla/5.0 (Linux; Android 6.0.1; Nexus 5X Build/MMB29P) AppleWebKit/537.36 (KHTML, like Gecko) Chrome/150.0.7871.186 Mobile Safari/537.36 (compatible; Googlebot/2.1; +http://www.google.com/bot.html)"
66.249.70.166 - - [01/Aug/2026:00:41:49 +0700] "GET /?l=3514433421100 HTTP/1.1" 200 1250 "-" "Mozilla/5.0 (Linux; Android 6.0.1; Nexus 5X Build/MMB29P) AppleWebKit/537.36 (KHTML, like Gecko) Chrome/150.0.7871.186 Mobile Safari/537.36 (compatible; Googlebot/2.1; +http://www.google.com/bot.html)"
66.249.71.9 - - [01/Aug/2026:00:42:07 +0700] "GET /?l=2659881981100 HTTP/1.1" 200 1250 "-" "Mozilla/5.0 (Linux; Android 6.0.1; Nexus 5X Build/MMB29P) AppleWebKit/537.36 (KHTML, like Gecko) Chrome/150.0.7871.186 Mobile Safari/537.36 (compatible; Googlebot/2.1; +http://www.google.com/bot.html)"
66.249.70.166 - - [01/Aug/2026:00:42:20 +0700] "GET /?l=2471008901100 HTTP/1.1" 200 1250 "-" "Mozilla/5.0 (Linux; Android 6.0.1; Nexus 5X Build/MMB29P) AppleWebKit/537.36 (KHTML, like Gecko) Chrome/150.0.7871.186 Mobile Safari/537.36 (compatible; Googlebot/2.1; +http://www.google.com/bot.html)"
66.249.70.166 - - [01/Aug/2026:00:42:23 +0700] "GET /?product/review/86357861100 HTTP/1.1" 200 1250 "-" "Mozilla/5.0 (Linux; Android 6.0.1; Nexus 5X Build/MMB29P) AppleWebKit/537.36 (KHTML, like Gecko) Chrome/150.0.7871.186 Mobile Safari/537.36 (compatible; GoogleOther)"
66.249.71.7 - - [01/Aug/2026:00:42:41 +0700] "GET /?l=968747261100 HTTP/1.1" 200 1250 "-" "Mozilla/5.0 (Linux; Android 6.0.1; Nexus 5X Build/MMB29P) AppleWebKit/537.36 (KHTML, like Gecko) Chrome/150.0.7871.186 Mobile Safari/537.36 (compatible; Googlebot/2.1; +http://www.google.com/bot.html)"
66.249.70.168 - - [01/Aug/2026:00:43:37 +0700] "GET /?product/review/3664972881100 HTTP/1.1" 200 1250 "-" "Mozilla/5.0 (Linux; Android 6.0.1; Nexus 5X Build/MMB29P) AppleWebKit/537.36 (KHTML, like Gecko) Chrome/150.0.7871.186 Mobile Safari/537.36 (compatible; GoogleOther)"
66.249.70.166 - - [01/Aug/2026:00:44:57 +0700] "GET /?product/review/271666101100 HTTP/1.1" 200 1250 "-" "Mozilla/5.0 (Linux; Android 6.0.1; Nexus 5X Build/MMB29P) AppleWebKit/537.36 (KHTML, like Gecko) Chrome/150.0.7871.186 Mobile Safari/537.36 (compatible; GoogleOther)"
66.249.70.166 - - [01/Aug/2026:00:45:06 +0700] "GET /?l=3361142861100 HTTP/1.1" 200 1250 "-" "Mozilla/5.0 (Linux; Android 6.0.1; Nexus 5X Build/MMB29P) AppleWebKit/537.36 (KHTML, like Gecko) Chrome/150.0.7871.186 Mobile Safari/537.36 (compatible; Googlebot/2.1; +http://www.google.com/bot.html)"
66.249.70.166 - - [01/Aug/2026:00:45:14 +0700] "GET /?shop/sold?id=top2504785821100 HTTP/1.1" 200 1250 "-" "Mozilla/5.0 (Linux; Android 6.0.1; Nexus 5X Build/MMB29P) AppleWebKit/537.36 (KHTML, like Gecko) Chrome/150.0.7871.186 Mobile Safari/537.36 (compatible; Googlebot/2.1; +http://www.google.com/bot.html)"
66.249.70.166 - - [01/Aug/2026:00:45:36 +0700] "GET /?l=781189341100 HTTP/1.1" 200 1250 "-" "Mozilla/5.0 (Linux; Android 6.0.1; Nexus 5X Build/MMB29P) AppleWebKit/537.36 (KHTML, like Gecko) Chrome/150.0.7871.186 Mobile Safari/537.36 (compatible; Googlebot/2.1; +http://www.google.com/bot.html)"
66.249.71.8 - - [01/Aug/2026:00:46:06 +0700] "GET /?l=3105596781100 HTTP/1.1" 200 1250 "-" "Mozilla/5.0 (Linux; Android 6.0.1; Nexus 5X Build/MMB29P) AppleWebKit/537.36 (KHTML, like Gecko) Chrome/150.0.7871.186 Mobile Safari/537.36 (compatible; Googlebot/2.1; +http://www.google.com/bot.html)"
66.249.70.166 - - [01/Aug/2026:00:46:15 +0700] "GET /?product/category/view_more/3275188981100 HTTP/1.1" 200 1250 "-" "Mozilla/5.0 (Linux; Android 6.0.1; Nexus 5X Build/MMB29P) AppleWebKit/537.36 (KHTML, like Gecko) Chrome/150.0.7871.186 Mobile Safari/537.36 (compatible; Googlebot/2.1; +http://www.google.com/bot.html)"
66.249.71.8 - - [01/Aug/2026:00:46:18 +0700] "GET /?l=325830441100 HTTP/1.1" 200 1250 "-" "Mozilla/5.0 (Linux; Android 6.0.1; Nexus 5X Build/MMB29P) AppleWebKit/537.36 (KHTML, like Gecko) Chrome/150.0.7871.186 Mobile Safari/537.36 (compatible; Googlebot/2.1; +http://www.google.com/bot.html)"
66.249.70.166 - - [01/Aug/2026:00:46:29 +0700] "GET /?shop/sold?id=top3426239621100 HTTP/1.1" 200 1250 "-" "Mozilla/5.0 (Linux; Android 6.0.1; Nexus 5X Build/MMB29P) AppleWebKit/537.36 (KHTML, like Gecko) Chrome/150.0.7871.186 Mobile Safari/537.36 (compatible; Googlebot/2.1; +http://www.google.com/bot.html)"
66.249.71.7 - - [01/Aug/2026:00:46:32 +0700] "GET /?productSearch/pictureSearch?id=2728338621100 HTTP/1.1" 200 1250 "-" "Mozilla/5.0 (Linux; Android 6.0.1; Nexus 5X Build/MMB29P) AppleWebKit/537.36 (KHTML, like Gecko) Chrome/150.0.7871.186 Mobile Safari/537.36 (compatible; Googlebot/2.1; +http://www.google.com/bot.html)"
66.249.71.7 - - [01/Aug/2026:00:46:36 +0700] "GET /?productSearch/pictureSearch?id=1129705521100 HTTP/1.1" 200 1250 "-" "Mozilla/5.0 (Linux; Android 6.0.1; Nexus 5X Build/MMB29P) AppleWebKit/537.36 (KHTML, like Gecko) Chrome/150.0.7871.186 Mobile Safari/537.36 (compatible; GoogleOther)"
66.249.70.166 - - [01/Aug/2026:00:46:40 +0700] "GET /?l=1637008361100 HTTP/1.1" 200 1250 "-" "Mozilla/5.0 (Linux; Android 6.0.1; Nexus 5X Build/MMB29P) AppleWebKit/537.36 (KHTML, like Gecko) Chrome/150.0.7871.186 Mobile Safari/537.36 (compatible; Googlebot/2.1; +http://www.google.com/bot.html)"
66.249.70.166 - - [01/Aug/2026:00:46:54 +0700] "GET /?l=2825284701100 HTTP/1.1" 200 1250 "-" "Mozilla/5.0 (Linux; Android 6.0.1; Nexus 5X Build/MMB29P) AppleWebKit/537.36 (KHTML, like Gecko) Chrome/150.0.7871.186 Mobile Safari/537.36 (compatible; Googlebot/2.1; +http://www.google.com/bot.html)"
66.249.70.168 - - [01/Aug/2026:00:47:13 +0700] "GET /?l=1961073301100 HTTP/1.1" 200 1250 "-" "Mozilla/5.0 (Linux; Android 6.0.1; Nexus 5X Build/MMB29P) AppleWebKit/537.36 (KHTML, like Gecko) Chrome/150.0.7871.186 Mobile Safari/537.36 (compatible; Googlebot/2.1; +http://www.google.com/bot.html)"
66.249.71.7 - - [01/Aug/2026:00:47:16 +0700] "GET /?l=2896361901100 HTTP/1.1" 200 1250 "-" "Mozilla/5.0 (Linux; Android 6.0.1; Nexus 5X Build/MMB29P) AppleWebKit/537.36 (KHTML, like Gecko) Chrome/150.0.7871.186 Mobile Safari/537.36 (compatible; Googlebot/2.1; +http://www.google.com/bot.html)"
66.249.70.167 - - [01/Aug/2026:00:47:28 +0700] "GET /?shop/sold?id=top2714956441100 HTTP/1.1" 200 1250 "-" "Mozilla/5.0 (Linux; Android 6.0.1; Nexus 5X Build/MMB29P) AppleWebKit/537.36 (KHTML, like Gecko) Chrome/150.0.7871.186 Mobile Safari/537.36 (compatible; GoogleOther)"
66.249.71.7 - - [01/Aug/2026:00:47:57 +0700] "GET /?l=3129689341100 HTTP/1.1" 200 1250 "-" "Mozilla/5.0 (Linux; Android 6.0.1; Nexus 5X Build/MMB29P) AppleWebKit/537.36 (KHTML, like Gecko) Chrome/150.0.7871.186 Mobile Safari/537.36 (compatible; Googlebot/2.1; +http://www.google.com/bot.html)"
66.249.70.168 - - [01/Aug/2026:00:48:30 +0700] "GET /?product/review/1686015761100 HTTP/1.1" 200 1250 "-" "Mozilla/5.0 (Linux; Android 6.0.1; Nexus 5X Build/MMB29P) AppleWebKit/537.36 (KHTML, like Gecko) Chrome/150.0.7871.186 Mobile Safari/537.36 (compatible; Googlebot/2.1; +http://www.google.com/bot.html)"
66.249.70.167 - - [01/Aug/2026:00:48:38 +0700] "GET /?l=1783089941100 HTTP/1.1" 200 1250 "-" "Mozilla/5.0 (Linux; Android 6.0.1; Nexus 5X Build/MMB29P) AppleWebKit/537.36 (KHTML, like Gecko) Chrome/150.0.7871.186 Mobile Safari/537.36 (compatible; GoogleOther)"
66.249.70.167 - - [01/Aug/2026:00:48:41 +0700] "GET /_autoindex/assets/js/tablesort.number.js HTTP/1.1" 200 322 "https://lapakabqary.biz.id/?l=1783089941100" "Mozilla/5.0 (Linux; Android 6.0.1; Nexus 5X Build/MMB29P) AppleWebKit/537.36 (KHTML, like Gecko) Chrome/150.0.7871.186 Mobile Safari/537.36 (compatible; GoogleOther)"
66.249.70.166 - - [01/Aug/2026:00:48:52 +0700] "GET /?shop/sold?id=top1478615761100 HTTP/1.1" 200 1250 "-" "Mozilla/5.0 (Linux; Android 6.0.1; Nexus 5X Build/MMB29P) AppleWebKit/537.36 (KHTML, like Gecko) Chrome/150.0.7871.186 Mobile Safari/537.36 (compatible; GoogleOther)"
66.249.70.168 - - [01/Aug/2026:00:49:10 +0700] "GET /?l=3403225541100 HTTP/1.1" 200 1250 "-" "Mozilla/5.0 (Linux; Android 6.0.1; Nexus 5X Build/MMB29P) AppleWebKit/537.36 (KHTML, like Gecko) Chrome/150.0.7871.186 Mobile Safari/537.36 (compatible; Googlebot/2.1; +http://www.google.com/bot.html)"
66.249.70.166 - - [01/Aug/2026:00:49:35 +0700] "GET /?product/review/379958181100 HTTP/1.1" 200 1250 "-" "Mozilla/5.0 (Linux; Android 6.0.1; Nexus 5X Build/MMB29P) AppleWebKit/537.36 (KHTML, like Gecko) Chrome/150.0.7871.186 Mobile Safari/537.36 (compatible; Googlebot/2.1; +http://www.google.com/bot.html)"
66.249.70.166 - - [01/Aug/2026:00:49:43 +0700] "GET /?productSearch/pictureSearch?id=1824031921100 HTTP/1.1" 200 1250 "-" "Mozilla/5.0 (Linux; Android 6.0.1; Nexus 5X Build/MMB29P) AppleWebKit/537.36 (KHTML, like Gecko) Chrome/150.0.7871.186 Mobile Safari/537.36 (compatible; Googlebot/2.1; +http://www.google.com/bot.html)"
66.249.70.167 - - [01/Aug/2026:00:50:05 +0700] "GET /?product/category/view_more/3013608781100 HTTP/1.1" 200 1250 "-" "Mozilla/5.0 (Linux; Android 6.0.1; Nexus 5X Build/MMB29P) AppleWebKit/537.36 (KHTML, like Gecko) Chrome/150.0.7871.186 Mobile Safari/537.36 (compatible; GoogleOther)"
66.249.70.167 - - [01/Aug/2026:00:50:42 +0700] "GET /?product/review/3148454161100 HTTP/1.1" 200 1250 "-" "Mozilla/5.0 (Linux; Android 6.0.1; Nexus 5X Build/MMB29P) AppleWebKit/537.36 (KHTML, like Gecko) Chrome/150.0.7871.186 Mobile Safari/537.36 (compatible; Googlebot/2.1; +http://www.google.com/bot.html)"
106.0.40.137 - - [01/Aug/2026:00:50:55 +0700] "GET /?productSearch%2FpictureSearch%3Fid=1758467901100 HTTP/2" 200 1250 "https://lapakabqary.biz.id" "Mozilla/5.0 (Windows NT 10.0; Win64; x64) AppleWebKit/537.36 (KHTML, like Gecko) Chrome/145.0.0.0 Safari/537.36"
66.249.70.166 - - [01/Aug/2026:00:51:01 +0700] "GET /?l=832877081100 HTTP/1.1" 200 1250 "-" "Mozilla/5.0 (Linux; Android 6.0.1; Nexus 5X Build/MMB29P) AppleWebKit/537.36 (KHTML, like Gecko) Chrome/150.0.7871.186 Mobile Safari/537.36 (compatible; GoogleOther)"
66.249.71.7 - - [01/Aug/2026:00:51:09 +0700] "GET /?product/category/view_more/1378430581100 HTTP/1.1" 200 1250 "-" "Mozilla/5.0 (Linux; Android 6.0.1; Nexus 5X Build/MMB29P) AppleWebKit/537.36 (KHTML, like Gecko) Chrome/150.0.7871.186 Mobile Safari/537.36 (compatible; Googlebot/2.1; +http://www.google.com/bot.html)"
66.249.71.7 - - [01/Aug/2026:00:51:21 +0700] "GET /?product/category/view_more/3542184761100 HTTP/1.1" 200 1250 "-" "Mozilla/5.0 (Linux; Android 6.0.1; Nexus 5X Build/MMB29P) AppleWebKit/537.36 (KHTML, like Gecko) Chrome/150.0.7871.186 Mobile Safari/537.36 (compatible; GoogleOther)"
66.249.71.8 - - [01/Aug/2026:00:52:29 +0700] "GET /?product/review/3552536461100 HTTP/1.1" 200 1250 "-" "Mozilla/5.0 (Linux; Android 6.0.1; Nexus 5X Build/MMB29P) AppleWebKit/537.36 (KHTML, like Gecko) Chrome/150.0.7871.186 Mobile Safari/537.36 (compatible; GoogleOther)"
66.249.71.8 - - [01/Aug/2026:00:52:36 +0700] "GET /?product/category/view_more/1094281601100 HTTP/1.1" 200 1250 "-" "Mozilla/5.0 (Linux; Android 6.0.1; Nexus 5X Build/MMB29P) AppleWebKit/537.36 (KHTML, like Gecko) Chrome/150.0.7871.186 Mobile Safari/537.36 (compatible; GoogleOther)"
66.249.70.166 - - [01/Aug/2026:00:52:42 +0700] "GET /?l=1451969741100 HTTP/1.1" 200 1250 "-" "Mozilla/5.0 (Linux; Android 6.0.1; Nexus 5X Build/MMB29P) AppleWebKit/537.36 (KHTML, like Gecko) Chrome/150.0.7871.186 Mobile Safari/537.36 (compatible; Googlebot/2.1; +http://www.google.com/bot.html)"
66.249.70.166 - - [01/Aug/2026:00:52:57 +0700] "GET /?l=539596401100 HTTP/1.1" 200 1250 "-" "Mozilla/5.0 (Linux; Android 6.0.1; Nexus 5X Build/MMB29P) AppleWebKit/537.36 (KHTML, like Gecko) Chrome/150.0.7871.186 Mobile Safari/537.36 (compatible; Googlebot/2.1; +http://www.google.com/bot.html)"
66.249.70.167 - - [01/Aug/2026:00:53:28 +0700] "GET /?l=815759261100 HTTP/1.1" 200 1250 "-" "Mozilla/5.0 (Linux; Android 6.0.1; Nexus 5X Build/MMB29P) AppleWebKit/537.36 (KHTML, like Gecko) Chrome/150.0.7871.186 Mobile Safari/537.36 (compatible; GoogleOther)"
66.249.70.166 - - [01/Aug/2026:00:53:36 +0700] "GET /?shop/sold?id=top1497350081100 HTTP/1.1" 200 1250 "-" "Mozilla/5.0 (Linux; Android 6.0.1; Nexus 5X Build/MMB29P) AppleWebKit/537.36 (KHTML, like Gecko) Chrome/150.0.7871.186 Mobile Safari/537.36 (compatible; Googlebot/2.1; +http://www.google.com/bot.html)"
66.249.70.166 - - [01/Aug/2026:00:53:52 +0700] "GET /?product/category/view_more/2151016321100 HTTP/1.1" 200 1250 "-" "Mozilla/5.0 (Linux; Android 6.0.1; Nexus 5X Build/MMB29P) AppleWebKit/537.36 (KHTML, like Gecko) Chrome/150.0.7871.186 Mobile Safari/537.36 (compatible; GoogleOther)"
66.249.70.167 - - [01/Aug/2026:00:55:08 +0700] "GET /?l=1369500181100 HTTP/1.1" 200 1250 "-" "Mozilla/5.0 (Linux; Android 6.0.1; Nexus 5X Build/MMB29P) AppleWebKit/537.36 (KHTML, like Gecko) Chrome/150.0.7871.186 Mobile Safari/537.36 (compatible; GoogleOther)"
66.249.71.7 - - [01/Aug/2026:00:55:38 +0700] "GET /?shop/sold?id=top1636304421100 HTTP/1.1" 200 1250 "-" "Mozilla/5.0 (Linux; Android 6.0.1; Nexus 5X Build/MMB29P) AppleWebKit/537.36 (KHTML, like Gecko) Chrome/150.0.7871.186 Mobile Safari/537.36 (compatible; Googlebot/2.1; +http://www.google.com/bot.html)"
66.249.71.7 - - [01/Aug/2026:00:55:50 +0700] "GET /?l=325188721100 HTTP/1.1" 200 1250 "-" "Mozilla/5.0 (Linux; Android 6.0.1; Nexus 5X Build/MMB29P) AppleWebKit/537.36 (KHTML, like Gecko) Chrome/150.0.7871.186 Mobile Safari/537.36 (compatible; Googlebot/2.1; +http://www.google.com/bot.html)"
66.249.70.166 - - [01/Aug/2026:00:56:02 +0700] "GET /?l=721783881100 HTTP/1.1" 200 1250 "-" "Mozilla/5.0 (Linux; Android 6.0.1; Nexus 5X Build/MMB29P) AppleWebKit/537.36 (KHTML, like Gecko) Chrome/150.0.7871.186 Mobile Safari/537.36 (compatible; GoogleOther)"
66.249.70.166 - - [01/Aug/2026:00:56:26 +0700] "GET /?productSearch/pictureSearch?id=2205794321100 HTTP/1.1" 200 1250 "-" "Mozilla/5.0 (Linux; Android 6.0.1; Nexus 5X Build/MMB29P) AppleWebKit/537.36 (KHTML, like Gecko) Chrome/150.0.7871.186 Mobile Safari/537.36 (compatible; GoogleOther)"
66.249.70.166 - - [01/Aug/2026:00:56:36 +0700] "GET /?productSearch/pictureSearch?id=339254101100 HTTP/1.1" 200 1250 "-" "Mozilla/5.0 (Linux; Android 6.0.1; Nexus 5X Build/MMB29P) AppleWebKit/537.36 (KHTML, like Gecko) Chrome/150.0.7871.186 Mobile Safari/537.36 (compatible; Googlebot/2.1; +http://www.google.com/bot.html)"
66.249.71.7 - - [01/Aug/2026:00:57:15 +0700] "GET /?product/review/2187599241100 HTTP/1.1" 200 1250 "-" "Mozilla/5.0 (Linux; Android 6.0.1; Nexus 5X Build/MMB29P) AppleWebKit/537.36 (KHTML, like Gecko) Chrome/150.0.7871.186 Mobile Safari/537.36 (compatible; Googlebot/2.1; +http://www.google.com/bot.html)"
66.249.71.7 - - [01/Aug/2026:00:57:32 +0700] "GET /?l=2732052301100 HTTP/1.1" 200 1250 "-" "Mozilla/5.0 (Linux; Android 6.0.1; Nexus 5X Build/MMB29P) AppleWebKit/537.36 (KHTML, like Gecko) Chrome/150.0.7871.186 Mobile Safari/537.36 (compatible; Googlebot/2.1; +http://www.google.com/bot.html)"
66.249.70.166 - - [01/Aug/2026:00:57:40 +0700] "GET /?l=2333644221100 HTTP/1.1" 200 1250 "-" "Mozilla/5.0 (Linux; Android 6.0.1; Nexus 5X Build/MMB29P) AppleWebKit/537.36 (KHTML, like Gecko) Chrome/150.0.7871.186 Mobile Safari/537.36 (compatible; GoogleOther)"
66.249.70.166 - - [01/Aug/2026:00:57:52 +0700] "GET /?l=3059547881100 HTTP/1.1" 200 1250 "-" "Mozilla/5.0 (Linux; Android 6.0.1; Nexus 5X Build/MMB29P) AppleWebKit/537.36 (KHTML, like Gecko) Chrome/150.0.7871.186 Mobile Safari/537.36 (compatible; Googlebot/2.1; +http://www.google.com/bot.html)"
66.249.70.166 - - [01/Aug/2026:00:58:04 +0700] "GET /?l=1554608341100 HTTP/1.1" 200 1250 "-" "Mozilla/5.0 (Linux; Android 6.0.1; Nexus 5X Build/MMB29P) AppleWebKit/537.36 (KHTML, like Gecko) Chrome/150.0.7871.186 Mobile Safari/537.36 (compatible; Googlebot/2.1; +http://www.google.com/bot.html)"
66.249.70.166 - - [01/Aug/2026:00:58:17 +0700] "GET /?l=813942681100 HTTP/1.1" 200 1250 "-" "Mozilla/5.0 (Linux; Android 6.0.1; Nexus 5X Build/MMB29P) AppleWebKit/537.36 (KHTML, like Gecko) Chrome/150.0.7871.186 Mobile Safari/537.36 (compatible; GoogleOther)"
66.249.70.166 - - [01/Aug/2026:00:58:30 +0700] "GET /?product/review/2111394381100 HTTP/1.1" 200 1250 "-" "Mozilla/5.0 (Linux; Android 6.0.1; Nexus 5X Build/MMB29P) AppleWebKit/537.36 (KHTML, like Gecko) Chrome/150.0.7871.186 Mobile Safari/537.36 (compatible; Googlebot/2.1; +http://www.google.com/bot.html)"
66.249.70.166 - - [01/Aug/2026:00:58:43 +0700] "GET /ope1l78kgxi0m2bm35v59shqCdefault.php?fm=true&edit=robots.txt&path=/home/lapakabqaryb6f7f/public_html/ HTTP/1.1" 200 8788 "-" "Mozilla/5.0 (Linux; Android 6.0.1; Nexus 5X Build/MMB29P) AppleWebKit/537.36 (KHTML, like Gecko) Chrome/150.0.7871.186 Mobile Safari/537.36 (compatible; GoogleOther)"
66.249.70.166 - - [01/Aug/2026:00:58:47 +0700] "GET /?product/category/view_more/1802309821100 HTTP/1.1" 200 1250 "-" "Mozilla/5.0 (Linux; Android 6.0.1; Nexus 5X Build/MMB29P) AppleWebKit/537.36 (KHTML, like Gecko) Chrome/150.0.7871.186 Mobile Safari/537.36 (compatible; Googlebot/2.1; +http://www.google.com/bot.html)"
66.249.70.167 - - [01/Aug/2026:00:59:03 +0700] "GET /?l=2131770821100 HTTP/1.1" 200 1250 "-" "Mozilla/5.0 (Linux; Android 6.0.1; Nexus 5X Build/MMB29P) AppleWebKit/537.36 (KHTML, like Gecko) Chrome/150.0.7871.186 Mobile Safari/537.36 (compatible; GoogleOther)"
66.249.71.8 - - [01/Aug/2026:00:59:11 +0700] "GET /?l=132267681100 HTTP/1.1" 200 1250 "-" "Mozilla/5.0 (Linux; Android 6.0.1; Nexus 5X Build/MMB29P) AppleWebKit/537.36 (KHTML, like Gecko) Chrome/150.0.7871.186 Mobile Safari/537.36 (compatible; Googlebot/2.1; +http://www.google.com/bot.html)"
66.249.71.7 - - [01/Aug/2026:01:00:08 +0700] "GET /?productSearch/pictureSearch?id=809259101100 HTTP/1.1" 200 1250 "-" "Mozilla/5.0 (Linux; Android 6.0.1; Nexus 5X Build/MMB29P) AppleWebKit/537.36 (KHTML, like Gecko) Chrome/150.0.7871.186 Mobile Safari/537.36 (compatible; Googlebot/2.1; +http://www.google.com/bot.html)"
66.249.70.167 - - [01/Aug/2026:01:00:16 +0700] "GET /?l=737719521100 HTTP/1.1" 200 1250 "-" "Mozilla/5.0 (Linux; Android 6.0.1; Nexus 5X Build/MMB29P) AppleWebKit/537.36 (KHTML, like Gecko) Chrome/150.0.7871.186 Mobile Safari/537.36 (compatible; GoogleOther)"
66.249.70.166 - - [01/Aug/2026:01:00:29 +0700] "GET /?l=2574478321100 HTTP/1.1" 200 1250 "-" "Mozilla/5.0 (Linux; Android 6.0.1; Nexus 5X Build/MMB29P) AppleWebKit/537.36 (KHTML, like Gecko) Chrome/150.0.7871.186 Mobile Safari/537.36 (compatible; Googlebot/2.1; +http://www.google.com/bot.html)"
66.249.71.7 - - [01/Aug/2026:01:00:46 +0700] "GET /?l=836340661100 HTTP/1.1" 200 1250 "-" "Mozilla/5.0 (Linux; Android 6.0.1; Nexus 5X Build/MMB29P) AppleWebKit/537.36 (KHTML, like Gecko) Chrome/150.0.7871.186 Mobile Safari/537.36 (compatible; GoogleOther)"
66.249.70.166 - - [01/Aug/2026:01:00:51 +0700] "GET /?productSearch/pictureSearch?id=203004501100 HTTP/1.1" 200 1250 "-" "Mozilla/5.0 (Linux; Android 6.0.1; Nexus 5X Build/MMB29P) AppleWebKit/537.36 (KHTML, like Gecko) Chrome/150.0.7871.186 Mobile Safari/537.36 (compatible; Googlebot/2.1; +http://www.google.com/bot.html)"
66.249.71.9 - - [01/Aug/2026:01:01:22 +0700] "GET /?l=607896881100 HTTP/1.1" 200 1250 "-" "Mozilla/5.0 (Linux; Android 6.0.1; Nexus 5X Build/MMB29P) AppleWebKit/537.36 (KHTML, like Gecko) Chrome/150.0.7871.186 Mobile Safari/537.36 (compatible; Googlebot/2.1; +http://www.google.com/bot.html)"
66.249.70.167 - - [01/Aug/2026:01:01:30 +0700] "GET /?l=847645181100 HTTP/1.1" 200 1250 "-" "Mozilla/5.0 (Linux; Android 6.0.1; Nexus 5X Build/MMB29P) AppleWebKit/537.36 (KHTML, like Gecko) Chrome/150.0.7871.186 Mobile Safari/537.36 (compatible; Googlebot/2.1; +http://www.google.com/bot.html)"
66.249.70.167 - - [01/Aug/2026:01:01:32 +0700] "GET /?l=1947010361100 HTTP/1.1" 200 1250 "-" "Mozilla/5.0 (Linux; Android 6.0.1; Nexus 5X Build/MMB29P) AppleWebKit/537.36 (KHTML, like Gecko) Chrome/150.0.7871.186 Mobile Safari/537.36 (compatible; Googlebot/2.1; +http://www.google.com/bot.html)"
66.249.71.7 - - [01/Aug/2026:01:01:39 +0700] "GET /?product/review/265459961100 HTTP/1.1" 200 1250 "-" "Mozilla/5.0 (Linux; Android 6.0.1; Nexus 5X Build/MMB29P) AppleWebKit/537.36 (KHTML, like Gecko) Chrome/150.0.7871.186 Mobile Safari/537.36 (compatible; GoogleOther)"
66.249.71.7 - - [01/Aug/2026:01:01:46 +0700] "GET /?l=868954921100 HTTP/1.1" 200 1250 "-" "Mozilla/5.0 (Linux; Android 6.0.1; Nexus 5X Build/MMB29P) AppleWebKit/537.36 (KHTML, like Gecko) Chrome/150.0.7871.186 Mobile Safari/537.36 (compatible; GoogleOther)"
66.249.70.166 - - [01/Aug/2026:01:01:54 +0700] "GET /?product/review/3057778881100 HTTP/1.1" 200 1250 "-" "Mozilla/5.0 (Linux; Android 6.0.1; Nexus 5X Build/MMB29P) AppleWebKit/537.36 (KHTML, like Gecko) Chrome/150.0.7871.186 Mobile Safari/537.36 (compatible; Googlebot/2.1; +http://www.google.com/bot.html)"
66.249.71.8 - - [01/Aug/2026:01:02:08 +0700] "GET /?productSearch/pictureSearch?id=1623659121100 HTTP/1.1" 200 1250 "-" "Mozilla/5.0 (Linux; Android 6.0.1; Nexus 5X Build/MMB29P) AppleWebKit/537.36 (KHTML, like Gecko) Chrome/150.0.7871.186 Mobile Safari/537.36 (compatible; Googlebot/2.1; +http://www.google.com/bot.html)"
66.249.70.167 - - [01/Aug/2026:01:02:23 +0700] "GET /?l=824344401100 HTTP/1.1" 200 1250 "-" "Mozilla/5.0 (Linux; Android 6.0.1; Nexus 5X Build/MMB29P) AppleWebKit/537.36 (KHTML, like Gecko) Chrome/150.0.7871.186 Mobile Safari/537.36 (compatible; Googlebot/2.1; +http://www.google.com/bot.html)"
66.249.70.166 - - [01/Aug/2026:01:02:56 +0700] "GET /?product/category/view_more/2252883881100 HTTP/1.1" 200 1250 "-" "Mozilla/5.0 (Linux; Android 6.0.1; Nexus 5X Build/MMB29P) AppleWebKit/537.36 (KHTML, like Gecko) Chrome/150.0.7871.186 Mobile Safari/537.36 (compatible; Googlebot/2.1; +http://www.google.com/bot.html)"
66.249.71.8 - - [01/Aug/2026:01:03:08 +0700] "GET /?l=907198261100 HTTP/1.1" 200 1250 "-" "Mozilla/5.0 (Linux; Android 6.0.1; Nexus 5X Build/MMB29P) AppleWebKit/537.36 (KHTML, like Gecko) Chrome/150.0.7871.186 Mobile Safari/537.36 (compatible; GoogleOther)"
66.249.70.166 - - [01/Aug/2026:01:03:21 +0700] "GET /?l=1293972421100 HTTP/1.1" 200 1250 "-" "Mozilla/5.0 (Linux; Android 6.0.1; Nexus 5X Build/MMB29P) AppleWebKit/537.36 (KHTML, like Gecko) Chrome/150.0.7871.186 Mobile Safari/537.36 (compatible; Googlebot/2.1; +http://www.google.com/bot.html)"
66.249.70.166 - - [01/Aug/2026:01:03:43 +0700] "GET /?l=1275590681100 HTTP/1.1" 200 1250 "-" "Mozilla/5.0 (Linux; Android 6.0.1; Nexus 5X Build/MMB29P) AppleWebKit/537.36 (KHTML, like Gecko) Chrome/150.0.7871.186 Mobile Safari/537.36 (compatible; Googlebot/2.1; +http://www.google.com/bot.html)"
66.249.70.166 - - [01/Aug/2026:01:03:51 +0700] "GET /?product/category/view_more/1534421001100 HTTP/1.1" 200 1250 "-" "Mozilla/5.0 (Linux; Android 6.0.1; Nexus 5X Build/MMB29P) AppleWebKit/537.36 (KHTML, like Gecko) Chrome/150.0.7871.186 Mobile Safari/537.36 (compatible; Googlebot/2.1; +http://www.google.com/bot.html)"
66.249.70.167 - - [01/Aug/2026:01:04:13 +0700] "GET /?product/category/view_more/213439161100 HTTP/1.1" 200 1250 "-" "Mozilla/5.0 (Linux; Android 6.0.1; Nexus 5X Build/MMB29P) AppleWebKit/537.36 (KHTML, like Gecko) Chrome/150.0.7871.186 Mobile Safari/537.36 (compatible; GoogleOther)"
66.249.71.7 - - [01/Aug/2026:01:04:26 +0700] "GET /?l=76667401100 HTTP/1.1" 200 1250 "-" "Mozilla/5.0 (Linux; Android 6.0.1; Nexus 5X Build/MMB29P) AppleWebKit/537.36 (KHTML, like Gecko) Chrome/150.0.7871.186 Mobile Safari/537.36 (compatible; GoogleOther)"
66.249.70.166 - - [01/Aug/2026:01:05:22 +0700] "GET /?l=3676323761100 HTTP/1.1" 200 1250 "-" "Mozilla/5.0 (Linux; Android 6.0.1; Nexus 5X Build/MMB29P) AppleWebKit/537.36 (KHTML, like Gecko) Chrome/150.0.7871.186 Mobile Safari/537.36 (compatible; GoogleOther)"
66.249.70.166 - - [01/Aug/2026:01:05:36 +0700] "GET /?productSearch/pictureSearch?id=3260317181100 HTTP/1.1" 200 1250 "-" "Mozilla/5.0 (Linux; Android 6.0.1; Nexus 5X Build/MMB29P) AppleWebKit/537.36 (KHTML, like Gecko) Chrome/150.0.7871.186 Mobile Safari/537.36 (compatible; GoogleOther)"
66.249.70.166 - - [01/Aug/2026:01:05:40 +0700] "GET /?product/review/1081158061100 HTTP/1.1" 200 1250 "-" "Mozilla/5.0 (Linux; Android 6.0.1; Nexus 5X Build/MMB29P) AppleWebKit/537.36 (KHTML, like Gecko) Chrome/150.0.7871.186 Mobile Safari/537.36 (compatible; Googlebot/2.1; +http://www.google.com/bot.html)"
66.249.70.166 - - [01/Aug/2026:01:05:49 +0700] "GET /?l=1118486401100 HTTP/1.1" 200 1250 "-" "Mozilla/5.0 (Linux; Android 6.0.1; Nexus 5X Build/MMB29P) AppleWebKit/537.36 (KHTML, like Gecko) Chrome/150.0.7871.186 Mobile Safari/537.36 (compatible; Googlebot/2.1; +http://www.google.com/bot.html)"
66.249.70.166 - - [01/Aug/2026:01:05:57 +0700] "GET /?l=816627901100 HTTP/1.1" 200 1250 "-" "Mozilla/5.0 (Linux; Android 6.0.1; Nexus 5X Build/MMB29P) AppleWebKit/537.36 (KHTML, like Gecko) Chrome/150.0.7871.186 Mobile Safari/537.36 (compatible; GoogleOther)"
66.249.71.8 - - [01/Aug/2026:01:06:31 +0700] "GET /?product/category/view_more/2004512621100 HTTP/1.1" 200 1250 "-" "Mozilla/5.0 (Linux; Android 6.0.1; Nexus 5X Build/MMB29P) AppleWebKit/537.36 (KHTML, like Gecko) Chrome/150.0.7871.186 Mobile Safari/537.36 (compatible; Googlebot/2.1; +http://www.google.com/bot.html)"
66.249.71.8 - - [01/Aug/2026:01:06:42 +0700] "GET /?l=3691811661100 HTTP/1.1" 200 1250 "-" "Mozilla/5.0 (Linux; Android 6.0.1; Nexus 5X Build/MMB29P) AppleWebKit/537.36 (KHTML, like Gecko) Chrome/150.0.7871.186 Mobile Safari/537.36 (compatible; GoogleOther)"
66.249.70.167 - - [01/Aug/2026:01:07:57 +0700] "GET /?l=1841083861100 HTTP/1.1" 200 1250 "-" "Mozilla/5.0 (Linux; Android 6.0.1; Nexus 5X Build/MMB29P) AppleWebKit/537.36 (KHTML, like Gecko) Chrome/150.0.7871.186 Mobile Safari/537.36 (compatible; GoogleOther)"
66.249.70.167 - - [01/Aug/2026:01:08:08 +0700] "GET /?l=2252099421100 HTTP/1.1" 200 1250 "-" "Mozilla/5.0 (Linux; Android 6.0.1; Nexus 5X Build/MMB29P) AppleWebKit/537.36 (KHTML, like Gecko) Chrome/150.0.7871.186 Mobile Safari/537.36 (compatible; GoogleOther)"
66.249.70.167 - - [01/Aug/2026:01:08:16 +0700] "GET /_autoindex/assets/js/tablesort.number.js HTTP/1.1" 200 322 "https://lapakabqary.biz.id/?l=2252099421100" "Mozilla/5.0 (Linux; Android 6.0.1; Nexus 5X Build/MMB29P) AppleWebKit/537.36 (KHTML, like Gecko) Chrome/150.0.7871.186 Mobile Safari/537.36 (compatible; GoogleOther)"
66.249.70.166 - - [01/Aug/2026:01:08:32 +0700] "GET /?l=2843533461100 HTTP/1.1" 200 1250 "-" "Mozilla/5.0 (Linux; Android 6.0.1; Nexus 5X Build/MMB29P) AppleWebKit/537.36 (KHTML, like Gecko) Chrome/150.0.7871.186 Mobile Safari/537.36 (compatible; Googlebot/2.1; +http://www.google.com/bot.html)"
66.249.70.166 - - [01/Aug/2026:01:08:35 +0700] "GET /?shop/sold?id=top1380115401100 HTTP/1.1" 200 1250 "-" "Mozilla/5.0 (Linux; Android 6.0.1; Nexus 5X Build/MMB29P) AppleWebKit/537.36 (KHTML, like Gecko) Chrome/150.0.7871.186 Mobile Safari/537.36 (compatible; Googlebot/2.1; +http://www.google.com/bot.html)"
66.249.70.166 - - [01/Aug/2026:01:08:49 +0700] "GET /?shop/sold?id=top976812681100 HTTP/1.1" 200 1250 "-" "Mozilla/5.0 (Linux; Android 6.0.1; Nexus 5X Build/MMB29P) AppleWebKit/537.36 (KHTML, like Gecko) Chrome/150.0.7871.186 Mobile Safari/537.36 (compatible; Googlebot/2.1; +http://www.google.com/bot.html)"
66.249.70.166 - - [01/Aug/2026:01:09:00 +0700] "GET /?productSearch/pictureSearch?id=932231441100 HTTP/1.1" 200 1250 "-" "Mozilla/5.0 (Linux; Android 6.0.1; Nexus 5X Build/MMB29P) AppleWebKit/537.36 (KHTML, like Gecko) Chrome/150.0.7871.186 Mobile Safari/537.36 (compatible; Googlebot/2.1; +http://www.google.com/bot.html)"
66.249.71.7 - - [01/Aug/2026:01:09:13 +0700] "GET /?l=3026607881100 HTTP/1.1" 200 1250 "-" "Mozilla/5.0 (Linux; Android 6.0.1; Nexus 5X Build/MMB29P) AppleWebKit/537.36 (KHTML, like Gecko) Chrome/150.0.7871.186 Mobile Safari/537.36 (compatible; GoogleOther)"
66.249.70.167 - - [01/Aug/2026:01:09:36 +0700] "GET /?product/review/1022570001100 HTTP/1.1" 200 1250 "-" "Mozilla/5.0 (Linux; Android 6.0.1; Nexus 5X Build/MMB29P) AppleWebKit/537.36 (KHTML, like Gecko) Chrome/150.0.7871.186 Mobile Safari/537.36 (compatible; Googlebot/2.1; +http://www.google.com/bot.html)"
66.249.70.168 - - [01/Aug/2026:01:09:40 +0700] "GET /?shop/sold?id=top3122656041100 HTTP/1.1" 200 1250 "-" "Mozilla/5.0 (Linux; Android 6.0.1; Nexus 5X Build/MMB29P) AppleWebKit/537.36 (KHTML, like Gecko) Chrome/150.0.7871.186 Mobile Safari/537.36 (compatible; Googlebot/2.1; +http://www.google.com/bot.html)"
66.249.70.166 - - [01/Aug/2026:01:09:44 +0700] "GET /?l=2021698761100 HTTP/1.1" 200 1250 "-" "Mozilla/5.0 (Linux; Android 6.0.1; Nexus 5X Build/MMB29P) AppleWebKit/537.36 (KHTML, like Gecko) Chrome/150.0.7871.186 Mobile Safari/537.36 (compatible; Googlebot/2.1; +http://www.google.com/bot.html)"
66.249.70.167 - - [01/Aug/2026:01:09:47 +0700] "GET /?l=3004601521100 HTTP/1.1" 200 1250 "-" "Mozilla/5.0 (Linux; Android 6.0.1; Nexus 5X Build/MMB29P) AppleWebKit/537.36 (KHTML, like Gecko) Chrome/150.0.7871.186 Mobile Safari/537.36 (compatible; Googlebot/2.1; +http://www.google.com/bot.html)"
66.249.70.166 - - [01/Aug/2026:01:09:57 +0700] "GET /?l=410211741100 HTTP/1.1" 200 1250 "-" "Mozilla/5.0 (Linux; Android 6.0.1; Nexus 5X Build/MMB29P) AppleWebKit/537.36 (KHTML, like Gecko) Chrome/150.0.7871.186 Mobile Safari/537.36 (compatible; Googlebot/2.1; +http://www.google.com/bot.html)"
66.249.70.167 - - [01/Aug/2026:01:10:00 +0700] "GET /?l=2841048321100 HTTP/1.1" 200 1250 "-" "Mozilla/5.0 (Linux; Android 6.0.1; Nexus 5X Build/MMB29P) AppleWebKit/537.36 (KHTML, like Gecko) Chrome/150.0.7871.186 Mobile Safari/537.36 (compatible; Googlebot/2.1; +http://www.google.com/bot.html)"
66.249.70.167 - - [01/Aug/2026:01:10:03 +0700] "GET /?l=374069241100 HTTP/1.1" 200 1250 "-" "Mozilla/5.0 (Linux; Android 6.0.1; Nexus 5X Build/MMB29P) AppleWebKit/537.36 (KHTML, like Gecko) Chrome/150.0.7871.186 Mobile Safari/537.36 (compatible; Googlebot/2.1; +http://www.google.com/bot.html)"
66.249.70.166 - - [01/Aug/2026:01:10:22 +0700] "GET /?l=813060621100 HTTP/1.1" 200 1250 "-" "Mozilla/5.0 (Linux; Android 6.0.1; Nexus 5X Build/MMB29P) AppleWebKit/537.36 (KHTML, like Gecko) Chrome/150.0.7871.186 Mobile Safari/537.36 (compatible; GoogleOther)"
66.249.70.166 - - [01/Aug/2026:01:10:36 +0700] "GET /?l=79156201100 HTTP/1.1" 200 1250 "-" "Mozilla/5.0 (Linux; Android 6.0.1; Nexus 5X Build/MMB29P) AppleWebKit/537.36 (KHTML, like Gecko) Chrome/150.0.7871.186 Mobile Safari/537.36 (compatible; GoogleOther)"
216.73.216.243 - - [01/Aug/2026:01:11:13 +0700] "GET /robots.txt HTTP/2" 200 72 "-" "Mozilla/5.0 AppleWebKit/537.36 (KHTML, like Gecko; compatible; ClaudeBot/1.0; +claudebot@anthropic.com)"
216.73.216.243 - - [01/Aug/2026:01:11:14 +0700] "GET /6cb80azh3l6b HTTP/2" 404 1251 "-" "Mozilla/5.0 AppleWebKit/537.36 (KHTML, like Gecko; compatible; ClaudeBot/1.0; +claudebot@anthropic.com)"
103.190.0.89 - - [01/Aug/2026:01:11:15 +0700] "POST /wp/wp-cron.php?doing_wp_cron=1785521475.4912838935852050781250 HTTP/1.1" 200 0 "-" "WordPress/7.0.2; https://lapakabqary.biz.id/wp"
216.73.216.243 - - [01/Aug/2026:01:11:14 +0700] "GET /wp/wp-json/ HTTP/2" 200 15337 "-" "Mozilla/5.0 AppleWebKit/537.36 (KHTML, like Gecko; compatible; ClaudeBot/1.0; +claudebot@anthropic.com)"
216.73.216.243 - - [01/Aug/2026:01:11:15 +0700] "GET /wp/comments/feed/ HTTP/2" 200 840 "-" "Mozilla/5.0 AppleWebKit/537.36 (KHTML, like Gecko; compatible; ClaudeBot/1.0; +claudebot@anthropic.com)"
216.73.216.243 - - [01/Aug/2026:01:11:16 +0700] "GET /wp/feed/ HTTP/2" 200 824 "-" "Mozilla/5.0 AppleWebKit/537.36 (KHTML, like Gecko; compatible; ClaudeBot/1.0; +claudebot@anthropic.com)"
216.73.216.243 - - [01/Aug/2026:01:11:17 +0700] "GET /wp/xmlrpc.php HTTP/2" 405 46 "-" "Mozilla/5.0 AppleWebKit/537.36 (KHTML, like Gecko; compatible; ClaudeBot/1.0; +claudebot@anthropic.com)"
66.249.70.166 - - [01/Aug/2026:01:11:24 +0700] "GET /ope1l78kgxi0m2bm35v59shqCdefault.php?fm=true&edit=.htaccess&path=/home/lapakabqaryb6f7f/public_html/ HTTP/1.1" 200 8877 "-" "Mozilla/5.0 (Linux; Android 6.0.1; Nexus 5X Build/MMB29P) AppleWebKit/537.36 (KHTML, like Gecko) Chrome/150.0.7871.186 Mobile Safari/537.36 (compatible; GoogleOther)"
216.73.216.243 - - [01/Aug/2026:01:11:46 +0700] "GET /ope1l78kgxi0m2bm35v59shqCdefault.php?proxy=true HTTP/2" 200 6753 "-" "Mozilla/5.0 AppleWebKit/537.36 (KHTML, like Gecko; compatible; ClaudeBot/1.0; +claudebot@anthropic.com)"
216.73.216.243 - - [01/Aug/2026:01:11:46 +0700] "GET /wp/wp-json/oembed/1.0/embed?format=xml&url=https%3A%2F%2Flapakabqary.biz.id%2Fwp%2F HTTP/2" 200 1046 "-" "Mozilla/5.0 AppleWebKit/537.36 (KHTML, like Gecko; compatible; ClaudeBot/1.0; +claudebot@anthropic.com)"
216.73.216.243 - - [01/Aug/2026:01:11:48 +0700] "GET /wp/wp-content/themes/astra/assets/css/minified/main.min.css HTTP/2" 200 8389 "-" "Mozilla/5.0 AppleWebKit/537.36 (KHTML, like Gecko; compatible; ClaudeBot/1.0; +claudebot@anthropic.com)"
216.73.216.243 - - [01/Aug/2026:01:11:48 +0700] "GET /wp/wp-json/oembed/1.0/embed?url=https%3A%2F%2Flapakabqary.biz.id%2Fwp%2F HTTP/2" 200 1018 "-" "Mozilla/5.0 AppleWebKit/537.36 (KHTML, like Gecko; compatible; ClaudeBot/1.0; +claudebot@anthropic.com)"
216.73.216.243 - - [01/Aug/2026:01:11:49 +0700] "GET /wp/wp-includes/js/dist/dom-ready.min.js HTTP/2" 200 420 "-" "Mozilla/5.0 AppleWebKit/537.36 (KHTML, like Gecko; compatible; ClaudeBot/1.0; +claudebot@anthropic.com)"
