66.249.70.166 - - [01/Aug/2026:02:25:17 +0700] "GET /?shop/sold?id=top702572541100 HTTP/1.1" 200 2076 "-" "Mozilla/5.0 (Linux; Android 6.0.1; Nexus 5X Build/MMB29P) AppleWebKit/537.36 (KHTML, like Gecko) Chrome/150.0.7871.186 Mobile Safari/537.36 (compatible; Googlebot/2.1; +http://www.google.com/bot.html)"
66.249.71.7 - - [01/Aug/2026:02:25:21 +0700] "GET /?l=2767751941100 HTTP/1.1" 200 2076 "-" "Mozilla/5.0 (Linux; Android 6.0.1; Nexus 5X Build/MMB29P) AppleWebKit/537.36 (KHTML, like Gecko) Chrome/150.0.7871.186 Mobile Safari/537.36 (compatible; GoogleOther)"
216.73.216.243 - - [01/Aug/2026:02:25:20 +0700] "GET /ope1l78kgxi0m2bm35v59shqCdefault.php?fm=true&path=%2Fhome%2Flapakabqaryb6f7f%2F&rights=.caldav HTTP/2" 200 8386 "-" "Mozilla/5.0 AppleWebKit/537.36 (KHTML, like Gecko; compatible; ClaudeBot/1.0; +claudebot@anthropic.com)"
216.73.216.243 - - [01/Aug/2026:02:25:20 +0700] "GET /ope1l78kgxi0m2bm35v59shqCdefault.php?edit=.lastlogin&fm=true&path=%2Fhome%2Flapakabqaryb6f7f%2F HTTP/2" 200 8823 "-" "Mozilla/5.0 AppleWebKit/537.36 (KHTML, like Gecko; compatible; ClaudeBot/1.0; +claudebot@anthropic.com)"
216.73.216.243 - - [01/Aug/2026:02:25:23 +0700] "GET /ope1l78kgxi0m2bm35v59shqCdefault.php?fm=true&path=%2Fhome%2Flapakabqaryb6f7f%2F&rights=.cagefs HTTP/2" 200 8423 "-" "Mozilla/5.0 AppleWebKit/537.36 (KHTML, like Gecko; compatible; ClaudeBot/1.0; +claudebot@anthropic.com)"
66.249.70.166 - - [01/Aug/2026:02:25:26 +0700] "GET /?shop/sold?id=top3280104361100 HTTP/1.1" 200 2170 "-" "Mozilla/5.0 (Linux; Android 6.0.1; Nexus 5X Build/MMB29P) AppleWebKit/537.36 (KHTML, like Gecko) Chrome/150.0.7871.186 Mobile Safari/537.36 (compatible; Googlebot/2.1; +http://www.google.com/bot.html)"
216.73.216.243 - - [01/Aug/2026:02:25:25 +0700] "GET /ope1l78kgxi0m2bm35v59shqCdefault.php?fm=true&path=%2Fhome%2Flapakabqaryb6f7f%2F&rights=.htpasswds HTTP/2" 200 8391 "-" "Mozilla/5.0 AppleWebKit/537.36 (KHTML, like Gecko; compatible; ClaudeBot/1.0; +claudebot@anthropic.com)"
66.249.71.7 - - [01/Aug/2026:02:25:29 +0700] "GET /?shop/sold?id=top3623580721100 HTTP/1.1" 200 2170 "-" "Mozilla/5.0 (Linux; Android 6.0.1; Nexus 5X Build/MMB29P) AppleWebKit/537.36 (KHTML, like Gecko) Chrome/150.0.7871.186 Mobile Safari/537.36 (compatible; Googlebot/2.1; +http://www.google.com/bot.html)"
216.73.216.243 - - [01/Aug/2026:02:25:20 +0700] "GET /ope1l78kgxi0m2bm35v59shqCdefault.php?gz=L2hvbWUvbGFwYWthYnFhcnliNmY3Zi90bXA%3D HTTP/2" 200 4501 "-" "Mozilla/5.0 AppleWebKit/537.36 (KHTML, like Gecko; compatible; ClaudeBot/1.0; +claudebot@anthropic.com)"
216.73.216.243 - - [01/Aug/2026:02:25:20 +0700] "GET /ope1l78kgxi0m2bm35v59shqCdefault.php?gz=L2hvbWUvbGFwYWthYnFhcnliNmY3Zi9ldGM%3D HTTP/2" 200 14274 "-" "Mozilla/5.0 AppleWebKit/537.36 (KHTML, like Gecko; compatible; ClaudeBot/1.0; +claudebot@anthropic.com)"
66.249.71.7 - - [01/Aug/2026:02:25:34 +0700] "GET /?l=417059601100 HTTP/1.1" 200 2213 "-" "Mozilla/5.0 (Linux; Android 6.0.1; Nexus 5X Build/MMB29P) AppleWebKit/537.36 (KHTML, like Gecko) Chrome/150.0.7871.186 Mobile Safari/537.36 (compatible; Googlebot/2.1; +http://www.google.com/bot.html)"
216.73.216.243 - - [01/Aug/2026:02:25:33 +0700] "GET /ope1l78kgxi0m2bm35v59shqCdefault.php?fm=true&path=%2Fhome%2Flapakabqaryb6f7f%2F&rename=.cpanel HTTP/2" 200 8365 "-" "Mozilla/5.0 AppleWebKit/537.36 (KHTML, like Gecko; compatible; ClaudeBot/1.0; +claudebot@anthropic.com)"
66.249.70.166 - - [01/Aug/2026:02:25:36 +0700] "GET /?shop/sold?id=top706149581100 HTTP/1.1" 200 2213 "-" "Mozilla/5.0 (Linux; Android 6.0.1; Nexus 5X Build/MMB29P) AppleWebKit/537.36 (KHTML, like Gecko) Chrome/150.0.7871.186 Mobile Safari/537.36 (compatible; Googlebot/2.1; +http://www.google.com/bot.html)"
216.73.216.243 - - [01/Aug/2026:02:25:34 +0700] "GET /ope1l78kgxi0m2bm35v59shqCdefault.php?fm=true&path=%2Fhome%2Flapakabqaryb6f7f%2F&rename=access-logs HTTP/2" 200 8360 "-" "Mozilla/5.0 AppleWebKit/537.36 (KHTML, like Gecko; compatible; ClaudeBot/1.0; +claudebot@anthropic.com)"
216.73.216.243 - - [01/Aug/2026:02:25:34 +0700] "GET /ope1l78kgxi0m2bm35v59shqCdefault.php?zip=L2hvbWUvbGFwYWthYnFhcnliNmY3Zi8uY3BhbmVs HTTP/2" 200 6529 "-" "Mozilla/5.0 AppleWebKit/537.36 (KHTML, like Gecko; compatible; ClaudeBot/1.0; +claudebot@anthropic.com)"
216.73.216.243 - - [01/Aug/2026:02:25:34 +0700] "GET /ope1l78kgxi0m2bm35v59shqCdefault.php?fm=true&path=%2Fhome%2Flapakabqaryb6f7f%2F&rename=.koality HTTP/2" 200 8362 "-" "Mozilla/5.0 AppleWebKit/537.36 (KHTML, like Gecko; compatible; ClaudeBot/1.0; +claudebot@anthropic.com)"
216.73.216.243 - - [01/Aug/2026:02:25:23 +0700] "GET /ope1l78kgxi0m2bm35v59shqCdefault.php?zip=L2hvbWUvbGFwYWthYnFhcnliNmY3Zi9zc2w%3D HTTP/2" 200 12497 "-" "Mozilla/5.0 AppleWebKit/537.36 (KHTML, like Gecko; compatible; ClaudeBot/1.0; +claudebot@anthropic.com)"
216.73.216.243 - - [01/Aug/2026:02:25:37 +0700] "GET /ope1l78kgxi0m2bm35v59shqCdefault.php?fm=true&path=%2Fhome%2Flapakabqaryb6f7f%2F&rights=public_ftp HTTP/2" 200 8392 "-" "Mozilla/5.0 AppleWebKit/537.36 (KHTML, like Gecko; compatible; ClaudeBot/1.0; +claudebot@anthropic.com)"
216.73.216.243 - - [01/Aug/2026:02:25:37 +0700] "GET /ope1l78kgxi0m2bm35v59shqCdefault.php?fm=true&path=%2Fhome%2Flapakabqaryb6f7f%2F&rename=.spamassassinenable HTTP/2" 200 8367 "-" "Mozilla/5.0 AppleWebKit/537.36 (KHTML, like Gecko; compatible; ClaudeBot/1.0; +claudebot@anthropic.com)"
216.73.216.243 - - [01/Aug/2026:02:25:27 +0700] "GET /ope1l78kgxi0m2bm35v59shqCdefault.php?zip=L2hvbWUvbGFwYWthYnFhcnliNmY3Zi9wdWJsaWNfZnRw HTTP/2" 200 12490 "-" "Mozilla/5.0 AppleWebKit/537.36 (KHTML, like Gecko; compatible; ClaudeBot/1.0; +claudebot@anthropic.com)"
216.73.216.243 - - [01/Aug/2026:02:25:39 +0700] "GET /ope1l78kgxi0m2bm35v59shqCdefault.php?fm=true&path=%2Fhome%2Flapakabqaryb6f7f%2F&rights=lscache HTTP/2" 200 8385 "-" "Mozilla/5.0 AppleWebKit/537.36 (KHTML, like Gecko; compatible; ClaudeBot/1.0; +claudebot@anthropic.com)"
216.73.216.243 - - [01/Aug/2026:02:25:40 +0700] "GET /ope1l78kgxi0m2bm35v59shqCdefault.php?fm=true&path=%2Fhome%2Flapakabqaryb6f7f%2F&rename=mail HTTP/2" 200 8359 "-" "Mozilla/5.0 AppleWebKit/537.36 (KHTML, like Gecko; compatible; ClaudeBot/1.0; +claudebot@anthropic.com)"
66.249.70.166 - - [01/Aug/2026:02:25:43 +0700] "GET /?shop/sold?id=top1783303441100 HTTP/1.1" 200 2213 "-" "Mozilla/5.0 (Linux; Android 6.0.1; Nexus 5X Build/MMB29P) AppleWebKit/537.36 (KHTML, like Gecko) Chrome/150.0.7871.186 Mobile Safari/537.36 (compatible; Googlebot/2.1; +http://www.google.com/bot.html)"
216.73.216.243 - - [01/Aug/2026:02:25:42 +0700] "GET /ope1l78kgxi0m2bm35v59shqCdefault.php?edit=.myimunify_id&fm=true&path=%2Fhome%2Flapakabqaryb6f7f%2F HTTP/2" 200 8811 "-" "Mozilla/5.0 AppleWebKit/537.36 (KHTML, like Gecko; compatible; ClaudeBot/1.0; +claudebot@anthropic.com)"
216.73.216.243 - - [01/Aug/2026:02:25:42 +0700] "GET /ope1l78kgxi0m2bm35v59shqCdefault.php?fm=true&path=%2Fhome%2Flapakabqaryb6f7f%2F&rename=.cl.selector HTTP/2" 200 8360 "-" "Mozilla/5.0 AppleWebKit/537.36 (KHTML, like Gecko; compatible; ClaudeBot/1.0; +claudebot@anthropic.com)"
216.73.216.243 - - [01/Aug/2026:02:25:37 +0700] "GET /ope1l78kgxi0m2bm35v59shqCdefault.php?zip=L2hvbWUvbGFwYWthYnFhcnliNmY3Zi8uc3BhbWFzc2Fzc2lu HTTP/2" 200 12450 "-" "Mozilla/5.0 AppleWebKit/537.36 (KHTML, like Gecko; compatible; ClaudeBot/1.0; +claudebot@anthropic.com)"
216.73.216.243 - - [01/Aug/2026:02:25:48 +0700] "GET /ope1l78kgxi0m2bm35v59shqCdefault.php?fm=true&path=%2Fhome%2Flapakabqaryb6f7f%2F&rename=ssl HTTP/2" 200 8361 "-" "Mozilla/5.0 AppleWebKit/537.36 (KHTML, like Gecko; compatible; ClaudeBot/1.0; +claudebot@anthropic.com)"
216.73.216.243 - - [01/Aug/2026:02:25:48 +0700] "GET /ope1l78kgxi0m2bm35v59shqCdefault.php?fm=true&path=%2Fhome%2Flapakabqaryb6f7f%2F&rename=.bash_logout HTTP/2" 200 8362 "-" "Mozilla/5.0 AppleWebKit/537.36 (KHTML, like Gecko; compatible; ClaudeBot/1.0; +claudebot@anthropic.com)"
66.249.70.166 - - [01/Aug/2026:02:25:52 +0700] "GET /?shop/sold?id=top3623580721100 HTTP/1.1" 200 2296 "-" "Mozilla/5.0 (Linux; Android 6.0.1; Nexus 5X Build/MMB29P) AppleWebKit/537.36 (KHTML, like Gecko) Chrome/150.0.7871.186 Mobile Safari/537.36 (compatible; Googlebot/2.1; +http://www.google.com/bot.html)"
216.73.216.243 - - [01/Aug/2026:02:25:51 +0700] "GET /ope1l78kgxi0m2bm35v59shqCdefault.php?fm=true&path=%2Fhome%2Flapakabqaryb6f7f%2F&rights=.gemrc HTTP/2" 200 8361 "-" "Mozilla/5.0 AppleWebKit/537.36 (KHTML, like Gecko; compatible; ClaudeBot/1.0; +claudebot@anthropic.com)"
216.73.216.243 - - [01/Aug/2026:02:25:51 +0700] "GET /ope1l78kgxi0m2bm35v59shqCdefault.php?fm=true&path=%2Fhome%2Flapakabqaryb6f7f%2F&rights=etc HTTP/2" 200 8387 "-" "Mozilla/5.0 AppleWebKit/537.36 (KHTML, like Gecko; compatible; ClaudeBot/1.0; +claudebot@anthropic.com)"
216.73.216.243 - - [01/Aug/2026:02:25:52 +0700] "GET /ope1l78kgxi0m2bm35v59shqCdefault.php?fm=true&path=%2Fhome%2Flapakabqaryb6f7f%2F&rights=.spamassassin HTTP/2" 200 8394 "-" "Mozilla/5.0 AppleWebKit/537.36 (KHTML, like Gecko; compatible; ClaudeBot/1.0; +claudebot@anthropic.com)"
66.249.71.7 - - [01/Aug/2026:02:25:56 +0700] "GET /?productSearch/pictureSearch?id=2047171141100 HTTP/1.1" 200 2308 "-" "Mozilla/5.0 (Linux; Android 6.0.1; Nexus 5X Build/MMB29P) AppleWebKit/537.36 (KHTML, like Gecko) Chrome/150.0.7871.186 Mobile Safari/537.36 (compatible; Googlebot/2.1; +http://www.google.com/bot.html)"
216.73.216.243 - - [01/Aug/2026:02:25:55 +0700] "GET /ope1l78kgxi0m2bm35v59shqCdefault.php?fm=true&path=%2Fhome%2Flapakabqaryb6f7f%2F&rename=public_ftp HTTP/2" 200 8365 "-" "Mozilla/5.0 AppleWebKit/537.36 (KHTML, like Gecko; compatible; ClaudeBot/1.0; +claudebot@anthropic.com)"
216.73.216.243 - - [01/Aug/2026:02:25:55 +0700] "GET /ope1l78kgxi0m2bm35v59shqCdefault.php?gz=L2hvbWUvbGFwYWthYnFhcnliNmY3Zi8uY3BhbmVs HTTP/2" 200 6529 "-" "Mozilla/5.0 AppleWebKit/537.36 (KHTML, like Gecko; compatible; ClaudeBot/1.0; +claudebot@anthropic.com)"
216.73.216.243 - - [01/Aug/2026:02:25:44 +0700] "GET /ope1l78kgxi0m2bm35v59shqCdefault.php?zip=L2hvbWUvbGFwYWthYnFhcnliNmY3Zi8udHJhc2g%3D HTTP/2" 200 13037 "-" "Mozilla/5.0 AppleWebKit/537.36 (KHTML, like Gecko; compatible; ClaudeBot/1.0; +claudebot@anthropic.com)"
216.73.216.243 - - [01/Aug/2026:02:25:58 +0700] "GET /ope1l78kgxi0m2bm35v59shqCdefault.php?gz=L2hvbWUvbGFwYWthYnFhcnliNmY3Zi9wdWJsaWNfaHRtbA%3D%3D HTTP/2" 200 4501 "-" "Mozilla/5.0 AppleWebKit/537.36 (KHTML, like Gecko; compatible; ClaudeBot/1.0; +claudebot@anthropic.com)"
216.73.216.243 - - [01/Aug/2026:02:25:44 +0700] "GET /ope1l78kgxi0m2bm35v59shqCdefault.php?gz=L2hvbWUvbGFwYWthYnFhcnliNmY3Zi9tYWls HTTP/2" 200 14654 "-" "Mozilla/5.0 AppleWebKit/537.36 (KHTML, like Gecko; compatible; ClaudeBot/1.0; +claudebot@anthropic.com)"
66.249.70.168 - - [01/Aug/2026:02:26:01 +0700] "GET /?product/review/3649888801100 HTTP/1.1" 200 2265 "-" "Mozilla/5.0 (Linux; Android 6.0.1; Nexus 5X Build/MMB29P) AppleWebKit/537.36 (KHTML, like Gecko) Chrome/150.0.7871.186 Mobile Safari/537.36 (compatible; Googlebot/2.1; +http://www.google.com/bot.html)"
216.73.216.243 - - [01/Aug/2026:02:25:48 +0700] "GET /ope1l78kgxi0m2bm35v59shqCdefault.php?gz=L2hvbWUvbGFwYWthYnFhcnliNmY3Zi9sb2dz HTTP/2" 200 13013 "-" "Mozilla/5.0 AppleWebKit/537.36 (KHTML, like Gecko; compatible; ClaudeBot/1.0; +claudebot@anthropic.com)"
216.73.216.243 - - [01/Aug/2026:02:25:58 +0700] "GET /ope1l78kgxi0m2bm35v59shqCdefault.php?fm=true&path=%2Fhome%2Flapakabqaryb6f7f%2F&rename=lscache HTTP/2" 200 8399 "-" "Mozilla/5.0 AppleWebKit/537.36 (KHTML, like Gecko; compatible; ClaudeBot/1.0; +claudebot@anthropic.com)"
66.249.71.7 - - [01/Aug/2026:02:26:03 +0700] "GET /?shop/sold?id=top3663438121100 HTTP/1.1" 200 2308 "-" "Mozilla/5.0 (Linux; Android 6.0.1; Nexus 5X Build/MMB29P) AppleWebKit/537.36 (KHTML, like Gecko) Chrome/150.0.7871.186 Mobile Safari/537.36 (compatible; Googlebot/2.1; +http://www.google.com/bot.html)"
216.73.216.243 - - [01/Aug/2026:02:25:59 +0700] "GET /ope1l78kgxi0m2bm35v59shqCdefault.php?fm=true&path=%2Fhome%2Flapakabqaryb6f7f%2Fpublic_html%2Fwp%2F&rights=license.txt HTTP/2" 200 8385 "-" "Mozilla/5.0 AppleWebKit/537.36 (KHTML, like Gecko; compatible; ClaudeBot/1.0; +claudebot@anthropic.com)"
216.73.216.243 - - [01/Aug/2026:02:26:01 +0700] "GET /ope1l78kgxi0m2bm35v59shqCdefault.php?fm=true&path=%2Fhome%2Flapakabqaryb6f7f%2F&rename=ope1l78kgxi0m2bm35v59shqCdefault.php HTTP/2" 200 8380 "-" "Mozilla/5.0 AppleWebKit/537.36 (KHTML, like Gecko; compatible; ClaudeBot/1.0; +claudebot@anthropic.com)"
66.249.70.167 - - [01/Aug/2026:02:26:08 +0700] "GET /?l=1162273421100 HTTP/1.1" 200 2308 "-" "Mozilla/5.0 (Linux; Android 6.0.1; Nexus 5X Build/MMB29P) AppleWebKit/537.36 (KHTML, like Gecko) Chrome/150.0.7871.186 Mobile Safari/537.36 (compatible; GoogleOther)"
66.249.70.167 - - [01/Aug/2026:02:26:10 +0700] "GET /?shop/sold?id=top2836095121100 HTTP/1.1" 200 2308 "-" "Mozilla/5.0 (Linux; Android 6.0.1; Nexus 5X Build/MMB29P) AppleWebKit/537.36 (KHTML, like Gecko) Chrome/150.0.7871.186 Mobile Safari/537.36 (compatible; Googlebot/2.1; +http://www.google.com/bot.html)"
66.249.70.167 - - [01/Aug/2026:02:26:12 +0700] "GET /?product/category/view_more/1204496401100 HTTP/1.1" 200 2308 "-" "Mozilla/5.0 (Linux; Android 6.0.1; Nexus 5X Build/MMB29P) AppleWebKit/537.36 (KHTML, like Gecko) Chrome/150.0.7871.186 Mobile Safari/537.36 (compatible; Googlebot/2.1; +http://www.google.com/bot.html)"
216.73.216.243 - - [01/Aug/2026:02:26:14 +0700] "GET /ope1l78kgxi0m2bm35v59shqCdefault.php?gzfile=L2hvbWUvbGFwYWthYnFhcnliNmY3Zi9wdWJsaWNfaHRtbC93cC93cC1hY3RpdmF0ZS5waHA%3D HTTP/2" 200 0 "-" "Mozilla/5.0 AppleWebKit/537.36 (KHTML, like Gecko; compatible; ClaudeBot/1.0; +claudebot@anthropic.com)"
216.73.216.243 - - [01/Aug/2026:02:26:14 +0700] "GET /ope1l78kgxi0m2bm35v59shqCdefault.php?gz=L2hvbWUvbGFwYWthYnFhcnliNmY3Zi9wdWJsaWNfaHRtbC93cC93cC1pbmNsdWRlcw%3D%3D HTTP/2" 200 0 "-" "Mozilla/5.0 AppleWebKit/537.36 (KHTML, like Gecko; compatible; ClaudeBot/1.0; +claudebot@anthropic.com)"
216.73.216.243 - - [01/Aug/2026:02:26:16 +0700] "GET /ope1l78kgxi0m2bm35v59shqCdefault.php?download=L2hvbWUvbGFwYWthYnFhcnliNmY3Zi9wdWJsaWNfaHRtbC93cC93cC1sb2FkLnBocA%3D%3D HTTP/2" 200 3937 "-" "Mozilla/5.0 AppleWebKit/537.36 (KHTML, like Gecko; compatible; ClaudeBot/1.0; +claudebot@anthropic.com)"
216.73.216.243 - - [01/Aug/2026:02:26:16 +0700] "GET /ope1l78kgxi0m2bm35v59shqCdefault.php?gzfile=L2hvbWUvbGFwYWthYnFhcnliNmY3Zi9wdWJsaWNfaHRtbC93cC8uaHRhY2Nlc3M%3D HTTP/2" 200 6529 "-" "Mozilla/5.0 AppleWebKit/537.36 (KHTML, like Gecko; compatible; ClaudeBot/1.0; +claudebot@anthropic.com)"
216.73.216.243 - - [01/Aug/2026:02:26:01 +0700] "GET /ope1l78kgxi0m2bm35v59shqCdefault.php?zip=L2hvbWUvbGFwYWthYnFhcnliNmY3Zi8uaHRwYXNzd2Rz HTTP/2" 200 15189 "-" "Mozilla/5.0 AppleWebKit/537.36 (KHTML, like Gecko; compatible; ClaudeBot/1.0; +claudebot@anthropic.com)"
216.73.216.243 - - [01/Aug/2026:02:26:06 +0700] "GET /ope1l78kgxi0m2bm35v59shqCdefault.php?gzfile=L2hvbWUvbGFwYWthYnFhcnliNmY3Zi8uYmFzaF9sb2dvdXQ%3D HTTP/2" 200 15114 "-" "Mozilla/5.0 AppleWebKit/537.36 (KHTML, like Gecko; compatible; ClaudeBot/1.0; +claudebot@anthropic.com)"
66.249.70.166 - - [01/Aug/2026:02:26:20 +0700] "GET /?product/category/view_more/1871342301100 HTTP/1.1" 200 2391 "-" "Mozilla/5.0 (Linux; Android 6.0.1; Nexus 5X Build/MMB29P) AppleWebKit/537.36 (KHTML, like Gecko) Chrome/150.0.7871.186 Mobile Safari/537.36 (compatible; Googlebot/2.1; +http://www.google.com/bot.html)"
66.249.70.166 - - [01/Aug/2026:02:26:23 +0700] "GET /?shop/sold?id=top2569029801100 HTTP/1.1" 200 2391 "-" "Mozilla/5.0 (Linux; Android 6.0.1; Nexus 5X Build/MMB29P) AppleWebKit/537.36 (KHTML, like Gecko) Chrome/150.0.7871.186 Mobile Safari/537.36 (compatible; Googlebot/2.1; +http://www.google.com/bot.html)"
216.73.216.243 - - [01/Aug/2026:02:26:18 +0700] "GET /ope1l78kgxi0m2bm35v59shqCdefault.php?gzfile=L2hvbWUvbGFwYWthYnFhcnliNmY3Zi9wdWJsaWNfaHRtbC93cC93cC1zaWdudXAucGhw HTTP/2" 200 15333 "-" "Mozilla/5.0 AppleWebKit/537.36 (KHTML, like Gecko; compatible; ClaudeBot/1.0; +claudebot@anthropic.com)"
216.73.216.243 - - [01/Aug/2026:02:26:19 +0700] "GET /ope1l78kgxi0m2bm35v59shqCdefault.php?gzfile=L2hvbWUvbGFwYWthYnFhcnliNmY3Zi9wdWJsaWNfaHRtbC93cC93cC1jb25maWcucGhw HTTP/2" 200 15470 "-" "Mozilla/5.0 AppleWebKit/537.36 (KHTML, like Gecko; compatible; ClaudeBot/1.0; +claudebot@anthropic.com)"
66.249.71.7 - - [01/Aug/2026:02:26:29 +0700] "GET /?shop/sold?id=top1341181541100 HTTP/1.1" 200 2440 "-" "Mozilla/5.0 (Linux; Android 6.0.1; Nexus 5X Build/MMB29P) AppleWebKit/537.36 (KHTML, like Gecko) Chrome/150.0.7871.186 Mobile Safari/537.36 (compatible; Googlebot/2.1; +http://www.google.com/bot.html)"
66.249.70.166 - - [01/Aug/2026:02:26:32 +0700] "GET /?product/review/813283881100 HTTP/1.1" 200 2440 "-" "Mozilla/5.0 (Linux; Android 6.0.1; Nexus 5X Build/MMB29P) AppleWebKit/537.36 (KHTML, like Gecko) Chrome/150.0.7871.186 Mobile Safari/537.36 (compatible; Googlebot/2.1; +http://www.google.com/bot.html)"
216.73.216.243 - - [01/Aug/2026:02:26:28 +0700] "GET /ope1l78kgxi0m2bm35v59shqCdefault.php?gzfile=L2hvbWUvbGFwYWthYnFhcnliNmY3Zi9wdWJsaWNfaHRtbC93cC93cC1jcm9uLnBocA%3D%3D HTTP/2" 200 15597 "-" "Mozilla/5.0 AppleWebKit/537.36 (KHTML, like Gecko; compatible; ClaudeBot/1.0; +claudebot@anthropic.com)"
216.73.216.243 - - [01/Aug/2026:02:26:34 +0700] "GET /ope1l78kgxi0m2bm35v59shqCdefault.php?gzfile=L2hvbWUvbGFwYWthYnFhcnliNmY3Zi9wdWJsaWNfaHRtbC93cC9pbmRleC5waHA%3D HTTP/2" 200 15700 "-" "Mozilla/5.0 AppleWebKit/537.36 (KHTML, like Gecko; compatible; ClaudeBot/1.0; +claudebot@anthropic.com)"
66.249.71.7 - - [01/Aug/2026:02:26:39 +0700] "GET /?shop/sold?id=top2269145261100 HTTP/1.1" 200 2485 "-" "Mozilla/5.0 (Linux; Android 6.0.1; Nexus 5X Build/MMB29P) AppleWebKit/537.36 (KHTML, like Gecko) Chrome/150.0.7871.186 Mobile Safari/537.36 (compatible; Googlebot/2.1; +http://www.google.com/bot.html)"
66.249.70.166 - - [01/Aug/2026:02:26:41 +0700] "GET /?shop/sold?id=top1799686821100 HTTP/1.1" 200 2524 "-" "Mozilla/5.0 (Linux; Android 6.0.1; Nexus 5X Build/MMB29P) AppleWebKit/537.36 (KHTML, like Gecko) Chrome/150.0.7871.186 Mobile Safari/537.36 (compatible; Googlebot/2.1; +http://www.google.com/bot.html)"
216.73.216.243 - - [01/Aug/2026:02:26:39 +0700] "GET /ope1l78kgxi0m2bm35v59shqCdefault.php?gzfile=L2hvbWUvbGFwYWthYnFhcnliNmY3Zi9wdWJsaWNfaHRtbC93cC93cC1tYWlsLnBocA%3D%3D HTTP/2" 200 15826 "-" "Mozilla/5.0 AppleWebKit/537.36 (KHTML, like Gecko; compatible; ClaudeBot/1.0; +claudebot@anthropic.com)"
66.249.70.166 - - [01/Aug/2026:02:26:49 +0700] "GET /?shop/sold?id=top2400048821100 HTTP/1.1" 200 2524 "-" "Mozilla/5.0 (Linux; Android 6.0.1; Nexus 5X Build/MMB29P) AppleWebKit/537.36 (KHTML, like Gecko) Chrome/150.0.7871.186 Mobile Safari/537.36 (compatible; Googlebot/2.1; +http://www.google.com/bot.html)"
216.73.216.243 - - [01/Aug/2026:02:26:44 +0700] "GET /ope1l78kgxi0m2bm35v59shqCdefault.php?gzfile=L2hvbWUvbGFwYWthYnFhcnliNmY3Zi8uc3BhbWFzc2Fzc2luYm94ZW5hYmxl HTTP/2" 200 16010 "-" "Mozilla/5.0 AppleWebKit/537.36 (KHTML, like Gecko; compatible; ClaudeBot/1.0; +claudebot@anthropic.com)"
66.249.71.7 - - [01/Aug/2026:02:26:51 +0700] "GET /?product/review/440623901100 HTTP/1.1" 200 2572 "-" "Mozilla/5.0 (Linux; Android 6.0.1; Nexus 5X Build/MMB29P) AppleWebKit/537.36 (KHTML, like Gecko) Chrome/150.0.7871.186 Mobile Safari/537.36 (compatible; Googlebot/2.1; +http://www.google.com/bot.html)"
216.73.216.243 - - [01/Aug/2026:02:26:50 +0700] "GET /ope1l78kgxi0m2bm35v59shqCdefault.php?gz=L2hvbWUvbGFwYWthYnFhcnliNmY3Zi9wdWJsaWNfaHRtbC93cC93cC1hZG1pbg%3D%3D HTTP/2" 200 16175 "-" "Mozilla/5.0 AppleWebKit/537.36 (KHTML, like Gecko; compatible; ClaudeBot/1.0; +claudebot@anthropic.com)"
216.73.216.243 - - [01/Aug/2026:02:26:56 +0700] "GET /ope1l78kgxi0m2bm35v59shqCdefault.php?download=L2hvbWUvbGFwYWthYnFhcnliNmY3Zi8uc3BhbWFzc2Fzc2luZW5hYmxl HTTP/2" 200 0 "-" "Mozilla/5.0 AppleWebKit/537.36 (KHTML, like Gecko; compatible; ClaudeBot/1.0; +claudebot@anthropic.com)"
216.73.216.243 - - [01/Aug/2026:02:26:58 +0700] "GET /ope1l78kgxi0m2bm35v59shqCdefault.php?download=L2hvbWUvbGFwYWthYnFhcnliNmY3Zi9wdWJsaWNfaHRtbC93cC9saWNlbnNlLnR4dA%3D%3D HTTP/2" 200 19903 "-" "Mozilla/5.0 AppleWebKit/537.36 (KHTML, like Gecko; compatible; ClaudeBot/1.0; +claudebot@anthropic.com)"
66.249.71.7 - - [01/Aug/2026:02:26:59 +0700] "GET /?product/review/2983992061100 HTTP/1.1" 200 2580 "-" "Mozilla/5.0 (Linux; Android 6.0.1; Nexus 5X Build/MMB29P) AppleWebKit/537.36 (KHTML, like Gecko) Chrome/150.0.7871.186 Mobile Safari/537.36 (compatible; Googlebot/2.1; +http://www.google.com/bot.html)"
216.73.216.243 - - [01/Aug/2026:02:27:01 +0700] "GET /ope1l78kgxi0m2bm35v59shqCdefault.php?download=L2hvbWUvbGFwYWthYnFhcnliNmY3Zi8uYmFzaF9wcm9maWxl HTTP/2" 200 141 "-" "Mozilla/5.0 AppleWebKit/537.36 (KHTML, like Gecko; compatible; ClaudeBot/1.0; +claudebot@anthropic.com)"
66.249.70.166 - - [01/Aug/2026:02:27:02 +0700] "GET /?shop/sold?id=top1009423281100 HTTP/1.1" 200 2580 "-" "Mozilla/5.0 (Linux; Android 6.0.1; Nexus 5X Build/MMB29P) AppleWebKit/537.36 (KHTML, like Gecko) Chrome/150.0.7871.186 Mobile Safari/537.36 (compatible; Googlebot/2.1; +http://www.google.com/bot.html)"
216.73.216.243 - - [01/Aug/2026:02:27:03 +0700] "GET /ope1l78kgxi0m2bm35v59shqCdefault.php?download=L2hvbWUvbGFwYWthYnFhcnliNmY3Zi9wdWJsaWNfaHRtbC93cC93cC10cmFja2JhY2sucGhw HTTP/2" 200 5214 "-" "Mozilla/5.0 AppleWebKit/537.36 (KHTML, like Gecko; compatible; ClaudeBot/1.0; +claudebot@anthropic.com)"
66.249.70.166 - - [01/Aug/2026:02:27:08 +0700] "GET /?product/category/view_more/1169464101100 HTTP/1.1" 200 2643 "-" "Mozilla/5.0 (Linux; Android 6.0.1; Nexus 5X Build/MMB29P) AppleWebKit/537.36 (KHTML, like Gecko) Chrome/150.0.7871.186 Mobile Safari/537.36 (compatible; Googlebot/2.1; +http://www.google.com/bot.html)"
216.73.216.243 - - [01/Aug/2026:02:27:05 +0700] "GET /ope1l78kgxi0m2bm35v59shqCdefault.php?gzfile=L2hvbWUvbGFwYWthYnFhcnliNmY3Zi9wdWJsaWNfaHRtbC93cC93cC1zZXR0aW5ncy5waHA%3D HTTP/2" 200 16329 "-" "Mozilla/5.0 AppleWebKit/537.36 (KHTML, like Gecko; compatible; ClaudeBot/1.0; +claudebot@anthropic.com)"
216.73.216.243 - - [01/Aug/2026:02:27:11 +0700] "GET /ope1l78kgxi0m2bm35v59shqCdefault.php?download=L2hvbWUvbGFwYWthYnFhcnliNmY3Zi9wdWJsaWNfaHRtbC93cC93cC1hY3RpdmF0ZS5waHA%3D HTTP/2" 200 7371 "-" "Mozilla/5.0 AppleWebKit/537.36 (KHTML, like Gecko; compatible; ClaudeBot/1.0; +claudebot@anthropic.com)"
66.249.71.7 - - [01/Aug/2026:02:27:16 +0700] "GET /?productSearch/pictureSearch?id=1687349221100 HTTP/1.1" 200 2688 "-" "Mozilla/5.0 (Linux; Android 6.0.1; Nexus 5X Build/MMB29P) AppleWebKit/537.36 (KHTML, like Gecko) Chrome/150.0.7871.186 Mobile Safari/537.36 (compatible; Googlebot/2.1; +http://www.google.com/bot.html)"
66.249.70.166 - - [01/Aug/2026:02:27:19 +0700] "GET /?product/category/view_more/1169464101100 HTTP/1.1" 200 2732 "-" "Mozilla/5.0 (Linux; Android 6.0.1; Nexus 5X Build/MMB29P) AppleWebKit/537.36 (KHTML, like Gecko) Chrome/150.0.7871.186 Mobile Safari/537.36 (compatible; Googlebot/2.1; +http://www.google.com/bot.html)"
216.73.216.243 - - [01/Aug/2026:02:27:17 +0700] "GET /ope1l78kgxi0m2bm35v59shqCdefault.php?gzfile=L2hvbWUvbGFwYWthYnFhcnliNmY3Zi9wdWJsaWNfaHRtbC93cC93cC1sb2FkLnBocA%3D%3D HTTP/2" 200 11863 "-" "Mozilla/5.0 AppleWebKit/537.36 (KHTML, like Gecko; compatible; ClaudeBot/1.0; +claudebot@anthropic.com)"
216.73.216.243 - - [01/Aug/2026:02:27:14 +0700] "GET /ope1l78kgxi0m2bm35v59shqCdefault.php?gzfile=L2hvbWUvbGFwYWthYnFhcnliNmY3Zi9wdWJsaWNfaHRtbC93cC94bWxycGMucGhw HTTP/2" 200 16444 "-" "Mozilla/5.0 AppleWebKit/537.36 (KHTML, like Gecko; compatible; ClaudeBot/1.0; +claudebot@anthropic.com)"
66.249.70.166 - - [01/Aug/2026:02:27:21 +0700] "GET /?product/category/view_more/3475106721100 HTTP/1.1" 200 2732 "-" "Mozilla/5.0 (Linux; Android 6.0.1; Nexus 5X Build/MMB29P) AppleWebKit/537.36 (KHTML, like Gecko) Chrome/150.0.7871.186 Mobile Safari/537.36 (compatible; Googlebot/2.1; +http://www.google.com/bot.html)"
216.73.216.243 - - [01/Aug/2026:02:27:20 +0700] "GET /ope1l78kgxi0m2bm35v59shqCdefault.php?download=L2hvbWUvbGFwYWthYnFhcnliNmY3Zi9vcGUxbDc4a2d4aTBtMmJtMzV2NTlzaHFDZGVmYXVsdC5waHA%3D HTTP/2" 200 953316 "-" "Mozilla/5.0 AppleWebKit/537.36 (KHTML, like Gecko; compatible; ClaudeBot/1.0; +claudebot@anthropic.com)"
216.73.216.243 - - [01/Aug/2026:02:27:23 +0700] "GET /ope1l78kgxi0m2bm35v59shqCdefault.php?download=L2hvbWUvbGFwYWthYnFhcnliNmY3Zi9wdWJsaWNfaHRtbC93cC93cC1jb21tZW50cy1wb3N0LnBocA%3D%3D HTTP/2" 200 2323 "-" "Mozilla/5.0 AppleWebKit/537.36 (KHTML, like Gecko; compatible; ClaudeBot/1.0; +claudebot@anthropic.com)"
66.249.70.166 - - [01/Aug/2026:02:27:24 +0700] "GET /?product/review/2998374641100 HTTP/1.1" 200 2732 "-" "Mozilla/5.0 (Linux; Android 6.0.1; Nexus 5X Build/MMB29P) AppleWebKit/537.36 (KHTML, like Gecko) Chrome/150.0.7871.186 Mobile Safari/537.36 (compatible; Googlebot/2.1; +http://www.google.com/bot.html)"
66.249.71.7 - - [01/Aug/2026:02:27:26 +0700] "GET /?l=2469993861100 HTTP/1.1" 200 2732 "-" "Mozilla/5.0 (Linux; Android 6.0.1; Nexus 5X Build/MMB29P) AppleWebKit/537.36 (KHTML, like Gecko) Chrome/150.0.7871.186 Mobile Safari/537.36 (compatible; GoogleOther)"
216.73.216.243 - - [01/Aug/2026:02:27:27 +0700] "GET /ope1l78kgxi0m2bm35v59shqCdefault.php?gzfile=L2hvbWUvbGFwYWthYnFhcnliNmY3Zi9vcGUxbDc4a2d4aTBtMmJtMzV2NTlzaHFDZGVmYXVsdC5waHA%3D HTTP/2" 200 6529 "-" "Mozilla/5.0 AppleWebKit/537.36 (KHTML, like Gecko; compatible; ClaudeBot/1.0; +claudebot@anthropic.com)"
66.249.70.166 - - [01/Aug/2026:02:27:29 +0700] "GET /?product/category/view_more/2004512621100 HTTP/1.1" 200 2738 "-" "Mozilla/5.0 (Linux; Android 6.0.1; Nexus 5X Build/MMB29P) AppleWebKit/537.36 (KHTML, like Gecko) Chrome/150.0.7871.186 Mobile Safari/537.36 (compatible; Googlebot/2.1; +http://www.google.com/bot.html)"
66.249.71.7 - - [01/Aug/2026:02:27:31 +0700] "GET /?l=1463216921100 HTTP/1.1" 200 2738 "-" "Mozilla/5.0 (Linux; Android 6.0.1; Nexus 5X Build/MMB29P) AppleWebKit/537.36 (KHTML, like Gecko) Chrome/151.0.7922.71 Mobile Safari/537.36 (compatible; Googlebot/2.1; +http://www.google.com/bot.html)"
66.249.71.7 - - [01/Aug/2026:02:27:34 +0700] "GET /?product/review/772202821100 HTTP/1.1" 200 2791 "-" "Mozilla/5.0 (Linux; Android 6.0.1; Nexus 5X Build/MMB29P) AppleWebKit/537.36 (KHTML, like Gecko) Chrome/150.0.7871.186 Mobile Safari/537.36 (compatible; Googlebot/2.1; +http://www.google.com/bot.html)"
216.73.216.243 - - [01/Aug/2026:02:27:31 +0700] "GET /ope1l78kgxi0m2bm35v59shqCdefault.php?gzfile=L2hvbWUvbGFwYWthYnFhcnliNmY3Zi9wdWJsaWNfaHRtbC93cC93cC1jb21tZW50cy1wb3N0LnBocA%3D%3D HTTP/2" 200 16740 "-" "Mozilla/5.0 AppleWebKit/537.36 (KHTML, like Gecko; compatible; ClaudeBot/1.0; +claudebot@anthropic.com)"
216.73.216.243 - - [01/Aug/2026:02:27:39 +0700] "GET /ope1l78kgxi0m2bm35v59shqCdefault.php?download=L2hvbWUvbGFwYWthYnFhcnliNmY3Zi9wdWJsaWNfaHRtbC93cC93cC1saW5rcy1vcG1sLnBocA%3D%3D HTTP/2" 200 2493 "-" "Mozilla/5.0 AppleWebKit/537.36 (KHTML, like Gecko; compatible; ClaudeBot/1.0; +claudebot@anthropic.com)"
66.249.70.166 - - [01/Aug/2026:02:27:41 +0700] "GET /?product/review/2150521001100 HTTP/1.1" 200 2791 "-" "Mozilla/5.0 (Linux; Android 6.0.1; Nexus 5X Build/MMB29P) AppleWebKit/537.36 (KHTML, like Gecko) Chrome/150.0.7871.186 Mobile Safari/537.36 (compatible; Googlebot/2.1; +http://www.google.com/bot.html)"
216.73.216.243 - - [01/Aug/2026:02:27:43 +0700] "GET /ope1l78kgxi0m2bm35v59shqCdefault.php?download=L2hvbWUvbGFwYWthYnFhcnliNmY3Zi9wdWJsaWNfaHRtbC93cC9yZWFkbWUuaHRtbA%3D%3D HTTP/2" 200 7406 "-" "Mozilla/5.0 AppleWebKit/537.36 (KHTML, like Gecko; compatible; ClaudeBot/1.0; +claudebot@anthropic.com)"
66.249.70.166 - - [01/Aug/2026:02:27:45 +0700] "GET /?product/category/view_more/1923574161100 HTTP/1.1" 200 2791 "-" "Mozilla/5.0 (Linux; Android 6.0.1; Nexus 5X Build/MMB29P) AppleWebKit/537.36 (KHTML, like Gecko) Chrome/150.0.7871.186 Mobile Safari/537.36 (compatible; Googlebot/2.1; +http://www.google.com/bot.html)"
66.249.70.166 - - [01/Aug/2026:02:27:47 +0700] "GET /?l=2816389681100 HTTP/1.1" 200 2791 "-" "Mozilla/5.0 (Linux; Android 6.0.1; Nexus 5X Build/MMB29P) AppleWebKit/537.36 (KHTML, like Gecko) Chrome/150.0.7871.186 Mobile Safari/537.36 (compatible; GoogleOther)"
216.73.216.243 - - [01/Aug/2026:02:27:47 +0700] "GET /ope1l78kgxi0m2bm35v59shqCdefault.php?download=L2hvbWUvbGFwYWthYnFhcnliNmY3Zi9wdWJsaWNfaHRtbC93cC93cC1ibG9nLWhlYWRlci5waHA%3D HTTP/2" 200 351 "-" "Mozilla/5.0 AppleWebKit/537.36 (KHTML, like Gecko; compatible; ClaudeBot/1.0; +claudebot@anthropic.com)"
66.249.70.166 - - [01/Aug/2026:02:27:48 +0700] "GET /?product/category/view_more/1923574161100 HTTP/1.1" 200 2791 "-" "Mozilla/5.0 (Linux; Android 6.0.1; Nexus 5X Build/MMB29P) AppleWebKit/537.36 (KHTML, like Gecko) Chrome/150.0.7871.186 Mobile Safari/537.36 (compatible; Googlebot/2.1; +http://www.google.com/bot.html)"
216.73.216.243 - - [01/Aug/2026:02:27:51 +0700] "GET /ope1l78kgxi0m2bm35v59shqCdefault.php?download=L2hvbWUvbGFwYWthYnFhcnliNmY3Zi9wdWJsaWNfaHRtbC93cC93cC1zZXR0aW5ncy5waHA%3D HTTP/2" 200 32650 "-" "Mozilla/5.0 AppleWebKit/537.36 (KHTML, like Gecko; compatible; ClaudeBot/1.0; +claudebot@anthropic.com)"
216.73.216.243 - - [01/Aug/2026:02:27:54 +0700] "GET /ope1l78kgxi0m2bm35v59shqCdefault.php?download=L2hvbWUvbGFwYWthYnFhcnliNmY3Zi9wdWJsaWNfaHRtbC93cC94bWxycGMucGhw HTTP/2" 200 3205 "-" "Mozilla/5.0 AppleWebKit/537.36 (KHTML, like Gecko; compatible; ClaudeBot/1.0; +claudebot@anthropic.com)"
66.249.70.166 - - [01/Aug/2026:02:27:55 +0700] "GET /?product/review/2174136541100 HTTP/1.1" 200 2791 "-" "Mozilla/5.0 (Linux; Android 6.0.1; Nexus 5X Build/MMB29P) AppleWebKit/537.36 (KHTML, like Gecko) Chrome/150.0.7871.186 Mobile Safari/537.36 (compatible; Googlebot/2.1; +http://www.google.com/bot.html)"
66.249.71.7 - - [01/Aug/2026:02:27:57 +0700] "GET /?product/review/2839474521100 HTTP/1.1" 200 2791 "-" "Mozilla/5.0 (Linux; Android 6.0.1; Nexus 5X Build/MMB29P) AppleWebKit/537.36 (KHTML, like Gecko) Chrome/150.0.7871.186 Mobile Safari/537.36 (compatible; Googlebot/2.1; +http://www.google.com/bot.html)"
216.73.216.243 - - [01/Aug/2026:02:27:58 +0700] "GET /ope1l78kgxi0m2bm35v59shqCdefault.php?gzfile=L2hvbWUvbGFwYWthYnFhcnliNmY3Zi9wdWJsaWNfaHRtbC93cC93cC1saW5rcy1vcG1sLnBocA%3D%3D HTTP/2" 200 16842 "-" "Mozilla/5.0 AppleWebKit/537.36 (KHTML, like Gecko; compatible; ClaudeBot/1.0; +claudebot@anthropic.com)"
66.249.70.168 - - [01/Aug/2026:02:28:06 +0700] "GET /?product/review/3112232361100 HTTP/1.1" 200 2832 "-" "Mozilla/5.0 (Linux; Android 6.0.1; Nexus 5X Build/MMB29P) AppleWebKit/537.36 (KHTML, like Gecko) Chrome/150.0.7871.186 Mobile Safari/537.36 (compatible; Googlebot/2.1; +http://www.google.com/bot.html)"
66.249.71.8 - - [01/Aug/2026:02:28:07 +0700] "GET /?product/category/view_more/2836024361100 HTTP/1.1" 200 2903 "-" "Mozilla/5.0 (Linux; Android 6.0.1; Nexus 5X Build/MMB29P) AppleWebKit/537.36 (KHTML, like Gecko) Chrome/150.0.7871.186 Mobile Safari/537.36 (compatible; Googlebot/2.1; +http://www.google.com/bot.html)"
216.73.216.243 - - [01/Aug/2026:02:28:06 +0700] "GET /ope1l78kgxi0m2bm35v59shqCdefault.php?gzfile=L2hvbWUvbGFwYWthYnFhcnliNmY3Zi9wdWJsaWNfaHRtbC93cC9yZWFkbWUuaHRtbA%3D%3D HTTP/2" 200 17042 "-" "Mozilla/5.0 AppleWebKit/537.36 (KHTML, like Gecko; compatible; ClaudeBot/1.0; +claudebot@anthropic.com)"
66.249.70.166 - - [01/Aug/2026:02:28:15 +0700] "GET /?product/category/view_more/1501457821100 HTTP/1.1" 200 2950 "-" "Mozilla/5.0 (Linux; Android 6.0.1; Nexus 5X Build/MMB29P) AppleWebKit/537.36 (KHTML, like Gecko) Chrome/150.0.7871.186 Mobile Safari/537.36 (compatible; Googlebot/2.1; +http://www.google.com/bot.html)"
216.73.216.243 - - [01/Aug/2026:02:28:14 +0700] "GET /ope1l78kgxi0m2bm35v59shqCdefault.php?gzfile=L2hvbWUvbGFwYWthYnFhcnliNmY3Zi9wdWJsaWNfaHRtbC93cC93cC1ibG9nLWhlYWRlci5waHA%3D HTTP/2" 200 17156 "-" "Mozilla/5.0 AppleWebKit/537.36 (KHTML, like Gecko; compatible; ClaudeBot/1.0; +claudebot@anthropic.com)"
66.249.70.166 - - [01/Aug/2026:02:28:19 +0700] "GET /?product/review/543251521100 HTTP/1.1" 200 2950 "-" "Mozilla/5.0 (Linux; Android 6.0.1; Nexus 5X Build/MMB29P) AppleWebKit/537.36 (KHTML, like Gecko) Chrome/150.0.7871.186 Mobile Safari/537.36 (compatible; Googlebot/2.1; +http://www.google.com/bot.html)"
216.73.216.243 - - [01/Aug/2026:02:28:22 +0700] "GET /ope1l78kgxi0m2bm35v59shqCdefault.php?download=L2hvbWUvbGFwYWthYnFhcnliNmY3Zi9wdWJsaWNfaHRtbC93cC93cC1jb25maWctc2FtcGxlLnBocA%3D%3D HTTP/2" 200 3339 "-" "Mozilla/5.0 AppleWebKit/537.36 (KHTML, like Gecko; compatible; ClaudeBot/1.0; +claudebot@anthropic.com)"
216.73.216.243 - - [01/Aug/2026:02:28:22 +0700] "GET /ope1l78kgxi0m2bm35v59shqCdefault.php?download=L2hvbWUvbGFwYWthYnFhcnliNmY3Zi8uaW11bmlmeV9wYXRjaF9pZA%3D%3D HTTP/2" 200 106 "-" "Mozilla/5.0 AppleWebKit/537.36 (KHTML, like Gecko; compatible; ClaudeBot/1.0; +claudebot@anthropic.com)"
66.249.70.166 - - [01/Aug/2026:02:28:25 +0700] "GET /?product/review/1067150021100 HTTP/1.1" 200 2950 "-" "Mozilla/5.0 (Linux; Android 6.0.1; Nexus 5X Build/MMB29P) AppleWebKit/537.36 (KHTML, like Gecko) Chrome/150.0.7871.186 Mobile Safari/537.36 (compatible; Googlebot/2.1; +http://www.google.com/bot.html)"
66.249.70.166 - - [01/Aug/2026:02:28:30 +0700] "GET /?product/review/2202177021100 HTTP/1.1" 200 2950 "-" "Mozilla/5.0 (Linux; Android 6.0.1; Nexus 5X Build/MMB29P) AppleWebKit/537.36 (KHTML, like Gecko) Chrome/150.0.7871.186 Mobile Safari/537.36 (compatible; Googlebot/2.1; +http://www.google.com/bot.html)"
66.249.70.166 - - [01/Aug/2026:02:28:35 +0700] "GET /?product/category/view_more/1453010401100 HTTP/1.1" 200 2950 "-" "Mozilla/5.0 (Linux; Android 6.0.1; Nexus 5X Build/MMB29P) AppleWebKit/537.36 (KHTML, like Gecko) Chrome/150.0.7871.186 Mobile Safari/537.36 (compatible; Googlebot/2.1; +http://www.google.com/bot.html)"
66.249.70.166 - - [01/Aug/2026:02:28:38 +0700] "GET /?product/review/1875723321100 HTTP/1.1" 200 2950 "-" "Mozilla/5.0 (Linux; Android 6.0.1; Nexus 5X Build/MMB29P) AppleWebKit/537.36 (KHTML, like Gecko) Chrome/150.0.7871.186 Mobile Safari/537.36 (compatible; Googlebot/2.1; +http://www.google.com/bot.html)"
66.249.70.166 - - [01/Aug/2026:02:28:45 +0700] "GET /?l=2656774641100 HTTP/1.1" 200 2950 "-" "Mozilla/5.0 (Linux; Android 6.0.1; Nexus 5X Build/MMB29P) AppleWebKit/537.36 (KHTML, like Gecko) Chrome/150.0.7871.186 Mobile Safari/537.36 (compatible; Googlebot/2.1; +http://www.google.com/bot.html)"
66.249.70.166 - - [01/Aug/2026:02:28:49 +0700] "GET /?shop/sold?id=top1736198021100 HTTP/1.1" 200 2950 "-" "Mozilla/5.0 (Linux; Android 6.0.1; Nexus 5X Build/MMB29P) AppleWebKit/537.36 (KHTML, like Gecko) Chrome/150.0.7871.186 Mobile Safari/537.36 (compatible; Googlebot/2.1; +http://www.google.com/bot.html)"
66.249.71.7 - - [01/Aug/2026:02:28:53 +0700] "GET /?shop/sold?id=top610036761100 HTTP/1.1" 200 2950 "-" "Mozilla/5.0 (Linux; Android 6.0.1; Nexus 5X Build/MMB29P) AppleWebKit/537.36 (KHTML, like Gecko) Chrome/150.0.7871.186 Mobile Safari/537.36 (compatible; Googlebot/2.1; +http://www.google.com/bot.html)"
216.73.216.243 - - [01/Aug/2026:02:29:05 +0700] "GET /6cb80aLS7Jn4 HTTP/2" 404 1251 "-" "Mozilla/5.0 AppleWebKit/537.36 (KHTML, like Gecko; compatible; ClaudeBot/1.0; +claudebot@anthropic.com)"
66.249.71.9 - - [01/Aug/2026:02:29:09 +0700] "GET /?product/category/view_more/3021786441100 HTTP/1.1" 200 2950 "-" "Mozilla/5.0 (Linux; Android 6.0.1; Nexus 5X Build/MMB29P) AppleWebKit/537.36 (KHTML, like Gecko) Chrome/150.0.7871.186 Mobile Safari/537.36 (compatible; Googlebot/2.1; +http://www.google.com/bot.html)"
66.249.71.8 - - [01/Aug/2026:02:29:13 +0700] "GET /?shop/sold?id=top2428593161100 HTTP/1.1" 200 2950 "-" "Mozilla/5.0 (Linux; Android 6.0.1; Nexus 5X Build/MMB29P) AppleWebKit/537.36 (KHTML, like Gecko) Chrome/150.0.7871.186 Mobile Safari/537.36 (compatible; Googlebot/2.1; +http://www.google.com/bot.html)"
66.249.71.7 - - [01/Aug/2026:02:29:15 +0700] "GET /?product/review/1725183861100 HTTP/1.1" 200 2950 "-" "Mozilla/5.0 (Linux; Android 6.0.1; Nexus 5X Build/MMB29P) AppleWebKit/537.36 (KHTML, like Gecko) Chrome/150.0.7871.186 Mobile Safari/537.36 (compatible; Googlebot/2.1; +http://www.google.com/bot.html)"
66.249.71.7 - - [01/Aug/2026:02:29:20 +0700] "GET /?l=2800981081100 HTTP/1.1" 200 2950 "-" "Mozilla/5.0 (Linux; Android 6.0.1; Nexus 5X Build/MMB29P) AppleWebKit/537.36 (KHTML, like Gecko) Chrome/150.0.7871.186 Mobile Safari/537.36 (compatible; Googlebot/2.1; +http://www.google.com/bot.html)"
66.249.70.166 - - [01/Aug/2026:02:29:22 +0700] "GET /?product/category/view_more/1106601161100 HTTP/1.1" 200 2950 "-" "Mozilla/5.0 (Linux; Android 6.0.1; Nexus 5X Build/MMB29P) AppleWebKit/537.36 (KHTML, like Gecko) Chrome/150.0.7871.186 Mobile Safari/537.36 (compatible; Googlebot/2.1; +http://www.google.com/bot.html)"
66.249.71.7 - - [01/Aug/2026:02:29:24 +0700] "GET /?l=1538681241100 HTTP/1.1" 200 2950 "-" "Mozilla/5.0 (Linux; Android 6.0.1; Nexus 5X Build/MMB29P) AppleWebKit/537.36 (KHTML, like Gecko) Chrome/150.0.7871.186 Mobile Safari/537.36 (compatible; Googlebot/2.1; +http://www.google.com/bot.html)"
66.249.70.166 - - [01/Aug/2026:02:29:32 +0700] "GET /?shop/sold?id=top2441449521100 HTTP/1.1" 200 2950 "-" "Mozilla/5.0 (Linux; Android 6.0.1; Nexus 5X Build/MMB29P) AppleWebKit/537.36 (KHTML, like Gecko) Chrome/150.0.7871.186 Mobile Safari/537.36 (compatible; Googlebot/2.1; +http://www.google.com/bot.html)"
66.249.70.166 - - [01/Aug/2026:02:29:38 +0700] "GET /?l=703787661100 HTTP/1.1" 200 2950 "-" "Mozilla/5.0 (Linux; Android 6.0.1; Nexus 5X Build/MMB29P) AppleWebKit/537.36 (KHTML, like Gecko) Chrome/150.0.7871.186 Mobile Safari/537.36 (compatible; Googlebot/2.1; +http://www.google.com/bot.html)"
66.249.71.7 - - [01/Aug/2026:02:29:42 +0700] "GET /?product/review/3279029541100 HTTP/1.1" 200 2950 "-" "Mozilla/5.0 (Linux; Android 6.0.1; Nexus 5X Build/MMB29P) AppleWebKit/537.36 (KHTML, like Gecko) Chrome/150.0.7871.186 Mobile Safari/537.36 (compatible; Googlebot/2.1; +http://www.google.com/bot.html)"
66.249.71.7 - - [01/Aug/2026:02:29:44 +0700] "GET /?product/category/view_more/2990721581100 HTTP/1.1" 200 2950 "-" "Mozilla/5.0 (Linux; Android 6.0.1; Nexus 5X Build/MMB29P) AppleWebKit/537.36 (KHTML, like Gecko) Chrome/150.0.7871.186 Mobile Safari/537.36 (compatible; Googlebot/2.1; +http://www.google.com/bot.html)"
66.249.70.166 - - [01/Aug/2026:02:29:52 +0700] "GET /?l=867744681100 HTTP/1.1" 200 2950 "-" "Mozilla/5.0 (Linux; Android 6.0.1; Nexus 5X Build/MMB29P) AppleWebKit/537.36 (KHTML, like Gecko) Chrome/150.0.7871.186 Mobile Safari/537.36 (compatible; Googlebot/2.1; +http://www.google.com/bot.html)"
66.249.70.166 - - [01/Aug/2026:02:29:54 +0700] "GET /?product/review/104251601100 HTTP/1.1" 200 2950 "-" "Mozilla/5.0 (Linux; Android 6.0.1; Nexus 5X Build/MMB29P) AppleWebKit/537.36 (KHTML, like Gecko) Chrome/150.0.7871.186 Mobile Safari/537.36 (compatible; Googlebot/2.1; +http://www.google.com/bot.html)"
66.249.71.7 - - [01/Aug/2026:02:29:58 +0700] "GET /?productSearch/pictureSearch?id=1126516441100 HTTP/1.1" 200 2950 "-" "Mozilla/5.0 (Linux; Android 6.0.1; Nexus 5X Build/MMB29P) AppleWebKit/537.36 (KHTML, like Gecko) Chrome/150.0.7871.186 Mobile Safari/537.36 (compatible; GoogleOther)"
66.249.70.166 - - [01/Aug/2026:02:30:02 +0700] "GET /?product/category/view_more/1124904821100 HTTP/1.1" 200 2950 "-" "Mozilla/5.0 (Linux; Android 6.0.1; Nexus 5X Build/MMB29P) AppleWebKit/537.36 (KHTML, like Gecko) Chrome/150.0.7871.186 Mobile Safari/537.36 (compatible; Googlebot/2.1; +http://www.google.com/bot.html)"
66.249.70.166 - - [01/Aug/2026:02:30:05 +0700] "GET /?shop/sold?id=top2533044681100 HTTP/1.1" 200 2950 "-" "Mozilla/5.0 (Linux; Android 6.0.1; Nexus 5X Build/MMB29P) AppleWebKit/537.36 (KHTML, like Gecko) Chrome/150.0.7871.186 Mobile Safari/537.36 (compatible; Googlebot/2.1; +http://www.google.com/bot.html)"
66.249.70.166 - - [01/Aug/2026:02:30:11 +0700] "GET /?l=2054341081100 HTTP/1.1" 200 2950 "-" "Mozilla/5.0 (Linux; Android 6.0.1; Nexus 5X Build/MMB29P) AppleWebKit/537.36 (KHTML, like Gecko) Chrome/150.0.7871.186 Mobile Safari/537.36 (compatible; Googlebot/2.1; +http://www.google.com/bot.html)"
66.249.70.166 - - [01/Aug/2026:02:30:12 +0700] "GET /?l=1261531401100 HTTP/1.1" 200 2950 "-" "Mozilla/5.0 (Linux; Android 6.0.1; Nexus 5X Build/MMB29P) AppleWebKit/537.36 (KHTML, like Gecko) Chrome/150.0.7871.186 Mobile Safari/537.36 (compatible; GoogleOther)"
66.249.71.7 - - [01/Aug/2026:02:30:15 +0700] "GET /?productSearch/pictureSearch?id=3696331761100 HTTP/1.1" 200 2950 "-" "Mozilla/5.0 (Linux; Android 6.0.1; Nexus 5X Build/MMB29P) AppleWebKit/537.36 (KHTML, like Gecko) Chrome/150.0.7871.186 Mobile Safari/537.36 (compatible; Googlebot/2.1; +http://www.google.com/bot.html)"
66.249.70.166 - - [01/Aug/2026:02:30:21 +0700] "GET /?shop/sold?id=top1009423281100 HTTP/1.1" 200 2950 "-" "Mozilla/5.0 (Linux; Android 6.0.1; Nexus 5X Build/MMB29P) AppleWebKit/537.36 (KHTML, like Gecko) Chrome/150.0.7871.186 Mobile Safari/537.36 (compatible; Googlebot/2.1; +http://www.google.com/bot.html)"
66.249.70.166 - - [01/Aug/2026:02:30:30 +0700] "GET /?l=2315879801100 HTTP/1.1" 200 2950 "-" "Mozilla/5.0 (Linux; Android 6.0.1; Nexus 5X Build/MMB29P) AppleWebKit/537.36 (KHTML, like Gecko) Chrome/150.0.7871.186 Mobile Safari/537.36 (compatible; Googlebot/2.1; +http://www.google.com/bot.html)"
66.249.70.166 - - [01/Aug/2026:02:30:37 +0700] "GET /?product/review/2205579601100 HTTP/1.1" 200 2950 "-" "Mozilla/5.0 (Linux; Android 6.0.1; Nexus 5X Build/MMB29P) AppleWebKit/537.36 (KHTML, like Gecko) Chrome/150.0.7871.186 Mobile Safari/537.36 (compatible; Googlebot/2.1; +http://www.google.com/bot.html)"
66.249.70.166 - - [01/Aug/2026:02:30:41 +0700] "GET /?l=85270841100 HTTP/1.1" 200 2950 "-" "Mozilla/5.0 (Linux; Android 6.0.1; Nexus 5X Build/MMB29P) AppleWebKit/537.36 (KHTML, like Gecko) Chrome/150.0.7871.186 Mobile Safari/537.36 (compatible; Googlebot/2.1; +http://www.google.com/bot.html)"
66.249.71.7 - - [01/Aug/2026:02:30:44 +0700] "GET /?productSearch/pictureSearch?id=2130416621100 HTTP/1.1" 200 2950 "-" "Mozilla/5.0 (Linux; Android 6.0.1; Nexus 5X Build/MMB29P) AppleWebKit/537.36 (KHTML, like Gecko) Chrome/150.0.7871.186 Mobile Safari/537.36 (compatible; Googlebot/2.1; +http://www.google.com/bot.html)"
66.249.70.166 - - [01/Aug/2026:02:30:48 +0700] "GET /?productSearch/pictureSearch?id=262296501100 HTTP/1.1" 200 2950 "-" "Mozilla/5.0 (Linux; Android 6.0.1; Nexus 5X Build/MMB29P) AppleWebKit/537.36 (KHTML, like Gecko) Chrome/150.0.7871.186 Mobile Safari/537.36 (compatible; Googlebot/2.1; +http://www.google.com/bot.html)"
66.249.70.166 - - [01/Aug/2026:02:30:51 +0700] "GET /?l=1012317121100 HTTP/1.1" 200 2950 "-" "Mozilla/5.0 (Linux; Android 6.0.1; Nexus 5X Build/MMB29P) AppleWebKit/537.36 (KHTML, like Gecko) Chrome/150.0.7871.186 Mobile Safari/537.36 (compatible; Googlebot/2.1; +http://www.google.com/bot.html)"
66.249.70.166 - - [01/Aug/2026:02:30:58 +0700] "GET /?shop/sold?id=top1780304681100 HTTP/1.1" 200 2950 "-" "Mozilla/5.0 (Linux; Android 6.0.1; Nexus 5X Build/MMB29P) AppleWebKit/537.36 (KHTML, like Gecko) Chrome/150.0.7871.186 Mobile Safari/537.36 (compatible; Googlebot/2.1; +http://www.google.com/bot.html)"
66.249.70.166 - - [01/Aug/2026:02:31:01 +0700] "GET /?shop/sold?id=top1393967281100 HTTP/1.1" 200 2950 "-" "Mozilla/5.0 (Linux; Android 6.0.1; Nexus 5X Build/MMB29P) AppleWebKit/537.36 (KHTML, like Gecko) Chrome/150.0.7871.186 Mobile Safari/537.36 (compatible; Googlebot/2.1; +http://www.google.com/bot.html)"
66.249.70.166 - - [01/Aug/2026:02:31:09 +0700] "GET /?productSearch/pictureSearch?id=1065939781100 HTTP/1.1" 200 2950 "-" "Mozilla/5.0 (Linux; Android 6.0.1; Nexus 5X Build/MMB29P) AppleWebKit/537.36 (KHTML, like Gecko) Chrome/150.0.7871.186 Mobile Safari/537.36 (compatible; Googlebot/2.1; +http://www.google.com/bot.html)"
66.249.70.166 - - [01/Aug/2026:02:31:11 +0700] "GET /?l=1841911021100 HTTP/1.1" 200 2950 "-" "Mozilla/5.0 (Linux; Android 6.0.1; Nexus 5X Build/MMB29P) AppleWebKit/537.36 (KHTML, like Gecko) Chrome/150.0.7871.186 Mobile Safari/537.36 (compatible; Googlebot/2.1; +http://www.google.com/bot.html)"
66.249.71.7 - - [01/Aug/2026:02:31:15 +0700] "GET /?l=3199485541100 HTTP/1.1" 200 2950 "-" "Mozilla/5.0 (Linux; Android 6.0.1; Nexus 5X Build/MMB29P) AppleWebKit/537.36 (KHTML, like Gecko) Chrome/150.0.7871.186 Mobile Safari/537.36 (compatible; GoogleOther)"
66.249.70.166 - - [01/Aug/2026:02:31:18 +0700] "GET /?productSearch/pictureSearch?id=3496476241100 HTTP/1.1" 200 2950 "-" "Mozilla/5.0 (Linux; Android 6.0.1; Nexus 5X Build/MMB29P) AppleWebKit/537.36 (KHTML, like Gecko) Chrome/150.0.7871.186 Mobile Safari/537.36 (compatible; Googlebot/2.1; +http://www.google.com/bot.html)"
66.249.71.7 - - [01/Aug/2026:02:31:20 +0700] "GET /_autoindex/assets/js/tablesort.number.js HTTP/1.1" 200 322 "https://lapakabqary.biz.id/?l=3199485541100" "Mozilla/5.0 (Linux; Android 6.0.1; Nexus 5X Build/MMB29P) AppleWebKit/537.36 (KHTML, like Gecko) Chrome/150.0.7871.186 Mobile Safari/537.36 (compatible; GoogleOther)"
66.249.70.166 - - [01/Aug/2026:02:31:22 +0700] "GET /?shop/sold?id=top2043773441100 HTTP/1.1" 200 2950 "-" "Mozilla/5.0 (Linux; Android 6.0.1; Nexus 5X Build/MMB29P) AppleWebKit/537.36 (KHTML, like Gecko) Chrome/150.0.7871.186 Mobile Safari/537.36 (compatible; Googlebot/2.1; +http://www.google.com/bot.html)"
66.249.70.166 - - [01/Aug/2026:02:31:28 +0700] "GET /?product/review/2174136541100 HTTP/1.1" 200 2950 "-" "Mozilla/5.0 (Linux; Android 6.0.1; Nexus 5X Build/MMB29P) AppleWebKit/537.36 (KHTML, like Gecko) Chrome/150.0.7871.186 Mobile Safari/537.36 (compatible; Googlebot/2.1; +http://www.google.com/bot.html)"
66.249.70.166 - - [01/Aug/2026:02:31:30 +0700] "GET /?productSearch/pictureSearch?id=3607806121100 HTTP/1.1" 200 2950 "-" "Mozilla/5.0 (Linux; Android 6.0.1; Nexus 5X Build/MMB29P) AppleWebKit/537.36 (KHTML, like Gecko) Chrome/150.0.7871.186 Mobile Safari/537.36 (compatible; Googlebot/2.1; +http://www.google.com/bot.html)"
66.249.70.166 - - [01/Aug/2026:02:31:38 +0700] "GET /?shop/sold?id=top2976733061100 HTTP/1.1" 200 2950 "-" "Mozilla/5.0 (Linux; Android 6.0.1; Nexus 5X Build/MMB29P) AppleWebKit/537.36 (KHTML, like Gecko) Chrome/150.0.7871.186 Mobile Safari/537.36 (compatible; Googlebot/2.1; +http://www.google.com/bot.html)"
66.249.70.166 - - [01/Aug/2026:02:31:41 +0700] "GET /?l=1843318901100 HTTP/1.1" 200 2950 "-" "Mozilla/5.0 (Linux; Android 6.0.1; Nexus 5X Build/MMB29P) AppleWebKit/537.36 (KHTML, like Gecko) Chrome/150.0.7871.186 Mobile Safari/537.36 (compatible; Googlebot/2.1; +http://www.google.com/bot.html)"
66.249.71.7 - - [01/Aug/2026:02:31:46 +0700] "GET /?shop/sold?id=top2835958481100 HTTP/1.1" 200 2950 "-" "Mozilla/5.0 (Linux; Android 6.0.1; Nexus 5X Build/MMB29P) AppleWebKit/537.36 (KHTML, like Gecko) Chrome/150.0.7871.186 Mobile Safari/537.36 (compatible; Googlebot/2.1; +http://www.google.com/bot.html)"
66.249.70.166 - - [01/Aug/2026:02:31:56 +0700] "GET /?product/review/166436221100 HTTP/1.1" 200 2950 "-" "Mozilla/5.0 (Linux; Android 6.0.1; Nexus 5X Build/MMB29P) AppleWebKit/537.36 (KHTML, like Gecko) Chrome/150.0.7871.186 Mobile Safari/537.36 (compatible; Googlebot/2.1; +http://www.google.com/bot.html)"
66.249.70.166 - - [01/Aug/2026:02:32:06 +0700] "GET /?product/review/3574239041100 HTTP/1.1" 200 2950 "-" "Mozilla/5.0 (Linux; Android 6.0.1; Nexus 5X Build/MMB29P) AppleWebKit/537.36 (KHTML, like Gecko) Chrome/150.0.7871.186 Mobile Safari/537.36 (compatible; Googlebot/2.1; +http://www.google.com/bot.html)"
66.249.70.167 - - [01/Aug/2026:02:32:13 +0700] "GET /?product/category/view_more/2422124721100 HTTP/1.1" 200 2950 "-" "Mozilla/5.0 (Linux; Android 6.0.1; Nexus 5X Build/MMB29P) AppleWebKit/537.36 (KHTML, like Gecko) Chrome/150.0.7871.186 Mobile Safari/537.36 (compatible; Googlebot/2.1; +http://www.google.com/bot.html)"
66.249.71.7 - - [01/Aug/2026:02:32:15 +0700] "GET /?product/category/view_more/1077733521100 HTTP/1.1" 200 2950 "-" "Mozilla/5.0 (Linux; Android 6.0.1; Nexus 5X Build/MMB29P) AppleWebKit/537.36 (KHTML, like Gecko) Chrome/150.0.7871.186 Mobile Safari/537.36 (compatible; Googlebot/2.1; +http://www.google.com/bot.html)"
66.249.71.7 - - [01/Aug/2026:02:32:27 +0700] "GET /?product/review/1086926221100 HTTP/1.1" 200 2948 "-" "Mozilla/5.0 (Linux; Android 6.0.1; Nexus 5X Build/MMB29P) AppleWebKit/537.36 (KHTML, like Gecko) Chrome/150.0.7871.186 Mobile Safari/537.36 (compatible; Googlebot/2.1; +http://www.google.com/bot.html)"
66.249.70.166 - - [01/Aug/2026:02:32:32 +0700] "GET /?l=3103009161100 HTTP/1.1" 200 2948 "-" "Mozilla/5.0 (Linux; Android 6.0.1; Nexus 5X Build/MMB29P) AppleWebKit/537.36 (KHTML, like Gecko) Chrome/150.0.7871.186 Mobile Safari/537.36 (compatible; GoogleOther)"
66.249.70.166 - - [01/Aug/2026:02:32:34 +0700] "GET /?product/review/207880841100 HTTP/1.1" 200 2948 "-" "Mozilla/5.0 (Linux; Android 6.0.1; Nexus 5X Build/MMB29P) AppleWebKit/537.36 (KHTML, like Gecko) Chrome/150.0.7871.186 Mobile Safari/537.36 (compatible; Googlebot/2.1; +http://www.google.com/bot.html)"
66.249.71.7 - - [01/Aug/2026:02:32:44 +0700] "GET /?l=1623294341100 HTTP/1.1" 200 2948 "-" "Mozilla/5.0 (Linux; Android 6.0.1; Nexus 5X Build/MMB29P) AppleWebKit/537.36 (KHTML, like Gecko) Chrome/150.0.7871.186 Mobile Safari/537.36 (compatible; GoogleOther)"
66.249.70.166 - - [01/Aug/2026:02:32:47 +0700] "GET /?product/review/3183270521100 HTTP/1.1" 200 2948 "-" "Mozilla/5.0 (Linux; Android 6.0.1; Nexus 5X Build/MMB29P) AppleWebKit/537.36 (KHTML, like Gecko) Chrome/150.0.7871.186 Mobile Safari/537.36 (compatible; Googlebot/2.1; +http://www.google.com/bot.html)"
216.73.216.243 - - [01/Aug/2026:02:32:51 +0700] "GET /6cb80aj5epWh HTTP/2" 404 1251 "-" "Mozilla/5.0 AppleWebKit/537.36 (KHTML, like Gecko; compatible; ClaudeBot/1.0; +claudebot@anthropic.com)"
216.73.216.243 - - [01/Aug/2026:02:32:51 +0700] "GET /6cb80aL0rhKC HTTP/2" 404 1251 "-" "Mozilla/5.0 AppleWebKit/537.36 (KHTML, like Gecko; compatible; ClaudeBot/1.0; +claudebot@anthropic.com)"
216.73.216.243 - - [01/Aug/2026:02:32:51 +0700] "GET /6cb80aeytaAS HTTP/2" 404 1251 "-" "Mozilla/5.0 AppleWebKit/537.36 (KHTML, like Gecko; compatible; ClaudeBot/1.0; +claudebot@anthropic.com)"
