36.81.65.108 - - [31/Jul/2026:21:52:30 +0700] "GET /wp/wp-content/plugins/astra-sites/inc/lib/onboarding/assets/images/block-editor.svg HTTP/3" 200 1217 "https://lapakabqary.biz.id/wp/wp-admin/themes.php?page=starter-templates" "Mozilla/5.0 (Windows NT 10.0; Win64; x64) AppleWebKit/537.36 (KHTML, like Gecko) Chrome/109.0.0.0 Safari/537.36"
36.81.65.108 - - [31/Jul/2026:21:52:30 +0700] "GET /wp/wp-content/plugins/astra-sites/inc/lib/onboarding/assets/images/ai-builder.svg HTTP/3" 200 419 "https://lapakabqary.biz.id/wp/wp-admin/themes.php?page=starter-templates" "Mozilla/5.0 (Windows NT 10.0; Win64; x64) AppleWebKit/537.36 (KHTML, like Gecko) Chrome/109.0.0.0 Safari/537.36"
164.163.142.140 - - [31/Jul/2026:21:52:34 +0700] "GET /?l=2141325861100 HTTP/2" 200 1247 "https://lapakabqary.biz.id" "Mozilla/5.0 (Windows NT 10.0; Win64; x64) AppleWebKit/537.36 (KHTML, like Gecko) Chrome/145.0.0.0 Safari/537.36"
66.249.70.167 - - [31/Jul/2026:21:53:15 +0700] "GET /?l=1514696041100 HTTP/1.1" 200 1247 "-" "Mozilla/5.0 (Linux; Android 6.0.1; Nexus 5X Build/MMB29P) AppleWebKit/537.36 (KHTML, like Gecko) Chrome/150.0.7871.186 Mobile Safari/537.36 (compatible; Googlebot/2.1; +http://www.google.com/bot.html)"
36.81.65.108 - - [31/Jul/2026:21:53:31 +0700] "POST /wp/wp-admin/admin-ajax.php HTTP/3" 200 51 "https://lapakabqary.biz.id/wp/wp-admin/themes.php?page=starter-templates" "Mozilla/5.0 (Windows NT 10.0; Win64; x64) AppleWebKit/537.36 (KHTML, like Gecko) Chrome/109.0.0.0 Safari/537.36"
66.249.71.8 - - [31/Jul/2026:21:53:40 +0700] "GET /_autoindex/assets/icons/file.svg HTTP/1.1" 200 354 "https://lapakabqary.biz.id/?productSearch/pictureSearch?id=587011701100" "Mozilla/5.0 (Linux; Android 6.0.1; Nexus 5X Build/MMB29P) AppleWebKit/537.36 (KHTML, like Gecko) Chrome/150.0.7871.186 Mobile Safari/537.36 (compatible; Googlebot/2.1; +http://www.google.com/bot.html)"
36.81.65.108 - - [31/Jul/2026:21:53:54 +0700] "POST /wp/wp-admin/admin-ajax.php HTTP/3" 200 51 "https://lapakabqary.biz.id/wp/wp-admin/" "Mozilla/5.0 (Windows NT 10.0; Win64; x64) AppleWebKit/537.36 (KHTML, like Gecko) Chrome/109.0.0.0 Safari/537.36"
66.249.70.166 - - [31/Jul/2026:21:54:10 +0700] "GET /?shop/sold?id=top2801438581100 HTTP/1.1" 200 1247 "-" "Mozilla/5.0 (Linux; Android 6.0.1; Nexus 5X Build/MMB29P) AppleWebKit/537.36 (KHTML, like Gecko) Chrome/150.0.7871.186 Mobile Safari/537.36 (compatible; Googlebot/2.1; +http://www.google.com/bot.html)"
66.249.71.7 - - [31/Jul/2026:21:54:22 +0700] "GET /?l=546885901100 HTTP/1.1" 200 1247 "-" "Mozilla/5.0 (Linux; Android 6.0.1; Nexus 5X Build/MMB29P) AppleWebKit/537.36 (KHTML, like Gecko) Chrome/150.0.7871.186 Mobile Safari/537.36 (compatible; Googlebot/2.1; +http://www.google.com/bot.html)"
66.249.71.7 - - [31/Jul/2026:21:54:27 +0700] "GET /_autoindex/assets/icons/file.svg HTTP/1.1" 200 354 "https://lapakabqary.biz.id/?l=546885901100" "Mozilla/5.0 (Linux; Android 6.0.1; Nexus 5X Build/MMB29P) AppleWebKit/537.36 (KHTML, like Gecko) Chrome/150.0.7871.186 Mobile Safari/537.36 (compatible; Googlebot/2.1; +http://www.google.com/bot.html)"
36.81.65.108 - - [31/Jul/2026:21:54:31 +0700] "POST /wp/wp-admin/admin-ajax.php HTTP/3" 200 51 "https://lapakabqary.biz.id/wp/wp-admin/themes.php?page=starter-templates" "Mozilla/5.0 (Windows NT 10.0; Win64; x64) AppleWebKit/537.36 (KHTML, like Gecko) Chrome/109.0.0.0 Safari/537.36"
36.81.65.108 - - [31/Jul/2026:21:54:39 +0700] "GET /wp/wp-content/plugins/astra-sites/inc/lib/onboarding/assets/images/elementor.svg HTTP/3" 200 250 "https://lapakabqary.biz.id/wp/wp-admin/themes.php?page=starter-templates&ci=1" "Mozilla/5.0 (Windows NT 10.0; Win64; x64) AppleWebKit/537.36 (KHTML, like Gecko) Chrome/109.0.0.0 Safari/537.36"
36.81.65.108 - - [31/Jul/2026:21:54:39 +0700] "POST /wp/wp-admin/admin-ajax.php HTTP/3" 200 20 "https://lapakabqary.biz.id/wp/wp-admin/themes.php?page=starter-templates" "Mozilla/5.0 (Windows NT 10.0; Win64; x64) AppleWebKit/537.36 (KHTML, like Gecko) Chrome/109.0.0.0 Safari/537.36"
36.81.65.108 - - [31/Jul/2026:21:54:45 +0700] "POST /wp/wp-admin/admin-ajax.php HTTP/3" 200 20 "https://lapakabqary.biz.id/wp/wp-admin/themes.php?page=starter-templates&ci=1" "Mozilla/5.0 (Windows NT 10.0; Win64; x64) AppleWebKit/537.36 (KHTML, like Gecko) Chrome/109.0.0.0 Safari/537.36"
36.81.65.108 - - [31/Jul/2026:21:54:45 +0700] "POST /wp/wp-admin/admin-ajax.php HTTP/3" 200 36 "https://lapakabqary.biz.id/wp/wp-admin/themes.php?page=starter-templates&ci=1" "Mozilla/5.0 (Windows NT 10.0; Win64; x64) AppleWebKit/537.36 (KHTML, like Gecko) Chrome/109.0.0.0 Safari/537.36"
66.249.70.167 - - [31/Jul/2026:21:55:07 +0700] "GET /?l=2747104661100 HTTP/1.1" 200 1247 "-" "Mozilla/5.0 (Linux; Android 6.0.1; Nexus 5X Build/MMB29P) AppleWebKit/537.36 (KHTML, like Gecko) Chrome/150.0.7871.186 Mobile Safari/537.36 (compatible; Googlebot/2.1; +http://www.google.com/bot.html)"
36.81.65.108 - - [31/Jul/2026:21:54:45 +0700] "POST /wp/wp-admin/admin-ajax.php HTTP/3" 200 44186 "https://lapakabqary.biz.id/wp/wp-admin/themes.php?page=starter-templates&ci=1" "Mozilla/5.0 (Windows NT 10.0; Win64; x64) AppleWebKit/537.36 (KHTML, like Gecko) Chrome/109.0.0.0 Safari/537.36"
103.87.249.34 - - [31/Jul/2026:21:55:44 +0700] "GET /?l=1916578681100 HTTP/2" 200 1247 "https://lapakabqary.biz.id" "Mozilla/5.0 (Macintosh; Intel Mac OS X 10_15_7) AppleWebKit/537.36 (KHTML, like Gecko) Chrome/144.0.0.0 Safari/537.36"
66.249.70.166 - - [31/Jul/2026:21:58:19 +0700] "GET /?l=1260373621100 HTTP/1.1" 200 1247 "-" "Mozilla/5.0 (Linux; Android 6.0.1; Nexus 5X Build/MMB29P) AppleWebKit/537.36 (KHTML, like Gecko) Chrome/150.0.7871.186 Mobile Safari/537.36 (compatible; GoogleOther)"
66.249.70.166 - - [31/Jul/2026:21:58:28 +0700] "GET /_autoindex/assets/icons/folder-fill.svg HTTP/1.1" 200 333 "https://lapakabqary.biz.id/?l=1260373621100" "Mozilla/5.0 (Linux; Android 6.0.1; Nexus 5X Build/MMB29P) AppleWebKit/537.36 (KHTML, like Gecko) Chrome/150.0.7871.186 Mobile Safari/537.36 (compatible; GoogleOther)"
66.249.70.168 - - [31/Jul/2026:22:01:04 +0700] "GET /?l=403376081100 HTTP/1.1" 200 1247 "-" "Mozilla/5.0 (Linux; Android 6.0.1; Nexus 5X Build/MMB29P) AppleWebKit/537.36 (KHTML, like Gecko) Chrome/150.0.7871.186 Mobile Safari/537.36 (compatible; Googlebot/2.1; +http://www.google.com/bot.html)"
190.93.189.8 - - [31/Jul/2026:22:01:31 +0700] "GET /?l=1974255401100 HTTP/2" 200 1247 "https://lapakabqary.biz.id" "Mozilla/5.0 (Macintosh; Intel Mac OS X 10_15_7) AppleWebKit/537.36 (KHTML, like Gecko) Chrome/144.0.0.0 Safari/537.36"
66.249.70.166 - - [31/Jul/2026:22:01:36 +0700] "GET /?l=2686523121100 HTTP/1.1" 200 1247 "-" "Mozilla/5.0 (Linux; Android 6.0.1; Nexus 5X Build/MMB29P) AppleWebKit/537.36 (KHTML, like Gecko) Chrome/150.0.7871.186 Mobile Safari/537.36 (compatible; Googlebot/2.1; +http://www.google.com/bot.html)"
66.249.71.7 - - [31/Jul/2026:22:01:43 +0700] "GET /?l=1245522561100 HTTP/1.1" 200 1247 "-" "Mozilla/5.0 (Linux; Android 6.0.1; Nexus 5X Build/MMB29P) AppleWebKit/537.36 (KHTML, like Gecko) Chrome/150.0.7871.186 Mobile Safari/537.36 (compatible; Googlebot/2.1; +http://www.google.com/bot.html)"
66.249.70.166 - - [31/Jul/2026:22:01:57 +0700] "GET /?l=2215414021100 HTTP/1.1" 200 1247 "-" "Mozilla/5.0 (Linux; Android 6.0.1; Nexus 5X Build/MMB29P) AppleWebKit/537.36 (KHTML, like Gecko) Chrome/150.0.7871.186 Mobile Safari/537.36 (compatible; Googlebot/2.1; +http://www.google.com/bot.html)"
66.249.71.8 - - [31/Jul/2026:22:02:03 +0700] "GET /?l=2727623701100 HTTP/1.1" 200 1247 "-" "Mozilla/5.0 (Linux; Android 6.0.1; Nexus 5X Build/MMB29P) AppleWebKit/537.36 (KHTML, like Gecko) Chrome/150.0.7871.186 Mobile Safari/537.36 (compatible; Googlebot/2.1; +http://www.google.com/bot.html)"
66.249.70.166 - - [31/Jul/2026:22:02:09 +0700] "GET /?l=2822465281100 HTTP/1.1" 200 1247 "-" "Mozilla/5.0 (Linux; Android 6.0.1; Nexus 5X Build/MMB29P) AppleWebKit/537.36 (KHTML, like Gecko) Chrome/150.0.7871.186 Mobile Safari/537.36 (compatible; Googlebot/2.1; +http://www.google.com/bot.html)"
136.158.78.109 - - [31/Jul/2026:22:02:30 +0700] "GET /?l=890720941100 HTTP/2" 200 1247 "https://lapakabqary.biz.id" "Mozilla/5.0 (Windows NT 10.0; Win64; x64) AppleWebKit/537.36 (KHTML, like Gecko) Chrome/145.0.0.0 Safari/537.36"
66.249.70.166 - - [31/Jul/2026:22:02:40 +0700] "GET /?productSearch/pictureSearch?id=2144174561100 HTTP/1.1" 200 1247 "-" "Mozilla/5.0 (Linux; Android 6.0.1; Nexus 5X Build/MMB29P) AppleWebKit/537.36 (KHTML, like Gecko) Chrome/150.0.7871.186 Mobile Safari/537.36 (compatible; GoogleOther)"
66.249.70.166 - - [31/Jul/2026:22:02:49 +0700] "GET /_autoindex/assets/js/tablesort.js HTTP/1.1" 200 2137 "https://lapakabqary.biz.id/?l=2215414021100" "Mozilla/5.0 (Linux; Android 6.0.1; Nexus 5X Build/MMB29P) AppleWebKit/537.36 (KHTML, like Gecko) Chrome/150.0.7871.186 Mobile Safari/537.36 (compatible; Googlebot/2.1; +http://www.google.com/bot.html)"
66.249.70.168 - - [31/Jul/2026:22:03:06 +0700] "GET /?productSearch/pictureSearch?id=1308222021100 HTTP/1.1" 200 1247 "-" "Mozilla/5.0 (Linux; Android 6.0.1; Nexus 5X Build/MMB29P) AppleWebKit/537.36 (KHTML, like Gecko) Chrome/150.0.7871.186 Mobile Safari/537.36 (compatible; Googlebot/2.1; +http://www.google.com/bot.html)"
66.249.70.167 - - [31/Jul/2026:22:03:40 +0700] "GET /?productSearch/pictureSearch?id=1125455041100 HTTP/1.1" 200 1247 "-" "Mozilla/5.0 (Linux; Android 6.0.1; Nexus 5X Build/MMB29P) AppleWebKit/537.36 (KHTML, like Gecko) Chrome/150.0.7871.186 Mobile Safari/537.36 (compatible; GoogleOther)"
66.249.70.166 - - [31/Jul/2026:22:03:58 +0700] "GET /?l=353542741100 HTTP/1.1" 200 1247 "-" "Mozilla/5.0 (Linux; Android 6.0.1; Nexus 5X Build/MMB29P) AppleWebKit/537.36 (KHTML, like Gecko) Chrome/150.0.7871.186 Mobile Safari/537.36 (compatible; Googlebot/2.1; +http://www.google.com/bot.html)"
66.249.70.166 - - [31/Jul/2026:22:04:22 +0700] "GET /?productSearch/pictureSearch?id=3402821721100 HTTP/1.1" 200 1247 "-" "Mozilla/5.0 (Linux; Android 6.0.1; Nexus 5X Build/MMB29P) AppleWebKit/537.36 (KHTML, like Gecko) Chrome/150.0.7871.186 Mobile Safari/537.36 (compatible; GoogleOther)"
66.249.71.7 - - [31/Jul/2026:22:04:49 +0700] "GET /?productSearch/pictureSearch?id=3250563281100 HTTP/1.1" 200 1247 "-" "Mozilla/5.0 (Linux; Android 6.0.1; Nexus 5X Build/MMB29P) AppleWebKit/537.36 (KHTML, like Gecko) Chrome/150.0.7871.186 Mobile Safari/537.36 (compatible; GoogleOther)"
66.249.70.166 - - [31/Jul/2026:22:05:33 +0700] "GET /?l=2381427961100 HTTP/1.1" 200 1247 "-" "Mozilla/5.0 (Linux; Android 6.0.1; Nexus 5X Build/MMB29P) AppleWebKit/537.36 (KHTML, like Gecko) Chrome/150.0.7871.186 Mobile Safari/537.36 (compatible; GoogleOther)"
66.249.70.168 - - [31/Jul/2026:22:06:06 +0700] "GET /?l=1354956561100 HTTP/1.1" 200 1247 "-" "Mozilla/5.0 (Linux; Android 6.0.1; Nexus 5X Build/MMB29P) AppleWebKit/537.36 (KHTML, like Gecko) Chrome/150.0.7871.186 Mobile Safari/537.36 (compatible; GoogleOther)"
66.249.70.166 - - [31/Jul/2026:22:06:28 +0700] "GET /?l=2135302721100 HTTP/1.1" 200 1247 "-" "Mozilla/5.0 (Linux; Android 6.0.1; Nexus 5X Build/MMB29P) AppleWebKit/537.36 (KHTML, like Gecko) Chrome/150.0.7871.186 Mobile Safari/537.36 (compatible; GoogleOther)"
66.249.71.7 - - [31/Jul/2026:22:06:35 +0700] "GET /_autoindex/assets/js/tablesort.number.js HTTP/1.1" 200 322 "https://lapakabqary.biz.id/?l=2135302721100" "Mozilla/5.0 (Linux; Android 6.0.1; Nexus 5X Build/MMB29P) AppleWebKit/537.36 (KHTML, like Gecko) Chrome/150.0.7871.186 Mobile Safari/537.36 (compatible; GoogleOther)"
66.249.71.7 - - [31/Jul/2026:22:06:47 +0700] "GET /?product/review/2089008601100 HTTP/1.1" 200 1247 "-" "Mozilla/5.0 (Linux; Android 6.0.1; Nexus 5X Build/MMB29P) AppleWebKit/537.36 (KHTML, like Gecko) Chrome/150.0.7871.186 Mobile Safari/537.36 (compatible; Googlebot/2.1; +http://www.google.com/bot.html)"
66.249.71.9 - - [31/Jul/2026:22:07:38 +0700] "GET /?l=1415872381100 HTTP/1.1" 200 1247 "-" "Mozilla/5.0 (Linux; Android 6.0.1; Nexus 5X Build/MMB29P) AppleWebKit/537.36 (KHTML, like Gecko) Chrome/150.0.7871.186 Mobile Safari/537.36 (compatible; GoogleOther)"
66.249.70.166 - - [31/Jul/2026:22:07:59 +0700] "GET /?l=2369317021100 HTTP/1.1" 200 1247 "-" "Mozilla/5.0 (Linux; Android 6.0.1; Nexus 5X Build/MMB29P) AppleWebKit/537.36 (KHTML, like Gecko) Chrome/150.0.7871.186 Mobile Safari/537.36 (compatible; GoogleOther)"
66.249.70.168 - - [31/Jul/2026:22:08:39 +0700] "GET /?l=1501754281100 HTTP/1.1" 200 1247 "-" "Mozilla/5.0 (Linux; Android 6.0.1; Nexus 5X Build/MMB29P) AppleWebKit/537.36 (KHTML, like Gecko) Chrome/150.0.7871.186 Mobile Safari/537.36 (compatible; GoogleOther)"
66.249.70.166 - - [31/Jul/2026:22:09:39 +0700] "GET /?l=629492101100 HTTP/1.1" 200 1247 "-" "Mozilla/5.0 (Linux; Android 6.0.1; Nexus 5X Build/MMB29P) AppleWebKit/537.36 (KHTML, like Gecko) Chrome/151.0.7922.71 Mobile Safari/537.36 (compatible; Googlebot/2.1; +http://www.google.com/bot.html)"
66.249.71.7 - - [31/Jul/2026:22:10:01 +0700] "GET /?l=1520315361100 HTTP/1.1" 200 1247 "-" "Mozilla/5.0 (Linux; Android 6.0.1; Nexus 5X Build/MMB29P) AppleWebKit/537.36 (KHTML, like Gecko) Chrome/150.0.7871.186 Mobile Safari/537.36 (compatible; GoogleOther)"
66.249.70.167 - - [31/Jul/2026:22:10:21 +0700] "GET /?l=3073760881100 HTTP/1.1" 200 1247 "-" "Mozilla/5.0 (Linux; Android 6.0.1; Nexus 5X Build/MMB29P) AppleWebKit/537.36 (KHTML, like Gecko) Chrome/150.0.7871.186 Mobile Safari/537.36 (compatible; GoogleOther)"
66.249.70.166 - - [31/Jul/2026:22:10:29 +0700] "GET /?productSearch/pictureSearch?id=1738807601100 HTTP/1.1" 200 1247 "-" "Mozilla/5.0 (Linux; Android 6.0.1; Nexus 5X Build/MMB29P) AppleWebKit/537.36 (KHTML, like Gecko) Chrome/150.0.7871.186 Mobile Safari/537.36 (compatible; Googlebot/2.1; +http://www.google.com/bot.html)"
66.249.70.166 - - [31/Jul/2026:22:10:43 +0700] "GET /?productSearch/pictureSearch?id=347569621100 HTTP/1.1" 200 1247 "-" "Mozilla/5.0 (Linux; Android 6.0.1; Nexus 5X Build/MMB29P) AppleWebKit/537.36 (KHTML, like Gecko) Chrome/150.0.7871.186 Mobile Safari/537.36 (compatible; Googlebot/2.1; +http://www.google.com/bot.html)"
66.249.70.166 - - [31/Jul/2026:22:10:51 +0700] "GET /?shop/sold?id=top649661141100 HTTP/1.1" 200 1247 "-" "Mozilla/5.0 (Linux; Android 6.0.1; Nexus 5X Build/MMB29P) AppleWebKit/537.36 (KHTML, like Gecko) Chrome/150.0.7871.186 Mobile Safari/537.36 (compatible; Googlebot/2.1; +http://www.google.com/bot.html)"
66.249.71.7 - - [31/Jul/2026:22:11:38 +0700] "GET /?l=1538694661100 HTTP/1.1" 200 1247 "-" "Mozilla/5.0 (Linux; Android 6.0.1; Nexus 5X Build/MMB29P) AppleWebKit/537.36 (KHTML, like Gecko) Chrome/150.0.7871.186 Mobile Safari/537.36 (compatible; GoogleOther)"
66.249.71.8 - - [31/Jul/2026:22:11:49 +0700] "GET /?l=1819477661100 HTTP/1.1" 200 1247 "-" "Mozilla/5.0 (Linux; Android 6.0.1; Nexus 5X Build/MMB29P) AppleWebKit/537.36 (KHTML, like Gecko) Chrome/150.0.7871.186 Mobile Safari/537.36 (compatible; Googlebot/2.1; +http://www.google.com/bot.html)"
66.249.70.166 - - [31/Jul/2026:22:12:57 +0700] "GET /?l=1266549261100 HTTP/1.1" 200 1247 "-" "Mozilla/5.0 (Linux; Android 6.0.1; Nexus 5X Build/MMB29P) AppleWebKit/537.36 (KHTML, like Gecko) Chrome/150.0.7871.186 Mobile Safari/537.36 (compatible; GoogleOther)"
66.249.70.166 - - [31/Jul/2026:22:14:07 +0700] "GET /?l=3418764681100 HTTP/1.1" 200 1247 "-" "Mozilla/5.0 (Linux; Android 6.0.1; Nexus 5X Build/MMB29P) AppleWebKit/537.36 (KHTML, like Gecko) Chrome/150.0.7871.186 Mobile Safari/537.36 (compatible; Googlebot/2.1; +http://www.google.com/bot.html)"
66.249.71.8 - - [31/Jul/2026:22:14:35 +0700] "GET /?l=3542231121100 HTTP/1.1" 200 1247 "-" "Mozilla/5.0 (Linux; Android 6.0.1; Nexus 5X Build/MMB29P) AppleWebKit/537.36 (KHTML, like Gecko) Chrome/150.0.7871.186 Mobile Safari/537.36 (compatible; GoogleOther)"
66.249.70.167 - - [31/Jul/2026:22:15:03 +0700] "GET /?l=1568570021100 HTTP/1.1" 200 1247 "-" "Mozilla/5.0 (Linux; Android 6.0.1; Nexus 5X Build/MMB29P) AppleWebKit/537.36 (KHTML, like Gecko) Chrome/150.0.7871.186 Mobile Safari/537.36 (compatible; Googlebot/2.1; +http://www.google.com/bot.html)"
66.249.70.166 - - [31/Jul/2026:22:16:04 +0700] "GET /?l=1025937201100 HTTP/1.1" 200 1247 "-" "Mozilla/5.0 (Linux; Android 6.0.1; Nexus 5X Build/MMB29P) AppleWebKit/537.36 (KHTML, like Gecko) Chrome/150.0.7871.186 Mobile Safari/537.36 (compatible; GoogleOther)"
66.249.71.8 - - [31/Jul/2026:22:17:25 +0700] "GET /?product/review/421227121100 HTTP/1.1" 200 1247 "-" "Mozilla/5.0 (Linux; Android 6.0.1; Nexus 5X Build/MMB29P) AppleWebKit/537.36 (KHTML, like Gecko) Chrome/150.0.7871.186 Mobile Safari/537.36 (compatible; GoogleOther)"
66.249.70.167 - - [31/Jul/2026:22:17:39 +0700] "GET /?l=2727623701100 HTTP/1.1" 200 1247 "-" "Mozilla/5.0 (Linux; Android 6.0.1; Nexus 5X Build/MMB29P) AppleWebKit/537.36 (KHTML, like Gecko) Chrome/150.0.7871.186 Mobile Safari/537.36 (compatible; GoogleOther)"
66.249.70.168 - - [31/Jul/2026:22:18:10 +0700] "GET /?l=3584071021100 HTTP/1.1" 200 1247 "-" "Mozilla/5.0 (Linux; Android 6.0.1; Nexus 5X Build/MMB29P) AppleWebKit/537.36 (KHTML, like Gecko) Chrome/150.0.7871.186 Mobile Safari/537.36 (compatible; Googlebot/2.1; +http://www.google.com/bot.html)"
66.249.71.7 - - [31/Jul/2026:22:18:23 +0700] "GET /?l=2667838821100 HTTP/1.1" 200 1247 "-" "Mozilla/5.0 (Linux; Android 6.0.1; Nexus 5X Build/MMB29P) AppleWebKit/537.36 (KHTML, like Gecko) Chrome/150.0.7871.186 Mobile Safari/537.36 (compatible; Googlebot/2.1; +http://www.google.com/bot.html)"
66.249.70.166 - - [31/Jul/2026:22:18:37 +0700] "GET /?shop/sold?id=top505300981100 HTTP/1.1" 200 1247 "-" "Mozilla/5.0 (Linux; Android 6.0.1; Nexus 5X Build/MMB29P) AppleWebKit/537.36 (KHTML, like Gecko) Chrome/150.0.7871.186 Mobile Safari/537.36 (compatible; Googlebot/2.1; +http://www.google.com/bot.html)"
66.249.70.166 - - [31/Jul/2026:22:18:50 +0700] "GET /?l=965371521100 HTTP/1.1" 200 1247 "-" "Mozilla/5.0 (Linux; Android 6.0.1; Nexus 5X Build/MMB29P) AppleWebKit/537.36 (KHTML, like Gecko) Chrome/150.0.7871.186 Mobile Safari/537.36 (compatible; Googlebot/2.1; +http://www.google.com/bot.html)"
66.249.70.168 - - [31/Jul/2026:22:19:40 +0700] "GET /?productSearch/pictureSearch?id=3402821721100 HTTP/1.1" 200 1247 "-" "Mozilla/5.0 (Linux; Android 6.0.1; Nexus 5X Build/MMB29P) AppleWebKit/537.36 (KHTML, like Gecko) Chrome/150.0.7871.186 Mobile Safari/537.36 (compatible; Googlebot/2.1; +http://www.google.com/bot.html)"
66.249.70.166 - - [31/Jul/2026:22:19:46 +0700] "GET /?l=1798130101100 HTTP/1.1" 200 1247 "-" "Mozilla/5.0 (Linux; Android 6.0.1; Nexus 5X Build/MMB29P) AppleWebKit/537.36 (KHTML, like Gecko) Chrome/150.0.7871.186 Mobile Safari/537.36 (compatible; GoogleOther)"
66.249.71.7 - - [31/Jul/2026:22:20:36 +0700] "GET /?l=2660388281100 HTTP/1.1" 200 1247 "-" "Mozilla/5.0 (Linux; Android 6.0.1; Nexus 5X Build/MMB29P) AppleWebKit/537.36 (KHTML, like Gecko) Chrome/150.0.7871.186 Mobile Safari/537.36 (compatible; GoogleOther)"
66.249.70.166 - - [31/Jul/2026:22:23:27 +0700] "GET /?shop/sold?id=top3231936321100 HTTP/1.1" 200 1247 "-" "Mozilla/5.0 (Linux; Android 6.0.1; Nexus 5X Build/MMB29P) AppleWebKit/537.36 (KHTML, like Gecko) Chrome/150.0.7871.186 Mobile Safari/537.36 (compatible; Googlebot/2.1; +http://www.google.com/bot.html)"
66.249.71.7 - - [31/Jul/2026:22:23:50 +0700] "GET /?l=241587001100 HTTP/1.1" 200 1247 "-" "Mozilla/5.0 (Linux; Android 6.0.1; Nexus 5X Build/MMB29P) AppleWebKit/537.36 (KHTML, like Gecko) Chrome/150.0.7871.186 Mobile Safari/537.36 (compatible; Googlebot/2.1; +http://www.google.com/bot.html)"
66.249.70.166 - - [31/Jul/2026:22:23:57 +0700] "GET /_autoindex/assets/icons/folder-fill.svg HTTP/1.1" 200 333 "https://lapakabqary.biz.id/?l=241587001100" "Mozilla/5.0 (Linux; Android 6.0.1; Nexus 5X Build/MMB29P) AppleWebKit/537.36 (KHTML, like Gecko) Chrome/150.0.7871.186 Mobile Safari/537.36 (compatible; Googlebot/2.1; +http://www.google.com/bot.html)"
66.249.70.166 - - [31/Jul/2026:22:24:39 +0700] "GET /?l=1798130101100 HTTP/1.1" 200 1247 "-" "Mozilla/5.0 (Linux; Android 6.0.1; Nexus 5X Build/MMB29P) AppleWebKit/537.36 (KHTML, like Gecko) Chrome/150.0.7871.186 Mobile Safari/537.36 (compatible; Googlebot/2.1; +http://www.google.com/bot.html)"
66.249.70.166 - - [31/Jul/2026:22:24:45 +0700] "GET /?l=3107640281100 HTTP/1.1" 200 1247 "-" "Mozilla/5.0 (Linux; Android 6.0.1; Nexus 5X Build/MMB29P) AppleWebKit/537.36 (KHTML, like Gecko) Chrome/150.0.7871.186 Mobile Safari/537.36 (compatible; Googlebot/2.1; +http://www.google.com/bot.html)"
66.249.70.166 - - [31/Jul/2026:22:24:51 +0700] "GET /?product/category/view_more/779291021100 HTTP/1.1" 200 1247 "-" "Mozilla/5.0 (Linux; Android 6.0.1; Nexus 5X Build/MMB29P) AppleWebKit/537.36 (KHTML, like Gecko) Chrome/150.0.7871.186 Mobile Safari/537.36 (compatible; Googlebot/2.1; +http://www.google.com/bot.html)"
66.249.70.166 - - [31/Jul/2026:22:24:56 +0700] "GET /?l=2878021641100 HTTP/1.1" 200 1247 "-" "Mozilla/5.0 (Linux; Android 6.0.1; Nexus 5X Build/MMB29P) AppleWebKit/537.36 (KHTML, like Gecko) Chrome/150.0.7871.186 Mobile Safari/537.36 (compatible; GoogleOther)"
66.249.71.7 - - [31/Jul/2026:22:25:07 +0700] "GET /_autoindex/assets/js/tablesort.number.js HTTP/1.1" 200 322 "https://lapakabqary.biz.id/?product/category/view_more/779291021100" "Mozilla/5.0 (Linux; Android 6.0.1; Nexus 5X Build/MMB29P) AppleWebKit/537.36 (KHTML, like Gecko) Chrome/150.0.7871.186 Mobile Safari/537.36 (compatible; Googlebot/2.1; +http://www.google.com/bot.html)"
66.249.70.167 - - [31/Jul/2026:22:25:14 +0700] "GET /?l=398371641100 HTTP/1.1" 200 1247 "-" "Mozilla/5.0 (Linux; Android 6.0.1; Nexus 5X Build/MMB29P) AppleWebKit/537.36 (KHTML, like Gecko) Chrome/150.0.7871.186 Mobile Safari/537.36 (compatible; Googlebot/2.1; +http://www.google.com/bot.html)"
66.249.71.7 - - [31/Jul/2026:22:25:20 +0700] "GET /?l=472933161100 HTTP/1.1" 200 1247 "-" "Mozilla/5.0 (Linux; Android 6.0.1; Nexus 5X Build/MMB29P) AppleWebKit/537.36 (KHTML, like Gecko) Chrome/150.0.7871.186 Mobile Safari/537.36 (compatible; Googlebot/2.1; +http://www.google.com/bot.html)"
66.249.71.7 - - [31/Jul/2026:22:25:51 +0700] "GET /?l=2280819441100 HTTP/1.1" 200 1247 "-" "Mozilla/5.0 (Linux; Android 6.0.1; Nexus 5X Build/MMB29P) AppleWebKit/537.36 (KHTML, like Gecko) Chrome/150.0.7871.186 Mobile Safari/537.36 (compatible; Googlebot/2.1; +http://www.google.com/bot.html)"
66.249.70.167 - - [31/Jul/2026:22:27:04 +0700] "GET /?l=3397310981100 HTTP/1.1" 200 1247 "-" "Mozilla/5.0 (Linux; Android 6.0.1; Nexus 5X Build/MMB29P) AppleWebKit/537.36 (KHTML, like Gecko) Chrome/150.0.7871.186 Mobile Safari/537.36 (compatible; Googlebot/2.1; +http://www.google.com/bot.html)"
66.249.71.7 - - [31/Jul/2026:22:27:44 +0700] "GET /?l=822421681100 HTTP/1.1" 200 1247 "-" "Mozilla/5.0 (Linux; Android 6.0.1; Nexus 5X Build/MMB29P) AppleWebKit/537.36 (KHTML, like Gecko) Chrome/150.0.7871.186 Mobile Safari/537.36 (compatible; Googlebot/2.1; +http://www.google.com/bot.html)"
66.249.70.166 - - [31/Jul/2026:22:27:56 +0700] "GET /?l=3312167181100 HTTP/1.1" 200 1247 "-" "Mozilla/5.0 (Linux; Android 6.0.1; Nexus 5X Build/MMB29P) AppleWebKit/537.36 (KHTML, like Gecko) Chrome/150.0.7871.186 Mobile Safari/537.36 (compatible; Googlebot/2.1; +http://www.google.com/bot.html)"
66.249.70.166 - - [31/Jul/2026:22:28:13 +0700] "GET /?l=2312496741100 HTTP/1.1" 200 1247 "-" "Mozilla/5.0 (Linux; Android 6.0.1; Nexus 5X Build/MMB29P) AppleWebKit/537.36 (KHTML, like Gecko) Chrome/150.0.7871.186 Mobile Safari/537.36 (compatible; Googlebot/2.1; +http://www.google.com/bot.html)"
66.249.70.166 - - [31/Jul/2026:22:28:31 +0700] "GET /?l=990680421100 HTTP/1.1" 200 1247 "-" "Mozilla/5.0 (Linux; Android 6.0.1; Nexus 5X Build/MMB29P) AppleWebKit/537.36 (KHTML, like Gecko) Chrome/150.0.7871.186 Mobile Safari/537.36 (compatible; Googlebot/2.1; +http://www.google.com/bot.html)"
66.249.71.7 - - [31/Jul/2026:22:28:36 +0700] "GET /?l=2186258461100 HTTP/1.1" 200 1247 "-" "Mozilla/5.0 (Linux; Android 6.0.1; Nexus 5X Build/MMB29P) AppleWebKit/537.36 (KHTML, like Gecko) Chrome/150.0.7871.186 Mobile Safari/537.36 (compatible; Googlebot/2.1; +http://www.google.com/bot.html)"
66.249.71.9 - - [31/Jul/2026:22:32:23 +0700] "GET /?l=3166741961100 HTTP/1.1" 200 1247 "-" "Mozilla/5.0 (Linux; Android 6.0.1; Nexus 5X Build/MMB29P) AppleWebKit/537.36 (KHTML, like Gecko) Chrome/150.0.7871.186 Mobile Safari/537.36 (compatible; GoogleOther)"
42.113.161.150 - - [31/Jul/2026:22:32:41 +0700] "GET /?l=1345516201100 HTTP/2" 200 1247 "https://lapakabqary.biz.id" "Mozilla/5.0 (Windows NT 10.0; Win64; x64) AppleWebKit/537.36 (KHTML, like Gecko) Chrome/145.0.0.0 Safari/537.36"
66.249.70.168 - - [31/Jul/2026:22:35:34 +0700] "GET /?productSearch/pictureSearch?id=3516968581100 HTTP/1.1" 200 1247 "-" "Mozilla/5.0 (Linux; Android 6.0.1; Nexus 5X Build/MMB29P) AppleWebKit/537.36 (KHTML, like Gecko) Chrome/150.0.7871.186 Mobile Safari/537.36 (compatible; GoogleOther)"
66.249.71.9 - - [31/Jul/2026:22:36:46 +0700] "GET /?product/review/3265985301100 HTTP/1.1" 200 1247 "-" "Mozilla/5.0 (Linux; Android 6.0.1; Nexus 5X Build/MMB29P) AppleWebKit/537.36 (KHTML, like Gecko) Chrome/150.0.7871.186 Mobile Safari/537.36 (compatible; GoogleOther)"
66.249.71.34 - - [31/Jul/2026:22:41:35 +0700] "GET /?shop/sold?id=top2441504421100 HTTP/1.1" 200 1247 "-" "Mozilla/5.0 (Linux; Android 6.0.1; Nexus 5X Build/MMB29P) AppleWebKit/537.36 (KHTML, like Gecko) Chrome/150.0.7871.186 Mobile Safari/537.36 (compatible; GoogleOther)"
66.249.70.167 - - [31/Jul/2026:22:42:16 +0700] "GET /?l=1527948901100 HTTP/1.1" 200 1247 "-" "Mozilla/5.0 (Linux; Android 6.0.1; Nexus 5X Build/MMB29P) AppleWebKit/537.36 (KHTML, like Gecko) Chrome/150.0.7871.186 Mobile Safari/537.36 (compatible; GoogleOther)"
66.249.70.166 - - [31/Jul/2026:22:43:03 +0700] "GET /?productSearch/pictureSearch?id=3580794101100 HTTP/1.1" 200 1247 "-" "Mozilla/5.0 (Linux; Android 6.0.1; Nexus 5X Build/MMB29P) AppleWebKit/537.36 (KHTML, like Gecko) Chrome/150.0.7871.186 Mobile Safari/537.36 (compatible; Googlebot/2.1; +http://www.google.com/bot.html)"
66.249.70.168 - - [31/Jul/2026:22:44:14 +0700] "GET /?l=3300186781100 HTTP/1.1" 200 1247 "-" "Mozilla/5.0 (Linux; Android 6.0.1; Nexus 5X Build/MMB29P) AppleWebKit/537.36 (KHTML, like Gecko) Chrome/150.0.7871.186 Mobile Safari/537.36 (compatible; GoogleOther)"
66.249.71.7 - - [31/Jul/2026:22:44:22 +0700] "GET /?productSearch/pictureSearch?id=461905581100 HTTP/1.1" 200 1247 "-" "Mozilla/5.0 (Linux; Android 6.0.1; Nexus 5X Build/MMB29P) AppleWebKit/537.36 (KHTML, like Gecko) Chrome/150.0.7871.186 Mobile Safari/537.36 (compatible; Googlebot/2.1; +http://www.google.com/bot.html)"
66.249.70.166 - - [31/Jul/2026:22:44:56 +0700] "GET /?shop/sold?id=top1559071101100 HTTP/1.1" 200 1247 "-" "Mozilla/5.0 (Linux; Android 6.0.1; Nexus 5X Build/MMB29P) AppleWebKit/537.36 (KHTML, like Gecko) Chrome/150.0.7871.186 Mobile Safari/537.36 (compatible; Googlebot/2.1; +http://www.google.com/bot.html)"
66.249.70.168 - - [31/Jul/2026:22:46:32 +0700] "GET /?product/review/2289050781100 HTTP/1.1" 200 1247 "-" "Mozilla/5.0 (Linux; Android 6.0.1; Nexus 5X Build/MMB29P) AppleWebKit/537.36 (KHTML, like Gecko) Chrome/150.0.7871.186 Mobile Safari/537.36 (compatible; Googlebot/2.1; +http://www.google.com/bot.html)"
66.249.70.166 - - [31/Jul/2026:22:48:04 +0700] "GET /?l=2199120921100 HTTP/1.1" 200 1247 "-" "Mozilla/5.0 (Linux; Android 6.0.1; Nexus 5X Build/MMB29P) AppleWebKit/537.36 (KHTML, like Gecko) Chrome/150.0.7871.186 Mobile Safari/537.36 (compatible; Googlebot/2.1; +http://www.google.com/bot.html)"
66.249.70.167 - - [31/Jul/2026:22:48:14 +0700] "GET /_autoindex/assets/icons/file.svg HTTP/1.1" 200 354 "https://lapakabqary.biz.id/?l=2199120921100" "Mozilla/5.0 (Linux; Android 6.0.1; Nexus 5X Build/MMB29P) AppleWebKit/537.36 (KHTML, like Gecko) Chrome/150.0.7871.186 Mobile Safari/537.36 (compatible; Googlebot/2.1; +http://www.google.com/bot.html)"
66.249.71.7 - - [31/Jul/2026:22:48:32 +0700] "GET /?l=2336015901100 HTTP/1.1" 200 1247 "-" "Mozilla/5.0 (Linux; Android 6.0.1; Nexus 5X Build/MMB29P) AppleWebKit/537.36 (KHTML, like Gecko) Chrome/150.0.7871.186 Mobile Safari/537.36 (compatible; Googlebot/2.1; +http://www.google.com/bot.html)"
66.249.70.166 - - [31/Jul/2026:22:48:54 +0700] "GET /?productSearch/pictureSearch?id=2602710341100 HTTP/1.1" 200 1247 "-" "Mozilla/5.0 (Linux; Android 6.0.1; Nexus 5X Build/MMB29P) AppleWebKit/537.36 (KHTML, like Gecko) Chrome/150.0.7871.186 Mobile Safari/537.36 (compatible; GoogleOther)"
66.249.71.7 - - [31/Jul/2026:22:49:31 +0700] "GET /?l=820566061100 HTTP/1.1" 200 1247 "-" "Mozilla/5.0 (Linux; Android 6.0.1; Nexus 5X Build/MMB29P) AppleWebKit/537.36 (KHTML, like Gecko) Chrome/150.0.7871.186 Mobile Safari/537.36 (compatible; GoogleOther)"
66.249.71.9 - - [31/Jul/2026:22:50:06 +0700] "GET /?l=2447623941100 HTTP/1.1" 200 1247 "-" "Mozilla/5.0 (Linux; Android 6.0.1; Nexus 5X Build/MMB29P) AppleWebKit/537.36 (KHTML, like Gecko) Chrome/150.0.7871.186 Mobile Safari/537.36 (compatible; GoogleOther)"
66.249.71.8 - - [31/Jul/2026:22:50:27 +0700] "GET /?l=420585401100 HTTP/1.1" 200 1247 "-" "Mozilla/5.0 (Linux; Android 6.0.1; Nexus 5X Build/MMB29P) AppleWebKit/537.36 (KHTML, like Gecko) Chrome/150.0.7871.186 Mobile Safari/537.36 (compatible; Googlebot/2.1; +http://www.google.com/bot.html)"
66.249.70.166 - - [31/Jul/2026:22:50:38 +0700] "GET /?l=820225681100 HTTP/1.1" 200 1247 "-" "Mozilla/5.0 (Linux; Android 6.0.1; Nexus 5X Build/MMB29P) AppleWebKit/537.36 (KHTML, like Gecko) Chrome/150.0.7871.186 Mobile Safari/537.36 (compatible; GoogleOther)"
66.249.70.167 - - [31/Jul/2026:22:51:10 +0700] "GET /?l=2445026561100 HTTP/1.1" 200 1247 "-" "Mozilla/5.0 (Linux; Android 6.0.1; Nexus 5X Build/MMB29P) AppleWebKit/537.36 (KHTML, like Gecko) Chrome/150.0.7871.186 Mobile Safari/537.36 (compatible; GoogleOther)"
66.249.71.7 - - [31/Jul/2026:22:51:44 +0700] "GET /?l=824382221100 HTTP/1.1" 200 1247 "-" "Mozilla/5.0 (Linux; Android 6.0.1; Nexus 5X Build/MMB29P) AppleWebKit/537.36 (KHTML, like Gecko) Chrome/150.0.7871.186 Mobile Safari/537.36 (compatible; GoogleOther)"
66.249.71.8 - - [31/Jul/2026:22:52:00 +0700] "GET /?l=820495301100 HTTP/1.1" 200 1247 "-" "Mozilla/5.0 (Linux; Android 6.0.1; Nexus 5X Build/MMB29P) AppleWebKit/537.36 (KHTML, like Gecko) Chrome/150.0.7871.186 Mobile Safari/537.36 (compatible; GoogleOther)"
66.249.71.7 - - [31/Jul/2026:22:55:26 +0700] "GET /?shop/sold?id=top1521194981100 HTTP/1.1" 200 1247 "-" "Mozilla/5.0 (Linux; Android 6.0.1; Nexus 5X Build/MMB29P) AppleWebKit/537.36 (KHTML, like Gecko) Chrome/150.0.7871.186 Mobile Safari/537.36 (compatible; GoogleOther)"
66.249.71.8 - - [31/Jul/2026:22:55:58 +0700] "GET /?l=2446739441100 HTTP/1.1" 200 1247 "-" "Mozilla/5.0 (Linux; Android 6.0.1; Nexus 5X Build/MMB29P) AppleWebKit/537.36 (KHTML, like Gecko) Chrome/150.0.7871.186 Mobile Safari/537.36 (compatible; GoogleOther)"
66.249.70.167 - - [31/Jul/2026:22:58:04 +0700] "GET /?productSearch/pictureSearch?id=3516968581100 HTTP/1.1" 200 1247 "-" "Mozilla/5.0 (Linux; Android 6.0.1; Nexus 5X Build/MMB29P) AppleWebKit/537.36 (KHTML, like Gecko) Chrome/150.0.7871.186 Mobile Safari/537.36 (compatible; Googlebot/2.1; +http://www.google.com/bot.html)"
66.249.70.166 - - [31/Jul/2026:22:59:09 +0700] "GET /?l=1476411221100 HTTP/1.1" 200 1247 "-" "Mozilla/5.0 (Linux; Android 6.0.1; Nexus 5X Build/MMB29P) AppleWebKit/537.36 (KHTML, like Gecko) Chrome/150.0.7871.186 Mobile Safari/537.36 (compatible; Googlebot/2.1; +http://www.google.com/bot.html)"
66.249.70.167 - - [31/Jul/2026:22:59:56 +0700] "GET /?product/category/view_more/2209497021100 HTTP/1.1" 200 1247 "-" "Mozilla/5.0 (Linux; Android 6.0.1; Nexus 5X Build/MMB29P) AppleWebKit/537.36 (KHTML, like Gecko) Chrome/150.0.7871.186 Mobile Safari/537.36 (compatible; Googlebot/2.1; +http://www.google.com/bot.html)"
216.73.216.243 - - [31/Jul/2026:23:00:17 +0700] "GET /robots.txt HTTP/2" 200 71 "-" "Mozilla/5.0 AppleWebKit/537.36 (KHTML, like Gecko; compatible; ClaudeBot/1.0; +claudebot@anthropic.com)"
216.73.216.243 - - [31/Jul/2026:23:00:22 +0700] "GET / HTTP/2" 200 1247 "-" "Mozilla/5.0 AppleWebKit/537.36 (KHTML, like Gecko; compatible; ClaudeBot/1.0; +claudebot@anthropic.com)"
66.249.70.166 - - [31/Jul/2026:23:00:30 +0700] "GET /?productSearch/pictureSearch?id=3607617021100 HTTP/1.1" 200 1247 "-" "Mozilla/5.0 (Linux; Android 6.0.1; Nexus 5X Build/MMB29P) AppleWebKit/537.36 (KHTML, like Gecko) Chrome/150.0.7871.186 Mobile Safari/537.36 (compatible; GoogleOther)"
66.249.70.166 - - [31/Jul/2026:23:00:46 +0700] "GET /?product/review/3614345321100 HTTP/1.1" 200 1247 "-" "Mozilla/5.0 (Linux; Android 6.0.1; Nexus 5X Build/MMB29P) AppleWebKit/537.36 (KHTML, like Gecko) Chrome/150.0.7871.186 Mobile Safari/537.36 (compatible; Googlebot/2.1; +http://www.google.com/bot.html)"
66.249.70.168 - - [31/Jul/2026:23:02:54 +0700] "GET /?productSearch/pictureSearch?id=2319674001100 HTTP/1.1" 200 1247 "-" "Mozilla/5.0 (Linux; Android 6.0.1; Nexus 5X Build/MMB29P) AppleWebKit/537.36 (KHTML, like Gecko) Chrome/150.0.7871.186 Mobile Safari/537.36 (compatible; Googlebot/2.1; +http://www.google.com/bot.html)"
66.249.70.166 - - [31/Jul/2026:23:04:53 +0700] "GET /?l=1813166601100 HTTP/1.1" 200 1247 "-" "Mozilla/5.0 (Linux; Android 6.0.1; Nexus 5X Build/MMB29P) AppleWebKit/537.36 (KHTML, like Gecko) Chrome/150.0.7871.186 Mobile Safari/537.36 (compatible; Googlebot/2.1; +http://www.google.com/bot.html)"
66.249.70.167 - - [31/Jul/2026:23:05:00 +0700] "GET /?productSearch/pictureSearch?id=1125455041100 HTTP/1.1" 200 1247 "-" "Mozilla/5.0 (Linux; Android 6.0.1; Nexus 5X Build/MMB29P) AppleWebKit/537.36 (KHTML, like Gecko) Chrome/150.0.7871.186 Mobile Safari/537.36 (compatible; Googlebot/2.1; +http://www.google.com/bot.html)"
66.249.70.166 - - [31/Jul/2026:23:05:33 +0700] "GET /?product/review/3350553261100 HTTP/1.1" 200 1247 "-" "Mozilla/5.0 (Linux; Android 6.0.1; Nexus 5X Build/MMB29P) AppleWebKit/537.36 (KHTML, like Gecko) Chrome/150.0.7871.186 Mobile Safari/537.36 (compatible; Googlebot/2.1; +http://www.google.com/bot.html)"
167.99.55.163 - - [31/Jul/2026:23:05:46 +0700] "GET / HTTP/1.1" 200 1485 "-" "Mozilla/5.0 (X11; Linux x86_64) AppleWebKit/537.36 (KHTML, like Gecko) Chrome/142.0.0.0 Safari/537.36"
167.99.55.163 - - [31/Jul/2026:23:05:54 +0700] "GET /favicon.ico HTTP/1.1" 404 1251 "https://www.lapakabqary.biz.id/" "Mozilla/5.0 (X11; Linux x86_64) AppleWebKit/537.36 (KHTML, like Gecko) Chrome/142.0.0.0 Safari/537.36"
66.249.70.168 - - [31/Jul/2026:23:06:30 +0700] "GET /?l=2048642461100 HTTP/1.1" 200 1247 "-" "Mozilla/5.0 (Linux; Android 6.0.1; Nexus 5X Build/MMB29P) AppleWebKit/537.36 (KHTML, like Gecko) Chrome/150.0.7871.186 Mobile Safari/537.36 (compatible; GoogleOther)"
88.164.175.150 - - [31/Jul/2026:23:07:08 +0700] "GET /?l=1569872981100 HTTP/2" 200 1247 "https://lapakabqary.biz.id" "Mozilla/5.0 (Windows NT 10.0; Win64; x64) AppleWebKit/537.36 (KHTML, like Gecko) Chrome/145.0.0.0 Safari/537.36"
66.249.70.168 - - [31/Jul/2026:23:08:24 +0700] "GET /?l=458684781100 HTTP/1.1" 200 1247 "-" "Mozilla/5.0 (Linux; Android 6.0.1; Nexus 5X Build/MMB29P) AppleWebKit/537.36 (KHTML, like Gecko) Chrome/150.0.7871.186 Mobile Safari/537.36 (compatible; Googlebot/2.1; +http://www.google.com/bot.html)"
66.249.70.168 - - [31/Jul/2026:23:09:33 +0700] "GET /?l=3364270941100 HTTP/1.1" 200 1247 "-" "Mozilla/5.0 (Linux; Android 6.0.1; Nexus 5X Build/MMB29P) AppleWebKit/537.36 (KHTML, like Gecko) Chrome/150.0.7871.186 Mobile Safari/537.36 (compatible; Googlebot/2.1; +http://www.google.com/bot.html)"
66.249.70.166 - - [31/Jul/2026:23:10:15 +0700] "GET /?l=3682468901100 HTTP/1.1" 200 1247 "-" "Mozilla/5.0 (Linux; Android 6.0.1; Nexus 5X Build/MMB29P) AppleWebKit/537.36 (KHTML, like Gecko) Chrome/150.0.7871.186 Mobile Safari/537.36 (compatible; GoogleOther)"
66.249.70.167 - - [31/Jul/2026:23:13:18 +0700] "GET /?l=224228841100 HTTP/1.1" 200 1247 "-" "Mozilla/5.0 (Linux; Android 6.0.1; Nexus 5X Build/MMB29P) AppleWebKit/537.36 (KHTML, like Gecko) Chrome/150.0.7871.186 Mobile Safari/537.36 (compatible; GoogleOther)"
66.249.70.167 - - [31/Jul/2026:23:14:31 +0700] "GET /?shop/sold?id=top3601364521100 HTTP/1.1" 200 1247 "-" "Mozilla/5.0 (Linux; Android 6.0.1; Nexus 5X Build/MMB29P) AppleWebKit/537.36 (KHTML, like Gecko) Chrome/150.0.7871.186 Mobile Safari/537.36 (compatible; Googlebot/2.1; +http://www.google.com/bot.html)"
66.249.71.8 - - [31/Jul/2026:23:15:06 +0700] "GET /?l=1527948901100 HTTP/1.1" 200 1247 "-" "Mozilla/5.0 (Linux; Android 6.0.1; Nexus 5X Build/MMB29P) AppleWebKit/537.36 (KHTML, like Gecko) Chrome/150.0.7871.186 Mobile Safari/537.36 (compatible; Googlebot/2.1; +http://www.google.com/bot.html)"
66.249.70.167 - - [31/Jul/2026:23:15:21 +0700] "GET /?l=2142710561100 HTTP/1.1" 200 1247 "-" "Mozilla/5.0 (Linux; Android 6.0.1; Nexus 5X Build/MMB29P) AppleWebKit/537.36 (KHTML, like Gecko) Chrome/150.0.7871.186 Mobile Safari/537.36 (compatible; Googlebot/2.1; +http://www.google.com/bot.html)"
66.249.70.166 - - [31/Jul/2026:23:15:34 +0700] "GET /?l=2106563181100 HTTP/1.1" 200 1247 "-" "Mozilla/5.0 (Linux; Android 6.0.1; Nexus 5X Build/MMB29P) AppleWebKit/537.36 (KHTML, like Gecko) Chrome/150.0.7871.186 Mobile Safari/537.36 (compatible; Googlebot/2.1; +http://www.google.com/bot.html)"
66.249.71.9 - - [31/Jul/2026:23:16:18 +0700] "GET /?productSearch/pictureSearch?id=2373538221100 HTTP/1.1" 200 1247 "-" "Mozilla/5.0 (Linux; Android 6.0.1; Nexus 5X Build/MMB29P) AppleWebKit/537.36 (KHTML, like Gecko) Chrome/150.0.7871.186 Mobile Safari/537.36 (compatible; Googlebot/2.1; +http://www.google.com/bot.html)"
66.249.70.167 - - [31/Jul/2026:23:16:39 +0700] "GET /?l=1201996621100 HTTP/1.1" 200 1247 "-" "Mozilla/5.0 (Linux; Android 6.0.1; Nexus 5X Build/MMB29P) AppleWebKit/537.36 (KHTML, like Gecko) Chrome/150.0.7871.186 Mobile Safari/537.36 (compatible; GoogleOther)"
66.249.70.167 - - [31/Jul/2026:23:17:16 +0700] "GET /?l=1127829161100 HTTP/1.1" 200 1247 "-" "Mozilla/5.0 (Linux; Android 6.0.1; Nexus 5X Build/MMB29P) AppleWebKit/537.36 (KHTML, like Gecko) Chrome/150.0.7871.186 Mobile Safari/537.36 (compatible; GoogleOther)"
66.249.70.167 - - [31/Jul/2026:23:17:41 +0700] "GET /?product/review/2866783001100 HTTP/1.1" 200 1247 "-" "Mozilla/5.0 (Linux; Android 6.0.1; Nexus 5X Build/MMB29P) AppleWebKit/537.36 (KHTML, like Gecko) Chrome/150.0.7871.186 Mobile Safari/537.36 (compatible; Googlebot/2.1; +http://www.google.com/bot.html)"
66.249.71.7 - - [31/Jul/2026:23:17:56 +0700] "GET /?l=1125121981100 HTTP/1.1" 200 1247 "-" "Mozilla/5.0 (Linux; Android 6.0.1; Nexus 5X Build/MMB29P) AppleWebKit/537.36 (KHTML, like Gecko) Chrome/150.0.7871.186 Mobile Safari/537.36 (compatible; GoogleOther)"
66.249.70.166 - - [31/Jul/2026:23:18:47 +0700] "GET /?productSearch/pictureSearch?id=1935474041100 HTTP/1.1" 200 1247 "-" "Mozilla/5.0 (Linux; Android 6.0.1; Nexus 5X Build/MMB29P) AppleWebKit/537.36 (KHTML, like Gecko) Chrome/150.0.7871.186 Mobile Safari/537.36 (compatible; Googlebot/2.1; +http://www.google.com/bot.html)"
103.137.80.145 - - [31/Jul/2026:23:20:03 +0700] "GET /?l=489078641100 HTTP/2" 200 1247 "https://lapakabqary.biz.id" "Mozilla/5.0 (Windows NT 10.0; Win64; x64) AppleWebKit/537.36 (KHTML, like Gecko) Chrome/144.0.0.0 Safari/537.36"
66.249.70.167 - - [31/Jul/2026:23:20:16 +0700] "GET /?product/category/view_more/774088941100 HTTP/1.1" 200 1247 "-" "Mozilla/5.0 (Linux; Android 6.0.1; Nexus 5X Build/MMB29P) AppleWebKit/537.36 (KHTML, like Gecko) Chrome/150.0.7871.186 Mobile Safari/537.36 (compatible; GoogleOther)"
66.249.70.168 - - [31/Jul/2026:23:21:29 +0700] "GET /?l=3355673601100 HTTP/1.1" 200 1247 "-" "Mozilla/5.0 (Linux; Android 6.0.1; Nexus 5X Build/MMB29P) AppleWebKit/537.36 (KHTML, like Gecko) Chrome/151.0.7922.71 Mobile Safari/537.36 (compatible; Googlebot/2.1; +http://www.google.com/bot.html)"
66.249.71.9 - - [31/Jul/2026:23:23:08 +0700] "GET /?l=2120678581100 HTTP/1.1" 200 1247 "-" "Mozilla/5.0 (Linux; Android 6.0.1; Nexus 5X Build/MMB29P) AppleWebKit/537.36 (KHTML, like Gecko) Chrome/150.0.7871.186 Mobile Safari/537.36 (compatible; Googlebot/2.1; +http://www.google.com/bot.html)"
66.249.70.166 - - [31/Jul/2026:23:23:30 +0700] "GET /?l=1280388941100 HTTP/1.1" 200 1247 "-" "Mozilla/5.0 (Linux; Android 6.0.1; Nexus 5X Build/MMB29P) AppleWebKit/537.36 (KHTML, like Gecko) Chrome/151.0.7922.71 Mobile Safari/537.36 (compatible; Googlebot/2.1; +http://www.google.com/bot.html)"
66.249.70.168 - - [31/Jul/2026:23:26:36 +0700] "GET /?l=2810495861100 HTTP/1.1" 200 1247 "-" "Mozilla/5.0 (Linux; Android 6.0.1; Nexus 5X Build/MMB29P) AppleWebKit/537.36 (KHTML, like Gecko) Chrome/150.0.7871.186 Mobile Safari/537.36 (compatible; GoogleOther)"
66.249.71.7 - - [31/Jul/2026:23:26:55 +0700] "GET /?product/review/1670098421100 HTTP/1.1" 200 1247 "-" "Mozilla/5.0 (Linux; Android 6.0.1; Nexus 5X Build/MMB29P) AppleWebKit/537.36 (KHTML, like Gecko) Chrome/150.0.7871.186 Mobile Safari/537.36 (compatible; GoogleOther)"
66.249.70.166 - - [31/Jul/2026:23:27:33 +0700] "GET /?l=459692501100 HTTP/1.1" 200 1247 "-" "Mozilla/5.0 (Linux; Android 6.0.1; Nexus 5X Build/MMB29P) AppleWebKit/537.36 (KHTML, like Gecko) Chrome/150.0.7871.186 Mobile Safari/537.36 (compatible; Googlebot/2.1; +http://www.google.com/bot.html)"
66.249.70.167 - - [31/Jul/2026:23:31:22 +0700] "GET /?l=320042761100 HTTP/1.1" 200 1247 "-" "Mozilla/5.0 (Linux; Android 6.0.1; Nexus 5X Build/MMB29P) AppleWebKit/537.36 (KHTML, like Gecko) Chrome/150.0.7871.186 Mobile Safari/537.36 (compatible; Googlebot/2.1; +http://www.google.com/bot.html)"
66.249.71.9 - - [31/Jul/2026:23:32:11 +0700] "GET /?l=2647122001100 HTTP/1.1" 200 1247 "-" "Mozilla/5.0 (Linux; Android 6.0.1; Nexus 5X Build/MMB29P) AppleWebKit/537.36 (KHTML, like Gecko) Chrome/150.0.7871.186 Mobile Safari/537.36 (compatible; Googlebot/2.1; +http://www.google.com/bot.html)"
66.249.70.168 - - [31/Jul/2026:23:33:08 +0700] "GET /?l=3243201801100 HTTP/1.1" 200 1247 "-" "Mozilla/5.0 (Linux; Android 6.0.1; Nexus 5X Build/MMB29P) AppleWebKit/537.36 (KHTML, like Gecko) Chrome/150.0.7871.186 Mobile Safari/537.36 (compatible; GoogleOther)"
66.249.70.166 - - [31/Jul/2026:23:33:32 +0700] "GET /?l=3255482321100 HTTP/1.1" 200 1247 "-" "Mozilla/5.0 (Linux; Android 6.0.1; Nexus 5X Build/MMB29P) AppleWebKit/537.36 (KHTML, like Gecko) Chrome/150.0.7871.186 Mobile Safari/537.36 (compatible; GoogleOther)"
66.249.71.7 - - [31/Jul/2026:23:33:44 +0700] "GET /?product/review/106071841100 HTTP/1.1" 200 1247 "-" "Mozilla/5.0 (Linux; Android 6.0.1; Nexus 5X Build/MMB29P) AppleWebKit/537.36 (KHTML, like Gecko) Chrome/150.0.7871.186 Mobile Safari/537.36 (compatible; GoogleOther)"
66.249.70.166 - - [31/Jul/2026:23:33:55 +0700] "GET /?l=405711161100 HTTP/1.1" 200 1247 "-" "Mozilla/5.0 (Linux; Android 6.0.1; Nexus 5X Build/MMB29P) AppleWebKit/537.36 (KHTML, like Gecko) Chrome/150.0.7871.186 Mobile Safari/537.36 (compatible; GoogleOther)"
66.249.70.168 - - [31/Jul/2026:23:34:01 +0700] "GET /?productSearch/pictureSearch?id=3565620961100 HTTP/1.1" 200 1247 "-" "Mozilla/5.0 (Linux; Android 6.0.1; Nexus 5X Build/MMB29P) AppleWebKit/537.36 (KHTML, like Gecko) Chrome/150.0.7871.186 Mobile Safari/537.36 (compatible; Googlebot/2.1; +http://www.google.com/bot.html)"
66.249.70.166 - - [31/Jul/2026:23:34:23 +0700] "GET /?l=3235781761100 HTTP/1.1" 200 1247 "-" "Mozilla/5.0 (Linux; Android 6.0.1; Nexus 5X Build/MMB29P) AppleWebKit/537.36 (KHTML, like Gecko) Chrome/150.0.7871.186 Mobile Safari/537.36 (compatible; GoogleOther)"
66.249.70.166 - - [31/Jul/2026:23:34:50 +0700] "GET /?shop/sold?id=top1778180661100 HTTP/1.1" 200 1247 "-" "Mozilla/5.0 (Linux; Android 6.0.1; Nexus 5X Build/MMB29P) AppleWebKit/537.36 (KHTML, like Gecko) Chrome/150.0.7871.186 Mobile Safari/537.36 (compatible; Googlebot/2.1; +http://www.google.com/bot.html)"
66.249.71.7 - - [31/Jul/2026:23:40:34 +0700] "GET /?shop/sold?id=top2916368681100 HTTP/1.1" 200 1247 "-" "Mozilla/5.0 (Linux; Android 6.0.1; Nexus 5X Build/MMB29P) AppleWebKit/537.36 (KHTML, like Gecko) Chrome/150.0.7871.186 Mobile Safari/537.36 (compatible; GoogleOther)"
66.249.71.8 - - [31/Jul/2026:23:40:39 +0700] "GET /?product/category/view_more/1542610861100 HTTP/1.1" 200 1247 "-" "Mozilla/5.0 (Linux; Android 6.0.1; Nexus 5X Build/MMB29P) AppleWebKit/537.36 (KHTML, like Gecko) Chrome/150.0.7871.186 Mobile Safari/537.36 (compatible; Googlebot/2.1; +http://www.google.com/bot.html)"
66.249.70.166 - - [31/Jul/2026:23:40:45 +0700] "GET /?l=3089040161100 HTTP/1.1" 200 1247 "-" "Mozilla/5.0 (Linux; Android 6.0.1; Nexus 5X Build/MMB29P) AppleWebKit/537.36 (KHTML, like Gecko) Chrome/150.0.7871.186 Mobile Safari/537.36 (compatible; Googlebot/2.1; +http://www.google.com/bot.html)"
66.249.70.167 - - [31/Jul/2026:23:41:29 +0700] "GET /?shop/sold?id=top3072162681100 HTTP/1.1" 200 1247 "-" "Mozilla/5.0 (Linux; Android 6.0.1; Nexus 5X Build/MMB29P) AppleWebKit/537.36 (KHTML, like Gecko) Chrome/150.0.7871.186 Mobile Safari/537.36 (compatible; Googlebot/2.1; +http://www.google.com/bot.html)"
66.249.70.168 - - [31/Jul/2026:23:43:20 +0700] "GET /?l=1105603201100 HTTP/1.1" 200 1247 "-" "Mozilla/5.0 (Linux; Android 6.0.1; Nexus 5X Build/MMB29P) AppleWebKit/537.36 (KHTML, like Gecko) Chrome/150.0.7871.186 Mobile Safari/537.36 (compatible; GoogleOther)"
66.249.70.166 - - [31/Jul/2026:23:45:41 +0700] "GET /?l=3149625361100 HTTP/1.1" 200 1247 "-" "Mozilla/5.0 (Linux; Android 6.0.1; Nexus 5X Build/MMB29P) AppleWebKit/537.36 (KHTML, like Gecko) Chrome/150.0.7871.186 Mobile Safari/537.36 (compatible; Googlebot/2.1; +http://www.google.com/bot.html)"
66.249.71.8 - - [31/Jul/2026:23:47:19 +0700] "GET /?product/category/view_more/1124773061100 HTTP/1.1" 200 1247 "-" "Mozilla/5.0 (Linux; Android 6.0.1; Nexus 5X Build/MMB29P) AppleWebKit/537.36 (KHTML, like Gecko) Chrome/150.0.7871.186 Mobile Safari/537.36 (compatible; GoogleOther)"
66.249.70.167 - - [31/Jul/2026:23:47:39 +0700] "GET /?l=3489873601100 HTTP/1.1" 200 1247 "-" "Mozilla/5.0 (Linux; Android 6.0.1; Nexus 5X Build/MMB29P) AppleWebKit/537.36 (KHTML, like Gecko) Chrome/150.0.7871.186 Mobile Safari/537.36 (compatible; GoogleOther)"
66.249.70.166 - - [31/Jul/2026:23:47:56 +0700] "GET /?l=2825284701100 HTTP/1.1" 200 1247 "-" "Mozilla/5.0 (Linux; Android 6.0.1; Nexus 5X Build/MMB29P) AppleWebKit/537.36 (KHTML, like Gecko) Chrome/150.0.7871.186 Mobile Safari/537.36 (compatible; GoogleOther)"
66.249.71.8 - - [31/Jul/2026:23:48:30 +0700] "GET /?l=283603801100 HTTP/1.1" 200 1247 "-" "Mozilla/5.0 (Linux; Android 6.0.1; Nexus 5X Build/MMB29P) AppleWebKit/537.36 (KHTML, like Gecko) Chrome/150.0.7871.186 Mobile Safari/537.36 (compatible; GoogleOther)"
66.249.70.167 - - [31/Jul/2026:23:48:57 +0700] "GET /?l=537214961100 HTTP/1.1" 200 1247 "-" "Mozilla/5.0 (Linux; Android 6.0.1; Nexus 5X Build/MMB29P) AppleWebKit/537.36 (KHTML, like Gecko) Chrome/150.0.7871.186 Mobile Safari/537.36 (compatible; GoogleOther)"
66.249.70.168 - - [31/Jul/2026:23:49:17 +0700] "GET /?l=2240731461100 HTTP/1.1" 200 1247 "-" "Mozilla/5.0 (Linux; Android 6.0.1; Nexus 5X Build/MMB29P) AppleWebKit/537.36 (KHTML, like Gecko) Chrome/150.0.7871.186 Mobile Safari/537.36 (compatible; GoogleOther)"
66.249.71.7 - - [31/Jul/2026:23:49:30 +0700] "GET /?l=480708221100 HTTP/1.1" 200 1247 "-" "Mozilla/5.0 (Linux; Android 6.0.1; Nexus 5X Build/MMB29P) AppleWebKit/537.36 (KHTML, like Gecko) Chrome/150.0.7871.186 Mobile Safari/537.36 (compatible; GoogleOther)"
66.249.70.166 - - [31/Jul/2026:23:49:42 +0700] "GET /?l=1135368761100 HTTP/1.1" 200 1247 "-" "Mozilla/5.0 (Linux; Android 6.0.1; Nexus 5X Build/MMB29P) AppleWebKit/537.36 (KHTML, like Gecko) Chrome/150.0.7871.186 Mobile Safari/537.36 (compatible; GoogleOther)"
66.249.71.9 - - [31/Jul/2026:23:50:18 +0700] "GET /?l=2896361901100 HTTP/1.1" 200 1247 "-" "Mozilla/5.0 (Linux; Android 6.0.1; Nexus 5X Build/MMB29P) AppleWebKit/537.36 (KHTML, like Gecko) Chrome/150.0.7871.186 Mobile Safari/537.36 (compatible; GoogleOther)"
66.249.70.167 - - [31/Jul/2026:23:51:06 +0700] "GET /?l=2805603661100 HTTP/1.1" 200 1247 "-" "Mozilla/5.0 (Linux; Android 6.0.1; Nexus 5X Build/MMB29P) AppleWebKit/537.36 (KHTML, like Gecko) Chrome/150.0.7871.186 Mobile Safari/537.36 (compatible; GoogleOther)"
66.249.70.166 - - [31/Jul/2026:23:51:48 +0700] "GET /?l=802297781100 HTTP/1.1" 200 1247 "-" "Mozilla/5.0 (Linux; Android 6.0.1; Nexus 5X Build/MMB29P) AppleWebKit/537.36 (KHTML, like Gecko) Chrome/150.0.7871.186 Mobile Safari/537.36 (compatible; GoogleOther)"
66.249.71.8 - - [31/Jul/2026:23:52:33 +0700] "GET /?l=546573581100 HTTP/1.1" 200 1247 "-" "Mozilla/5.0 (Linux; Android 6.0.1; Nexus 5X Build/MMB29P) AppleWebKit/537.36 (KHTML, like Gecko) Chrome/150.0.7871.186 Mobile Safari/537.36 (compatible; GoogleOther)"
66.249.70.168 - - [31/Jul/2026:23:53:20 +0700] "GET /?l=1868478961100 HTTP/1.1" 200 1247 "-" "Mozilla/5.0 (Linux; Android 6.0.1; Nexus 5X Build/MMB29P) AppleWebKit/537.36 (KHTML, like Gecko) Chrome/150.0.7871.186 Mobile Safari/537.36 (compatible; GoogleOther)"
66.249.70.166 - - [31/Jul/2026:23:54:04 +0700] "GET /?l=3210866921100 HTTP/1.1" 200 1247 "-" "Mozilla/5.0 (Linux; Android 6.0.1; Nexus 5X Build/MMB29P) AppleWebKit/537.36 (KHTML, like Gecko) Chrome/150.0.7871.186 Mobile Safari/537.36 (compatible; GoogleOther)"
66.249.70.166 - - [31/Jul/2026:23:54:16 +0700] "GET /?shop/sold?id=top2428405281100 HTTP/1.1" 200 1247 "-" "Mozilla/5.0 (Linux; Android 6.0.1; Nexus 5X Build/MMB29P) AppleWebKit/537.36 (KHTML, like Gecko) Chrome/150.0.7871.186 Mobile Safari/537.36 (compatible; GoogleOther)"
66.249.70.166 - - [31/Jul/2026:23:54:27 +0700] "GET /?shop/sold?id=top664069341100 HTTP/1.1" 200 1247 "-" "Mozilla/5.0 (Linux; Android 6.0.1; Nexus 5X Build/MMB29P) AppleWebKit/537.36 (KHTML, like Gecko) Chrome/150.0.7871.186 Mobile Safari/537.36 (compatible; GoogleOther)"
66.249.71.7 - - [31/Jul/2026:23:54:49 +0700] "GET /?l=2279285901100 HTTP/1.1" 200 1247 "-" "Mozilla/5.0 (Linux; Android 6.0.1; Nexus 5X Build/MMB29P) AppleWebKit/537.36 (KHTML, like Gecko) Chrome/150.0.7871.186 Mobile Safari/537.36 (compatible; GoogleOther)"
