36.81.65.108 - - [31/Jul/2026:21:42:42 +0700] "GET /wp/wp-content/themes/astra/assets/css/minified/style-guide.min.css?ver=4.13.8 HTTP/3" 200 1765 "https://lapakabqary.biz.id/wp/?customize_changeset_uuid=a0816715-da89-4ee6-be5b-a26b51e4fa98&customize_theme=astra&customize_messenger_channel=preview-0" "Mozilla/5.0 (Windows NT 10.0; Win64; x64) AppleWebKit/537.36 (KHTML, like Gecko) Chrome/109.0.0.0 Safari/537.36"
36.81.65.108 - - [31/Jul/2026:21:42:42 +0700] "GET /wp/wp-json/wp/v2/widget-types?context=edit&per_page=100&_locale=user HTTP/3" 200 898 "https://lapakabqary.biz.id/wp/wp-admin/customize.php?theme=astra&return=https%3A%2F%2Flapakabqary.biz.id%2Fwp%2Fwp-admin%2Fthemes.php" "Mozilla/5.0 (Windows NT 10.0; Win64; x64) AppleWebKit/537.36 (KHTML, like Gecko) Chrome/109.0.0.0 Safari/537.36"
36.81.65.108 - - [31/Jul/2026:21:42:42 +0700] "GET /wp/wp-includes/js/dist/dom-ready.min.js?ver=a06281ae5cf5500e9317 HTTP/3" 200 420 "https://lapakabqary.biz.id/wp/?customize_changeset_uuid=a0816715-da89-4ee6-be5b-a26b51e4fa98&customize_theme=astra&customize_messenger_channel=preview-0" "Mozilla/5.0 (Windows NT 10.0; Win64; x64) AppleWebKit/537.36 (KHTML, like Gecko) Chrome/109.0.0.0 Safari/537.36"
36.81.65.108 - - [31/Jul/2026:21:42:42 +0700] "GET /wp/wp-includes/js/dist/hooks.min.js?ver=7496969728ca0f95732d HTTP/3" 200 1734 "https://lapakabqary.biz.id/wp/?customize_changeset_uuid=a0816715-da89-4ee6-be5b-a26b51e4fa98&customize_theme=astra&customize_messenger_channel=preview-0" "Mozilla/5.0 (Windows NT 10.0; Win64; x64) AppleWebKit/537.36 (KHTML, like Gecko) Chrome/109.0.0.0 Safari/537.36"
36.81.65.108 - - [31/Jul/2026:21:42:43 +0700] "GET /wp/wp-includes/js/jquery/jquery-migrate.min.js?ver=3.4.1 HTTP/3" 200 4678 "https://lapakabqary.biz.id/wp/?customize_changeset_uuid=a0816715-da89-4ee6-be5b-a26b51e4fa98&customize_theme=astra&customize_messenger_channel=preview-0" "Mozilla/5.0 (Windows NT 10.0; Win64; x64) AppleWebKit/537.36 (KHTML, like Gecko) Chrome/109.0.0.0 Safari/537.36"
36.81.65.108 - - [31/Jul/2026:21:42:43 +0700] "GET /wp/wp-includes/js/customize-preview.min.js?ver=7.0.2 HTTP/3" 200 3008 "https://lapakabqary.biz.id/wp/?customize_changeset_uuid=a0816715-da89-4ee6-be5b-a26b51e4fa98&customize_theme=astra&customize_messenger_channel=preview-0" "Mozilla/5.0 (Windows NT 10.0; Win64; x64) AppleWebKit/537.36 (KHTML, like Gecko) Chrome/109.0.0.0 Safari/537.36"
36.81.65.108 - - [31/Jul/2026:21:42:43 +0700] "GET /wp/wp-content/themes/astra/assets/js/minified/customizer-preview.min.js?ver=4.13.8 HTTP/3" 200 10860 "https://lapakabqary.biz.id/wp/?customize_changeset_uuid=a0816715-da89-4ee6-be5b-a26b51e4fa98&customize_theme=astra&customize_messenger_channel=preview-0" "Mozilla/5.0 (Windows NT 10.0; Win64; x64) AppleWebKit/537.36 (KHTML, like Gecko) Chrome/109.0.0.0 Safari/537.36"
36.81.65.108 - - [31/Jul/2026:21:42:43 +0700] "GET /wp/wp-content/themes/astra/inc/assets/images/starter-content/hero-img.svg HTTP/3" 200 8945 "https://lapakabqary.biz.id/wp/?customize_changeset_uuid=a0816715-da89-4ee6-be5b-a26b51e4fa98&customize_theme=astra&customize_messenger_channel=preview-0" "Mozilla/5.0 (Windows NT 10.0; Win64; x64) AppleWebKit/537.36 (KHTML, like Gecko) Chrome/109.0.0.0 Safari/537.36"
36.81.65.108 - - [31/Jul/2026:21:42:44 +0700] "GET /wp/wp-content/themes/astra/inc/modules/posts-structures/assets/js/minified/customizer-preview.min.js?ver=4.13.8 HTTP/3" 200 2522 "https://lapakabqary.biz.id/wp/?customize_changeset_uuid=a0816715-da89-4ee6-be5b-a26b51e4fa98&customize_theme=astra&customize_messenger_channel=preview-0" "Mozilla/5.0 (Windows NT 10.0; Win64; x64) AppleWebKit/537.36 (KHTML, like Gecko) Chrome/109.0.0.0 Safari/537.36"
36.81.65.108 - - [31/Jul/2026:21:42:39 +0700] "POST /wp/wp-admin/admin-ajax.php HTTP/3" 200 651270 "https://lapakabqary.biz.id/wp/wp-admin/customize.php?theme=astra&return=https%3A%2F%2Flapakabqary.biz.id%2Fwp%2Fwp-admin%2Fthemes.php" "Mozilla/5.0 (Windows NT 10.0; Win64; x64) AppleWebKit/537.36 (KHTML, like Gecko) Chrome/109.0.0.0 Safari/537.36"
36.81.65.108 - - [31/Jul/2026:21:42:43 +0700] "GET /wp/wp-includes/js/jquery/jquery.min.js?ver=3.7.1 HTTP/3" 200 29744 "https://lapakabqary.biz.id/wp/?customize_changeset_uuid=a0816715-da89-4ee6-be5b-a26b51e4fa98&customize_theme=astra&customize_messenger_channel=preview-0" "Mozilla/5.0 (Windows NT 10.0; Win64; x64) AppleWebKit/537.36 (KHTML, like Gecko) Chrome/109.0.0.0 Safari/537.36"
36.81.65.108 - - [31/Jul/2026:21:42:50 +0700] "GET /wp/wp-content/themes/astra/inc/addons/transparent-header/assets/js/minified/customizer-preview.min.js?ver=4.13.8 HTTP/3" 200 2746 "https://lapakabqary.biz.id/wp/?customize_changeset_uuid=a0816715-da89-4ee6-be5b-a26b51e4fa98&customize_theme=astra&customize_messenger_channel=preview-0" "Mozilla/5.0 (Windows NT 10.0; Win64; x64) AppleWebKit/537.36 (KHTML, like Gecko) Chrome/109.0.0.0 Safari/537.36"
36.81.65.108 - - [31/Jul/2026:21:42:51 +0700] "GET /wp/wp-content/themes/astra/inc/addons/scroll-to-top/assets/js/minified/customizer-preview.min.js?ver=4.13.8 HTTP/3" 200 420 "https://lapakabqary.biz.id/wp/?customize_changeset_uuid=a0816715-da89-4ee6-be5b-a26b51e4fa98&customize_theme=astra&customize_messenger_channel=preview-0" "Mozilla/5.0 (Windows NT 10.0; Win64; x64) AppleWebKit/537.36 (KHTML, like Gecko) Chrome/109.0.0.0 Safari/537.36"
36.81.65.108 - - [31/Jul/2026:21:42:51 +0700] "GET /wp/wp-content/themes/astra/inc/assets/js/minified/customizer-preview.min.js?ver=4.13.8 HTTP/3" 200 1315 "https://lapakabqary.biz.id/wp/?customize_changeset_uuid=a0816715-da89-4ee6-be5b-a26b51e4fa98&customize_theme=astra&customize_messenger_channel=preview-0" "Mozilla/5.0 (Windows NT 10.0; Win64; x64) AppleWebKit/537.36 (KHTML, like Gecko) Chrome/109.0.0.0 Safari/537.36"
36.81.65.108 - - [31/Jul/2026:21:42:51 +0700] "GET /wp/wp-content/themes/astra/inc/addons/breadcrumbs/assets/js/minified/customizer-preview.min.js?ver=4.13.8 HTTP/3" 200 720 "https://lapakabqary.biz.id/wp/?customize_changeset_uuid=a0816715-da89-4ee6-be5b-a26b51e4fa98&customize_theme=astra&customize_messenger_channel=preview-0" "Mozilla/5.0 (Windows NT 10.0; Win64; x64) AppleWebKit/537.36 (KHTML, like Gecko) Chrome/109.0.0.0 Safari/537.36"
36.81.65.108 - - [31/Jul/2026:21:42:51 +0700] "GET /wp/wp-content/themes/astra/inc/addons/heading-colors/assets/js/minified/customizer-preview.min.js?ver=4.13.8 HTTP/3" 200 1252 "https://lapakabqary.biz.id/wp/?customize_changeset_uuid=a0816715-da89-4ee6-be5b-a26b51e4fa98&customize_theme=astra&customize_messenger_channel=preview-0" "Mozilla/5.0 (Windows NT 10.0; Win64; x64) AppleWebKit/537.36 (KHTML, like Gecko) Chrome/109.0.0.0 Safari/537.36"
36.81.65.108 - - [31/Jul/2026:21:42:52 +0700] "GET /wp/wp-content/themes/astra/inc/builder/type/assets/js/minified/customizer-preview.min.js?ver=4.13.8 HTTP/3" 200 10708 "https://lapakabqary.biz.id/wp/?customize_changeset_uuid=a0816715-da89-4ee6-be5b-a26b51e4fa98&customize_theme=astra&customize_messenger_channel=preview-0" "Mozilla/5.0 (Windows NT 10.0; Win64; x64) AppleWebKit/537.36 (KHTML, like Gecko) Chrome/109.0.0.0 Safari/537.36"
36.81.65.108 - - [31/Jul/2026:21:42:52 +0700] "GET /wp/wp-content/themes/astra/assets/js/minified/frontend.min.js?ver=4.13.8 HTTP/3" 200 5724 "https://lapakabqary.biz.id/wp/?customize_changeset_uuid=a0816715-da89-4ee6-be5b-a26b51e4fa98&customize_theme=astra&customize_messenger_channel=preview-0" "Mozilla/5.0 (Windows NT 10.0; Win64; x64) AppleWebKit/537.36 (KHTML, like Gecko) Chrome/109.0.0.0 Safari/537.36"
36.81.65.108 - - [31/Jul/2026:21:42:53 +0700] "GET /wp/wp-includes/js/mediaelement/renderers/vimeo.min.js?ver=4.2.17 HTTP/3" 200 2071 "https://lapakabqary.biz.id/wp/?customize_changeset_uuid=a0816715-da89-4ee6-be5b-a26b51e4fa98&customize_theme=astra&customize_messenger_channel=preview-0" "Mozilla/5.0 (Windows NT 10.0; Win64; x64) AppleWebKit/537.36 (KHTML, like Gecko) Chrome/109.0.0.0 Safari/537.36"
36.81.65.108 - - [31/Jul/2026:21:42:53 +0700] "GET /wp/wp-includes/js/mediaelement/wp-playlist.min.js?ver=7.0.2 HTTP/3" 200 1014 "https://lapakabqary.biz.id/wp/?customize_changeset_uuid=a0816715-da89-4ee6-be5b-a26b51e4fa98&customize_theme=astra&customize_messenger_channel=preview-0" "Mozilla/5.0 (Windows NT 10.0; Win64; x64) AppleWebKit/537.36 (KHTML, like Gecko) Chrome/109.0.0.0 Safari/537.36"
36.81.65.108 - - [31/Jul/2026:21:42:53 +0700] "GET /wp/wp-includes/js/customize-selective-refresh.min.js?ver=7.0.2 HTTP/3" 200 3480 "https://lapakabqary.biz.id/wp/?customize_changeset_uuid=a0816715-da89-4ee6-be5b-a26b51e4fa98&customize_theme=astra&customize_messenger_channel=preview-0" "Mozilla/5.0 (Windows NT 10.0; Win64; x64) AppleWebKit/537.36 (KHTML, like Gecko) Chrome/109.0.0.0 Safari/537.36"
36.81.65.108 - - [31/Jul/2026:21:42:53 +0700] "GET /wp/wp-includes/js/customize-preview-widgets.min.js?ver=7.0.2 HTTP/3" 200 2428 "https://lapakabqary.biz.id/wp/?customize_changeset_uuid=a0816715-da89-4ee6-be5b-a26b51e4fa98&customize_theme=astra&customize_messenger_channel=preview-0" "Mozilla/5.0 (Windows NT 10.0; Win64; x64) AppleWebKit/537.36 (KHTML, like Gecko) Chrome/109.0.0.0 Safari/537.36"
36.81.65.108 - - [31/Jul/2026:21:42:53 +0700] "GET /wp/wp-includes/js/customize-preview-nav-menus.min.js?ver=7.0.2 HTTP/3" 200 1622 "https://lapakabqary.biz.id/wp/?customize_changeset_uuid=a0816715-da89-4ee6-be5b-a26b51e4fa98&customize_theme=astra&customize_messenger_channel=preview-0" "Mozilla/5.0 (Windows NT 10.0; Win64; x64) AppleWebKit/537.36 (KHTML, like Gecko) Chrome/109.0.0.0 Safari/537.36"
36.81.65.108 - - [31/Jul/2026:21:42:53 +0700] "GET /wp/wp-content/themes/astra/assets/js/minified/style-guide-previewer.min.js?ver=4.13.8 HTTP/3" 200 226 "https://lapakabqary.biz.id/wp/?customize_changeset_uuid=a0816715-da89-4ee6-be5b-a26b51e4fa98&customize_theme=astra&customize_messenger_channel=preview-0" "Mozilla/5.0 (Windows NT 10.0; Win64; x64) AppleWebKit/537.36 (KHTML, like Gecko) Chrome/109.0.0.0 Safari/537.36"
36.81.65.108 - - [31/Jul/2026:21:42:54 +0700] "GET /wp/wp-content/themes/astra/inc/assets/images/starter-content/building.svg HTTP/3" 200 469 "https://lapakabqary.biz.id/wp/?customize_changeset_uuid=a0816715-da89-4ee6-be5b-a26b51e4fa98&customize_theme=astra&customize_messenger_channel=preview-0" "Mozilla/5.0 (Windows NT 10.0; Win64; x64) AppleWebKit/537.36 (KHTML, like Gecko) Chrome/109.0.0.0 Safari/537.36"
36.81.65.108 - - [31/Jul/2026:21:42:55 +0700] "GET /wp/wp-content/themes/astra/inc/assets/images/starter-content/shopping-bag.svg HTTP/3" 200 402 "https://lapakabqary.biz.id/wp/?customize_changeset_uuid=a0816715-da89-4ee6-be5b-a26b51e4fa98&customize_theme=astra&customize_messenger_channel=preview-0" "Mozilla/5.0 (Windows NT 10.0; Win64; x64) AppleWebKit/537.36 (KHTML, like Gecko) Chrome/109.0.0.0 Safari/537.36"
36.81.65.108 - - [31/Jul/2026:21:42:55 +0700] "GET /wp/wp-content/themes/astra/inc/assets/images/starter-content/blog.svg HTTP/3" 200 473 "https://lapakabqary.biz.id/wp/?customize_changeset_uuid=a0816715-da89-4ee6-be5b-a26b51e4fa98&customize_theme=astra&customize_messenger_channel=preview-0" "Mozilla/5.0 (Windows NT 10.0; Win64; x64) AppleWebKit/537.36 (KHTML, like Gecko) Chrome/109.0.0.0 Safari/537.36"
66.249.70.166 - - [31/Jul/2026:21:42:55 +0700] "GET /?l=3053130681100 HTTP/1.1" 200 1247 "-" "Mozilla/5.0 (Linux; Android 6.0.1; Nexus 5X Build/MMB29P) AppleWebKit/537.36 (KHTML, like Gecko) Chrome/150.0.7871.186 Mobile Safari/537.36 (compatible; Googlebot/2.1; +http://www.google.com/bot.html)"
36.81.65.108 - - [31/Jul/2026:21:42:55 +0700] "GET /wp/wp-content/themes/astra/inc/assets/images/starter-content/portfolio.svg HTTP/3" 200 662 "https://lapakabqary.biz.id/wp/?customize_changeset_uuid=a0816715-da89-4ee6-be5b-a26b51e4fa98&customize_theme=astra&customize_messenger_channel=preview-0" "Mozilla/5.0 (Windows NT 10.0; Win64; x64) AppleWebKit/537.36 (KHTML, like Gecko) Chrome/109.0.0.0 Safari/537.36"
36.81.65.108 - - [31/Jul/2026:21:42:55 +0700] "GET /wp/wp-content/themes/astra/inc/assets/images/starter-content/branding.jpg HTTP/3" 200 9978 "https://lapakabqary.biz.id/wp/?customize_changeset_uuid=a0816715-da89-4ee6-be5b-a26b51e4fa98&customize_theme=astra&customize_messenger_channel=preview-0" "Mozilla/5.0 (Windows NT 10.0; Win64; x64) AppleWebKit/537.36 (KHTML, like Gecko) Chrome/109.0.0.0 Safari/537.36"
36.81.65.108 - - [31/Jul/2026:21:42:55 +0700] "GET /wp/wp-content/themes/astra/inc/assets/images/starter-content/graphic.jpg HTTP/3" 200 7735 "https://lapakabqary.biz.id/wp/?customize_changeset_uuid=a0816715-da89-4ee6-be5b-a26b51e4fa98&customize_theme=astra&customize_messenger_channel=preview-0" "Mozilla/5.0 (Windows NT 10.0; Win64; x64) AppleWebKit/537.36 (KHTML, like Gecko) Chrome/109.0.0.0 Safari/537.36"
36.81.65.108 - - [31/Jul/2026:21:42:56 +0700] "GET /wp/wp-content/themes/astra/inc/assets/images/starter-content/web.jpg HTTP/3" 200 6716 "https://lapakabqary.biz.id/wp/?customize_changeset_uuid=a0816715-da89-4ee6-be5b-a26b51e4fa98&customize_theme=astra&customize_messenger_channel=preview-0" "Mozilla/5.0 (Windows NT 10.0; Win64; x64) AppleWebKit/537.36 (KHTML, like Gecko) Chrome/109.0.0.0 Safari/537.36"
36.81.65.108 - - [31/Jul/2026:21:42:57 +0700] "GET /wp/wp-content/themes/astra/inc/assets/images/starter-content/avatar.png HTTP/3" 200 2722 "https://lapakabqary.biz.id/wp/?customize_changeset_uuid=a0816715-da89-4ee6-be5b-a26b51e4fa98&customize_theme=astra&customize_messenger_channel=preview-0" "Mozilla/5.0 (Windows NT 10.0; Win64; x64) AppleWebKit/537.36 (KHTML, like Gecko) Chrome/109.0.0.0 Safari/537.36"
36.81.65.108 - - [31/Jul/2026:21:42:57 +0700] "GET /wp/wp-content/themes/astra/inc/assets/images/starter-content/about-us.jpg HTTP/3" 200 44349 "https://lapakabqary.biz.id/wp/?customize_changeset_uuid=a0816715-da89-4ee6-be5b-a26b51e4fa98&customize_theme=astra&customize_messenger_channel=preview-0" "Mozilla/5.0 (Windows NT 10.0; Win64; x64) AppleWebKit/537.36 (KHTML, like Gecko) Chrome/109.0.0.0 Safari/537.36"
36.81.65.108 - - [31/Jul/2026:21:42:59 +0700] "GET /wp/wp-content/themes/astra/inc/assets/images/starter-content/passionate.svg HTTP/3" 200 445 "https://lapakabqary.biz.id/wp/?customize_changeset_uuid=a0816715-da89-4ee6-be5b-a26b51e4fa98&customize_theme=astra&customize_messenger_channel=preview-0" "Mozilla/5.0 (Windows NT 10.0; Win64; x64) AppleWebKit/537.36 (KHTML, like Gecko) Chrome/109.0.0.0 Safari/537.36"
36.81.65.108 - - [31/Jul/2026:21:42:59 +0700] "GET /wp/wp-content/themes/astra/inc/assets/images/starter-content/professional.svg HTTP/3" 200 591 "https://lapakabqary.biz.id/wp/?customize_changeset_uuid=a0816715-da89-4ee6-be5b-a26b51e4fa98&customize_theme=astra&customize_messenger_channel=preview-0" "Mozilla/5.0 (Windows NT 10.0; Win64; x64) AppleWebKit/537.36 (KHTML, like Gecko) Chrome/109.0.0.0 Safari/537.36"
36.81.65.108 - - [31/Jul/2026:21:42:59 +0700] "GET /wp/wp-content/themes/astra/inc/assets/images/starter-content/support.svg HTTP/3" 200 756 "https://lapakabqary.biz.id/wp/?customize_changeset_uuid=a0816715-da89-4ee6-be5b-a26b51e4fa98&customize_theme=astra&customize_messenger_channel=preview-0" "Mozilla/5.0 (Windows NT 10.0; Win64; x64) AppleWebKit/537.36 (KHTML, like Gecko) Chrome/109.0.0.0 Safari/537.36"
36.81.65.108 - - [31/Jul/2026:21:43:00 +0700] "GET /wp/wp-admin/images/wordpress-logo.svg HTTP/3" 200 759 "https://lapakabqary.biz.id/wp/?customize_changeset_uuid=a0816715-da89-4ee6-be5b-a26b51e4fa98&customize_theme=astra&customize_messenger_channel=preview-0" "Mozilla/5.0 (Windows NT 10.0; Win64; x64) AppleWebKit/537.36 (KHTML, like Gecko) Chrome/109.0.0.0 Safari/537.36"
103.190.0.89 - - [31/Jul/2026:21:43:54 +0700] "GET /wp/wp-content/themes/astra/inc/compatibility/starter-content/astra-settings-export.json HTTP/1.1" 200 9093 "-" "WordPress/7.0.2; https://lapakabqary.biz.id/wp"
103.190.0.89 - - [31/Jul/2026:21:43:54 +0700] "GET /wp/wp-content/themes/astra/inc/compatibility/starter-content/astra-settings-export.json HTTP/1.1" 200 9093 "-" "WordPress/7.0.2; https://lapakabqary.biz.id/wp"
103.190.0.89 - - [31/Jul/2026:21:43:54 +0700] "GET /wp/wp-content/themes/astra/inc/compatibility/starter-content/astra-settings-export.json HTTP/1.1" 200 9093 "-" "WordPress/7.0.2; https://lapakabqary.biz.id/wp"
36.81.65.108 - - [31/Jul/2026:21:43:54 +0700] "POST /wp/wp-admin/admin-ajax.php HTTP/3" 200 51 "https://lapakabqary.biz.id/wp/wp-admin/customize.php?theme=astra&return=https%3A%2F%2Flapakabqary.biz.id%2Fwp%2Fwp-admin%2Fthemes.php" "Mozilla/5.0 (Windows NT 10.0; Win64; x64) AppleWebKit/537.36 (KHTML, like Gecko) Chrome/109.0.0.0 Safari/537.36"
103.190.0.89 - - [31/Jul/2026:21:44:16 +0700] "GET /wp/wp-content/themes/astra/inc/compatibility/starter-content/astra-settings-export.json HTTP/1.1" 200 9093 "-" "WordPress/7.0.2; https://lapakabqary.biz.id/wp"
103.190.0.89 - - [31/Jul/2026:21:44:16 +0700] "GET /wp/wp-content/themes/astra/inc/compatibility/starter-content/astra-settings-export.json HTTP/1.1" 200 9093 "-" "WordPress/7.0.2; https://lapakabqary.biz.id/wp"
103.190.0.89 - - [31/Jul/2026:21:44:16 +0700] "GET /wp/wp-content/themes/astra/inc/compatibility/starter-content/astra-settings-export.json HTTP/1.1" 200 9093 "-" "WordPress/7.0.2; https://lapakabqary.biz.id/wp"
103.190.0.89 - - [31/Jul/2026:21:44:16 +0700] "GET /wp/wp-content/themes/astra/inc/compatibility/starter-content/astra-settings-export.json HTTP/1.1" 200 9093 "-" "WordPress/7.0.2; https://lapakabqary.biz.id/wp"
36.81.65.108 - - [31/Jul/2026:21:44:16 +0700] "POST /wp/wp-admin/admin-ajax.php HTTP/3" 200 410 "https://lapakabqary.biz.id/wp/wp-admin/customize.php?theme=astra&return=https%3A%2F%2Flapakabqary.biz.id%2Fwp%2Fwp-admin%2Fthemes.php" "Mozilla/5.0 (Windows NT 10.0; Win64; x64) AppleWebKit/537.36 (KHTML, like Gecko) Chrome/109.0.0.0 Safari/537.36"
36.81.65.108 - - [31/Jul/2026:21:44:20 +0700] "GET /wp/?customize_changeset_uuid=dd104cfa-2b14-45ab-afc8-3d93574365d9&customize_theme=astra&customize_messenger_channel=preview-1&customize_autosaved=on HTTP/3" 200 59870 "https://lapakabqary.biz.id/wp/wp-admin/customize.php?theme=astra&return=https%3A%2F%2Flapakabqary.biz.id%2Fwp%2Fwp-admin%2Fthemes.php" "Mozilla/5.0 (Windows NT 10.0; Win64; x64) AppleWebKit/537.36 (KHTML, like Gecko) Chrome/109.0.0.0 Safari/537.36"
36.81.65.108 - - [31/Jul/2026:21:44:22 +0700] "GET /wp/wp-content/themes/astra/assets/js/minified/customizer-preview.min.js?ver=4.13.8 HTTP/3" 304 0 "https://lapakabqary.biz.id/wp/?customize_changeset_uuid=dd104cfa-2b14-45ab-afc8-3d93574365d9&customize_theme=astra&customize_messenger_channel=preview-1&customize_autosaved=on" "Mozilla/5.0 (Windows NT 10.0; Win64; x64) AppleWebKit/537.36 (KHTML, like Gecko) Chrome/109.0.0.0 Safari/537.36"
36.81.65.108 - - [31/Jul/2026:21:44:22 +0700] "GET /wp/wp-content/themes/astra/inc/modules/posts-structures/assets/js/minified/customizer-preview.min.js?ver=4.13.8 HTTP/3" 304 0 "https://lapakabqary.biz.id/wp/?customize_changeset_uuid=dd104cfa-2b14-45ab-afc8-3d93574365d9&customize_theme=astra&customize_messenger_channel=preview-1&customize_autosaved=on" "Mozilla/5.0 (Windows NT 10.0; Win64; x64) AppleWebKit/537.36 (KHTML, like Gecko) Chrome/109.0.0.0 Safari/537.36"
36.81.65.108 - - [31/Jul/2026:21:44:23 +0700] "GET /wp/wp-content/themes/astra/inc/addons/transparent-header/assets/js/minified/customizer-preview.min.js?ver=4.13.8 HTTP/3" 304 0 "https://lapakabqary.biz.id/wp/?customize_changeset_uuid=dd104cfa-2b14-45ab-afc8-3d93574365d9&customize_theme=astra&customize_messenger_channel=preview-1&customize_autosaved=on" "Mozilla/5.0 (Windows NT 10.0; Win64; x64) AppleWebKit/537.36 (KHTML, like Gecko) Chrome/109.0.0.0 Safari/537.36"
36.81.65.108 - - [31/Jul/2026:21:44:23 +0700] "GET /wp/wp-content/themes/astra/inc/addons/scroll-to-top/assets/js/minified/customizer-preview.min.js?ver=4.13.8 HTTP/3" 304 0 "https://lapakabqary.biz.id/wp/?customize_changeset_uuid=dd104cfa-2b14-45ab-afc8-3d93574365d9&customize_theme=astra&customize_messenger_channel=preview-1&customize_autosaved=on" "Mozilla/5.0 (Windows NT 10.0; Win64; x64) AppleWebKit/537.36 (KHTML, like Gecko) Chrome/109.0.0.0 Safari/537.36"
36.81.65.108 - - [31/Jul/2026:21:44:23 +0700] "GET /wp/wp-content/themes/astra/inc/assets/js/minified/customizer-preview.min.js?ver=4.13.8 HTTP/3" 304 0 "https://lapakabqary.biz.id/wp/?customize_changeset_uuid=dd104cfa-2b14-45ab-afc8-3d93574365d9&customize_theme=astra&customize_messenger_channel=preview-1&customize_autosaved=on" "Mozilla/5.0 (Windows NT 10.0; Win64; x64) AppleWebKit/537.36 (KHTML, like Gecko) Chrome/109.0.0.0 Safari/537.36"
36.81.65.108 - - [31/Jul/2026:21:44:23 +0700] "GET /wp/wp-content/themes/astra/inc/addons/breadcrumbs/assets/js/minified/customizer-preview.min.js?ver=4.13.8 HTTP/3" 304 0 "https://lapakabqary.biz.id/wp/?customize_changeset_uuid=dd104cfa-2b14-45ab-afc8-3d93574365d9&customize_theme=astra&customize_messenger_channel=preview-1&customize_autosaved=on" "Mozilla/5.0 (Windows NT 10.0; Win64; x64) AppleWebKit/537.36 (KHTML, like Gecko) Chrome/109.0.0.0 Safari/537.36"
36.81.65.108 - - [31/Jul/2026:21:44:23 +0700] "GET /wp/wp-content/themes/astra/inc/addons/heading-colors/assets/js/minified/customizer-preview.min.js?ver=4.13.8 HTTP/3" 304 0 "https://lapakabqary.biz.id/wp/?customize_changeset_uuid=dd104cfa-2b14-45ab-afc8-3d93574365d9&customize_theme=astra&customize_messenger_channel=preview-1&customize_autosaved=on" "Mozilla/5.0 (Windows NT 10.0; Win64; x64) AppleWebKit/537.36 (KHTML, like Gecko) Chrome/109.0.0.0 Safari/537.36"
36.81.65.108 - - [31/Jul/2026:21:44:23 +0700] "GET /wp/wp-content/themes/astra/inc/builder/type/assets/js/minified/customizer-preview.min.js?ver=4.13.8 HTTP/3" 304 0 "https://lapakabqary.biz.id/wp/?customize_changeset_uuid=dd104cfa-2b14-45ab-afc8-3d93574365d9&customize_theme=astra&customize_messenger_channel=preview-1&customize_autosaved=on" "Mozilla/5.0 (Windows NT 10.0; Win64; x64) AppleWebKit/537.36 (KHTML, like Gecko) Chrome/109.0.0.0 Safari/537.36"
36.81.65.108 - - [31/Jul/2026:21:44:23 +0700] "GET /wp/wp-content/themes/astra/assets/js/minified/frontend.min.js?ver=4.13.8 HTTP/3" 304 0 "https://lapakabqary.biz.id/wp/?customize_changeset_uuid=dd104cfa-2b14-45ab-afc8-3d93574365d9&customize_theme=astra&customize_messenger_channel=preview-1&customize_autosaved=on" "Mozilla/5.0 (Windows NT 10.0; Win64; x64) AppleWebKit/537.36 (KHTML, like Gecko) Chrome/109.0.0.0 Safari/537.36"
36.81.65.108 - - [31/Jul/2026:21:44:23 +0700] "GET /wp/wp-content/themes/astra/assets/js/minified/style-guide-previewer.min.js?ver=4.13.8 HTTP/3" 304 0 "https://lapakabqary.biz.id/wp/?customize_changeset_uuid=dd104cfa-2b14-45ab-afc8-3d93574365d9&customize_theme=astra&customize_messenger_channel=preview-1&customize_autosaved=on" "Mozilla/5.0 (Windows NT 10.0; Win64; x64) AppleWebKit/537.36 (KHTML, like Gecko) Chrome/109.0.0.0 Safari/537.36"
36.81.65.108 - - [31/Jul/2026:21:44:44 +0700] "GET /wp/ HTTP/3" 200 29057 "https://id1001.flaz.cloud:2083/" "Mozilla/5.0 (Windows NT 10.0; Win64; x64) AppleWebKit/537.36 (KHTML, like Gecko) Chrome/109.0.0.0 Safari/537.36"
36.81.65.108 - - [31/Jul/2026:21:44:58 +0700] "GET /wp/wp-admin/ HTTP/3" 200 44001 "https://lapakabqary.biz.id/wp/" "Mozilla/5.0 (Windows NT 10.0; Win64; x64) AppleWebKit/537.36 (KHTML, like Gecko) Chrome/109.0.0.0 Safari/537.36"
36.81.65.108 - - [31/Jul/2026:21:45:03 +0700] "POST /wp/wp-admin/admin-ajax.php HTTP/3" 200 51 "https://lapakabqary.biz.id/wp/wp-admin/customize.php?theme=astra&return=https%3A%2F%2Flapakabqary.biz.id%2Fwp%2Fwp-admin%2Fthemes.php" "Mozilla/5.0 (Windows NT 10.0; Win64; x64) AppleWebKit/537.36 (KHTML, like Gecko) Chrome/109.0.0.0 Safari/537.36"
36.81.65.108 - - [31/Jul/2026:21:45:04 +0700] "GET /wp/wp-json/wp/v2/users/me?context=edit&_locale=user HTTP/3" 200 760 "https://lapakabqary.biz.id/wp/wp-admin/" "Mozilla/5.0 (Windows NT 10.0; Win64; x64) AppleWebKit/537.36 (KHTML, like Gecko) Chrome/109.0.0.0 Safari/537.36"
36.81.65.108 - - [31/Jul/2026:21:45:09 +0700] "GET /wp/wp-content/themes/astra/assets/js/minified/command-palette.min.js?ver=4.13.8 HTTP/3" 304 0 "https://lapakabqary.biz.id/wp/wp-admin/" "Mozilla/5.0 (Windows NT 10.0; Win64; x64) AppleWebKit/537.36 (KHTML, like Gecko) Chrome/109.0.0.0 Safari/537.36"
36.81.65.108 - - [31/Jul/2026:21:45:09 +0700] "POST /wp/wp-admin/admin-ajax.php HTTP/3" 200 51 "https://lapakabqary.biz.id/wp/wp-admin/" "Mozilla/5.0 (Windows NT 10.0; Win64; x64) AppleWebKit/537.36 (KHTML, like Gecko) Chrome/109.0.0.0 Safari/537.36"
66.249.70.168 - - [31/Jul/2026:21:45:22 +0700] "GET /?productSearch/pictureSearch?id=3194667761100 HTTP/1.1" 200 1247 "-" "Mozilla/5.0 (Linux; Android 6.0.1; Nexus 5X Build/MMB29P) AppleWebKit/537.36 (KHTML, like Gecko) Chrome/150.0.7871.186 Mobile Safari/537.36 (compatible; Googlebot/2.1; +http://www.google.com/bot.html)"
66.249.71.7 - - [31/Jul/2026:21:45:29 +0700] "GET /_autoindex/assets/css/autoindex.css HTTP/1.1" 200 1170 "https://lapakabqary.biz.id/?productSearch/pictureSearch?id=3194667761100" "Mozilla/5.0 (Linux; Android 6.0.1; Nexus 5X Build/MMB29P) AppleWebKit/537.36 (KHTML, like Gecko) Chrome/150.0.7871.186 Mobile Safari/537.36 (compatible; Googlebot/2.1; +http://www.google.com/bot.html)"
36.81.65.108 - - [31/Jul/2026:21:45:30 +0700] "GET /wp/wp-content/themes/astra/assets/js/minified/customizer-controls-toggle.min.js?ver=4.13.8 HTTP/3" 304 0 "https://lapakabqary.biz.id/wp/wp-admin/customize.php" "Mozilla/5.0 (Windows NT 10.0; Win64; x64) AppleWebKit/537.36 (KHTML, like Gecko) Chrome/109.0.0.0 Safari/537.36"
36.81.65.108 - - [31/Jul/2026:21:45:30 +0700] "GET /wp/wp-content/themes/astra/assets/js/minified/customizer-controls.min.js?ver=4.13.8 HTTP/3" 304 0 "https://lapakabqary.biz.id/wp/wp-admin/customize.php" "Mozilla/5.0 (Windows NT 10.0; Win64; x64) AppleWebKit/537.36 (KHTML, like Gecko) Chrome/109.0.0.0 Safari/537.36"
36.81.65.108 - - [31/Jul/2026:21:45:31 +0700] "GET /wp/wp-content/themes/astra/assets/js/minified/extend-customizer.min.js?ver=4.13.8 HTTP/3" 304 0 "https://lapakabqary.biz.id/wp/wp-admin/customize.php" "Mozilla/5.0 (Windows NT 10.0; Win64; x64) AppleWebKit/537.36 (KHTML, like Gecko) Chrome/109.0.0.0 Safari/537.36"
36.81.65.108 - - [31/Jul/2026:21:45:31 +0700] "GET /wp/wp-content/themes/astra/assets/js/minified/customizer-style-guide.min.js?ver=4.13.8 HTTP/3" 304 0 "https://lapakabqary.biz.id/wp/wp-admin/customize.php" "Mozilla/5.0 (Windows NT 10.0; Win64; x64) AppleWebKit/537.36 (KHTML, like Gecko) Chrome/109.0.0.0 Safari/537.36"
36.81.65.108 - - [31/Jul/2026:21:45:31 +0700] "GET /wp/wp-content/themes/astra/inc/customizer/custom-controls/assets/js/minified/custom-controls-plain.min.js?ver=4.13.8 HTTP/3" 304 0 "https://lapakabqary.biz.id/wp/wp-admin/customize.php" "Mozilla/5.0 (Windows NT 10.0; Win64; x64) AppleWebKit/537.36 (KHTML, like Gecko) Chrome/109.0.0.0 Safari/537.36"
181.42.180.87 - - [31/Jul/2026:21:45:32 +0700] "GET /?productSearch%2FpictureSearch%3Fid=769592021100 HTTP/2" 200 1247 "https://lapakabqary.biz.id" "Mozilla/5.0 (Windows NT 10.0; Win64; x64) AppleWebKit/537.36 (KHTML, like Gecko) Chrome/143.0.0.0 Safari/537.36"
36.81.65.108 - - [31/Jul/2026:21:45:32 +0700] "GET /wp/wp-json/wp/v2/users/me?context=edit&_locale=user HTTP/3" 200 760 "https://lapakabqary.biz.id/wp/wp-admin/customize.php" "Mozilla/5.0 (Windows NT 10.0; Win64; x64) AppleWebKit/537.36 (KHTML, like Gecko) Chrome/109.0.0.0 Safari/537.36"
36.81.65.108 - - [31/Jul/2026:21:45:33 +0700] "GET /wp/wp-content/themes/astra/inc/customizer/extend-custom-controls/build/index.js?ver=4.13.8 HTTP/3" 304 0 "https://lapakabqary.biz.id/wp/wp-admin/customize.php" "Mozilla/5.0 (Windows NT 10.0; Win64; x64) AppleWebKit/537.36 (KHTML, like Gecko) Chrome/109.0.0.0 Safari/537.36"
36.81.65.108 - - [31/Jul/2026:21:45:33 +0700] "GET /wp/wp-content/themes/astra/assets/js/minified/customizer-google-fonts.min.js?ver=4.13.8 HTTP/3" 304 0 "https://lapakabqary.biz.id/wp/wp-admin/customize.php" "Mozilla/5.0 (Windows NT 10.0; Win64; x64) AppleWebKit/537.36 (KHTML, like Gecko) Chrome/109.0.0.0 Safari/537.36"
36.81.65.108 - - [31/Jul/2026:21:45:17 +0700] "GET /wp/wp-admin/customize.php HTTP/3" 200 303181 "https://lapakabqary.biz.id/wp/wp-admin/" "Mozilla/5.0 (Windows NT 10.0; Win64; x64) AppleWebKit/537.36 (KHTML, like Gecko) Chrome/109.0.0.0 Safari/537.36"
36.81.65.108 - - [31/Jul/2026:21:45:38 +0700] "GET /wp/wp-admin/ HTTP/3" 200 44002 "https://lapakabqary.biz.id/wp/" "Mozilla/5.0 (Windows NT 10.0; Win64; x64) AppleWebKit/537.36 (KHTML, like Gecko) Chrome/109.0.0.0 Safari/537.36"
36.81.65.108 - - [31/Jul/2026:21:45:47 +0700] "GET /wp/wp-json/wp/v2/users/me?context=edit&_locale=user HTTP/3" 200 760 "https://lapakabqary.biz.id/wp/wp-admin/" "Mozilla/5.0 (Windows NT 10.0; Win64; x64) AppleWebKit/537.36 (KHTML, like Gecko) Chrome/109.0.0.0 Safari/537.36"
36.81.65.108 - - [31/Jul/2026:21:45:50 +0700] "POST /wp/wp-admin/admin-ajax.php HTTP/3" 200 0 "https://lapakabqary.biz.id/wp/wp-admin/customize.php?theme=astra&return=https%3A%2F%2Flapakabqary.biz.id%2Fwp%2Fwp-admin%2Fthemes.php" "Mozilla/5.0 (Windows NT 10.0; Win64; x64) AppleWebKit/537.36 (KHTML, like Gecko) Chrome/109.0.0.0 Safari/537.36"
36.81.65.108 - - [31/Jul/2026:21:45:51 +0700] "GET /wp/wp-admin/themes.php HTTP/3" 200 38205 "https://lapakabqary.biz.id/wp/wp-admin/customize.php?theme=astra&return=https%3A%2F%2Flapakabqary.biz.id%2Fwp%2Fwp-admin%2Fthemes.php" "Mozilla/5.0 (Windows NT 10.0; Win64; x64) AppleWebKit/537.36 (KHTML, like Gecko) Chrome/109.0.0.0 Safari/537.36"
36.81.65.108 - - [31/Jul/2026:21:46:02 +0700] "GET /wp/wp-content/themes/astra/assets/js/minified/command-palette.min.js?ver=4.13.8 HTTP/3" 304 0 "https://lapakabqary.biz.id/wp/wp-admin/themes.php" "Mozilla/5.0 (Windows NT 10.0; Win64; x64) AppleWebKit/537.36 (KHTML, like Gecko) Chrome/109.0.0.0 Safari/537.36"
66.249.70.167 - - [31/Jul/2026:21:46:03 +0700] "GET /?product/category/view_more/136501081100 HTTP/1.1" 200 1247 "-" "Mozilla/5.0 (Linux; Android 6.0.1; Nexus 5X Build/MMB29P) AppleWebKit/537.36 (KHTML, like Gecko) Chrome/150.0.7871.186 Mobile Safari/537.36 (compatible; Googlebot/2.1; +http://www.google.com/bot.html)"
36.81.65.108 - - [31/Jul/2026:21:46:07 +0700] "GET /wp/wp-json/wp/v2/users/me?context=edit&_locale=user HTTP/3" 200 760 "https://lapakabqary.biz.id/wp/wp-admin/themes.php" "Mozilla/5.0 (Windows NT 10.0; Win64; x64) AppleWebKit/537.36 (KHTML, like Gecko) Chrome/109.0.0.0 Safari/537.36"
36.81.65.108 - - [31/Jul/2026:21:46:15 +0700] "POST /wp/wp-admin/admin-ajax.php HTTP/3" 200 51 "https://lapakabqary.biz.id/wp/wp-admin/themes.php" "Mozilla/5.0 (Windows NT 10.0; Win64; x64) AppleWebKit/537.36 (KHTML, like Gecko) Chrome/109.0.0.0 Safari/537.36"
66.249.70.167 - - [31/Jul/2026:21:46:21 +0700] "GET /_autoindex/assets/icons/file.svg HTTP/1.1" 200 354 "https://lapakabqary.biz.id/?product/category/view_more/136501081100" "Mozilla/5.0 (Linux; Android 6.0.1; Nexus 5X Build/MMB29P) AppleWebKit/537.36 (KHTML, like Gecko) Chrome/150.0.7871.186 Mobile Safari/537.36 (compatible; Googlebot/2.1; +http://www.google.com/bot.html)"
66.249.70.166 - - [31/Jul/2026:21:46:31 +0700] "GET /_autoindex/assets/icons/file-text.svg HTTP/1.1" 200 394 "https://lapakabqary.biz.id/?product/category/view_more/136501081100" "Mozilla/5.0 (Linux; Android 6.0.1; Nexus 5X Build/MMB29P) AppleWebKit/537.36 (KHTML, like Gecko) Chrome/150.0.7871.186 Mobile Safari/537.36 (compatible; Googlebot/2.1; +http://www.google.com/bot.html)"
36.81.65.108 - - [31/Jul/2026:21:46:41 +0700] "GET /wp/wp-admin/load-scripts.php?c=1&load%5Bchunk_0%5D=hoverIntent&ver=7.0.2 HTTP/3" 200 712 "https://lapakabqary.biz.id/wp/wp-admin/nav-menus.php" "Mozilla/5.0 (Windows NT 10.0; Win64; x64) AppleWebKit/537.36 (KHTML, like Gecko) Chrome/109.0.0.0 Safari/537.36"
36.81.65.108 - - [31/Jul/2026:21:46:34 +0700] "GET /wp/wp-admin/nav-menus.php HTTP/3" 200 40917 "https://lapakabqary.biz.id/wp/wp-admin/themes.php?theme=astra" "Mozilla/5.0 (Windows NT 10.0; Win64; x64) AppleWebKit/537.36 (KHTML, like Gecko) Chrome/109.0.0.0 Safari/537.36"
36.81.65.108 - - [31/Jul/2026:21:46:41 +0700] "GET /wp/wp-admin/load-scripts.php?c=1&load%5Bchunk_0%5D=jquery-core,jquery-migrate,utils,wp-dom-ready,wp-hooks&ver=7.0.2 HTTP/3" 200 37981 "https://lapakabqary.biz.id/wp/wp-admin/nav-menus.php" "Mozilla/5.0 (Windows NT 10.0; Win64; x64) AppleWebKit/537.36 (KHTML, like Gecko) Chrome/109.0.0.0 Safari/537.36"
36.81.65.108 - - [31/Jul/2026:21:46:45 +0700] "GET /wp/wp-json/wp/v2/users/me?context=edit&_locale=user HTTP/3" 200 760 "https://lapakabqary.biz.id/wp/wp-admin/nav-menus.php" "Mozilla/5.0 (Windows NT 10.0; Win64; x64) AppleWebKit/537.36 (KHTML, like Gecko) Chrome/109.0.0.0 Safari/537.36"
36.81.65.108 - - [31/Jul/2026:21:46:47 +0700] "GET /wp/wp-content/themes/astra/assets/js/minified/command-palette.min.js?ver=4.13.8 HTTP/3" 304 0 "https://lapakabqary.biz.id/wp/wp-admin/nav-menus.php" "Mozilla/5.0 (Windows NT 10.0; Win64; x64) AppleWebKit/537.36 (KHTML, like Gecko) Chrome/109.0.0.0 Safari/537.36"
66.249.70.167 - - [31/Jul/2026:21:47:17 +0700] "GET /?l=3579699761100 HTTP/1.1" 200 1247 "-" "Mozilla/5.0 (Linux; Android 6.0.1; Nexus 5X Build/MMB29P) AppleWebKit/537.36 (KHTML, like Gecko) Chrome/150.0.7871.186 Mobile Safari/537.36 (compatible; Googlebot/2.1; +http://www.google.com/bot.html)"
36.81.65.108 - - [31/Jul/2026:21:47:17 +0700] "GET /wp/wp-admin/themes.php HTTP/3" 200 38204 "https://lapakabqary.biz.id/wp/wp-admin/nav-menus.php" "Mozilla/5.0 (Windows NT 10.0; Win64; x64) AppleWebKit/537.36 (KHTML, like Gecko) Chrome/109.0.0.0 Safari/537.36"
36.81.65.108 - - [31/Jul/2026:21:47:23 +0700] "GET /wp/wp-json/wp/v2/users/me?context=edit&_locale=user HTTP/3" 200 760 "https://lapakabqary.biz.id/wp/wp-admin/themes.php" "Mozilla/5.0 (Windows NT 10.0; Win64; x64) AppleWebKit/537.36 (KHTML, like Gecko) Chrome/109.0.0.0 Safari/537.36"
36.81.65.108 - - [31/Jul/2026:21:47:36 +0700] "GET /wp/wp-admin/plugins.php HTTP/3" 200 36659 "https://lapakabqary.biz.id/wp/wp-admin/themes.php" "Mozilla/5.0 (Windows NT 10.0; Win64; x64) AppleWebKit/537.36 (KHTML, like Gecko) Chrome/109.0.0.0 Safari/537.36"
36.81.65.108 - - [31/Jul/2026:21:47:38 +0700] "GET /wp/wp-content/themes/astra/inc/lib/bsf-analytics/modules/deactivation-survey/assets/css/feedback.min.css?ver=1.1.29 HTTP/3" 200 1028 "https://lapakabqary.biz.id/wp/wp-admin/plugins.php" "Mozilla/5.0 (Windows NT 10.0; Win64; x64) AppleWebKit/537.36 (KHTML, like Gecko) Chrome/109.0.0.0 Safari/537.36"
36.81.65.108 - - [31/Jul/2026:21:47:39 +0700] "GET /wp/wp-content/themes/astra/inc/lib/bsf-analytics/modules/deactivation-survey/assets/js/feedback.min.js?ver=1.1.29 HTTP/3" 200 977 "https://lapakabqary.biz.id/wp/wp-admin/plugins.php" "Mozilla/5.0 (Windows NT 10.0; Win64; x64) AppleWebKit/537.36 (KHTML, like Gecko) Chrome/109.0.0.0 Safari/537.36"
36.81.65.108 - - [31/Jul/2026:21:47:43 +0700] "GET /wp/wp-json/wp/v2/users/me?context=edit&_locale=user HTTP/3" 200 760 "https://lapakabqary.biz.id/wp/wp-admin/plugins.php" "Mozilla/5.0 (Windows NT 10.0; Win64; x64) AppleWebKit/537.36 (KHTML, like Gecko) Chrome/109.0.0.0 Safari/537.36"
36.81.65.108 - - [31/Jul/2026:21:47:44 +0700] "GET /wp/wp-content/themes/astra/assets/js/minified/command-palette.min.js?ver=4.13.8 HTTP/3" 304 0 "https://lapakabqary.biz.id/wp/wp-admin/plugins.php" "Mozilla/5.0 (Windows NT 10.0; Win64; x64) AppleWebKit/537.36 (KHTML, like Gecko) Chrome/109.0.0.0 Safari/537.36"
36.81.65.108 - - [31/Jul/2026:21:47:52 +0700] "POST /wp/wp-admin/admin-ajax.php HTTP/3" 200 51 "https://lapakabqary.biz.id/wp/wp-admin/" "Mozilla/5.0 (Windows NT 10.0; Win64; x64) AppleWebKit/537.36 (KHTML, like Gecko) Chrome/109.0.0.0 Safari/537.36"
36.81.65.108 - - [31/Jul/2026:21:48:09 +0700] "GET /wp/wp-admin/index.php HTTP/3" 200 44073 "https://lapakabqary.biz.id/wp/wp-admin/plugins.php" "Mozilla/5.0 (Windows NT 10.0; Win64; x64) AppleWebKit/537.36 (KHTML, like Gecko) Chrome/109.0.0.0 Safari/537.36"
36.81.65.108 - - [31/Jul/2026:21:48:16 +0700] "GET /wp/wp-json/wp/v2/users/me?context=edit&_locale=user HTTP/3" 200 760 "https://lapakabqary.biz.id/wp/wp-admin/index.php" "Mozilla/5.0 (Windows NT 10.0; Win64; x64) AppleWebKit/537.36 (KHTML, like Gecko) Chrome/109.0.0.0 Safari/537.36"
66.249.70.167 - - [31/Jul/2026:21:48:54 +0700] "GET /?l=2426481341100 HTTP/1.1" 200 1247 "-" "Mozilla/5.0 (Linux; Android 6.0.1; Nexus 5X Build/MMB29P) AppleWebKit/537.36 (KHTML, like Gecko) Chrome/150.0.7871.186 Mobile Safari/537.36 (compatible; GoogleOther)"
36.81.65.108 - - [31/Jul/2026:21:49:17 +0700] "POST /wp/wp-admin/admin-ajax.php HTTP/3" 200 51 "https://lapakabqary.biz.id/wp/wp-admin/index.php" "Mozilla/5.0 (Windows NT 10.0; Win64; x64) AppleWebKit/537.36 (KHTML, like Gecko) Chrome/109.0.0.0 Safari/537.36"
36.81.65.108 - - [31/Jul/2026:21:49:19 +0700] "GET /wp/ HTTP/3" 200 29057 "https://lapakabqary.biz.id/wp/wp-admin/index.php" "Mozilla/5.0 (Windows NT 10.0; Win64; x64) AppleWebKit/537.36 (KHTML, like Gecko) Chrome/109.0.0.0 Safari/537.36"
36.81.65.108 - - [31/Jul/2026:21:49:21 +0700] "GET /wp/wp-content/themes/astra/assets/js/minified/frontend.min.js?ver=4.13.8 HTTP/3" 304 0 "https://lapakabqary.biz.id/wp/" "Mozilla/5.0 (Windows NT 10.0; Win64; x64) AppleWebKit/537.36 (KHTML, like Gecko) Chrome/109.0.0.0 Safari/537.36"
36.81.65.108 - - [31/Jul/2026:21:49:53 +0700] "POST /wp/wp-admin/admin-ajax.php HTTP/3" 200 51 "https://lapakabqary.biz.id/wp/wp-admin/" "Mozilla/5.0 (Windows NT 10.0; Win64; x64) AppleWebKit/537.36 (KHTML, like Gecko) Chrome/109.0.0.0 Safari/537.36"
36.81.65.108 - - [31/Jul/2026:21:50:48 +0700] "GET /wp/wp-admin/ HTTP/3" 200 43975 "https://lapakabqary.biz.id/wp/" "Mozilla/5.0 (Windows NT 10.0; Win64; x64) AppleWebKit/537.36 (KHTML, like Gecko) Chrome/109.0.0.0 Safari/537.36"
36.81.65.108 - - [31/Jul/2026:21:50:55 +0700] "GET /wp/wp-content/themes/astra/assets/js/minified/command-palette.min.js?ver=4.13.8 HTTP/3" 304 0 "https://lapakabqary.biz.id/wp/wp-admin/" "Mozilla/5.0 (Windows NT 10.0; Win64; x64) AppleWebKit/537.36 (KHTML, like Gecko) Chrome/109.0.0.0 Safari/537.36"
36.81.65.108 - - [31/Jul/2026:21:50:57 +0700] "GET /wp/wp-json/wp/v2/users/me?context=edit&_locale=user HTTP/3" 200 760 "https://lapakabqary.biz.id/wp/wp-admin/" "Mozilla/5.0 (Windows NT 10.0; Win64; x64) AppleWebKit/537.36 (KHTML, like Gecko) Chrome/109.0.0.0 Safari/537.36"
36.81.65.108 - - [31/Jul/2026:21:51:00 +0700] "GET /wp/wp-admin/plugins.php HTTP/3" 200 36659 "https://lapakabqary.biz.id/wp/wp-admin/" "Mozilla/5.0 (Windows NT 10.0; Win64; x64) AppleWebKit/537.36 (KHTML, like Gecko) Chrome/109.0.0.0 Safari/537.36"
36.81.65.108 - - [31/Jul/2026:21:51:06 +0700] "GET /wp/wp-content/themes/astra/inc/lib/bsf-analytics/modules/deactivation-survey/assets/js/feedback.min.js?ver=1.1.29 HTTP/3" 304 0 "https://lapakabqary.biz.id/wp/wp-admin/plugins.php" "Mozilla/5.0 (Windows NT 10.0; Win64; x64) AppleWebKit/537.36 (KHTML, like Gecko) Chrome/109.0.0.0 Safari/537.36"
36.81.65.108 - - [31/Jul/2026:21:51:05 +0700] "GET /wp/wp-json/wp/v2/users/me?context=edit&_locale=user HTTP/3" 200 760 "https://lapakabqary.biz.id/wp/wp-admin/plugins.php" "Mozilla/5.0 (Windows NT 10.0; Win64; x64) AppleWebKit/537.36 (KHTML, like Gecko) Chrome/109.0.0.0 Safari/537.36"
36.81.65.108 - - [31/Jul/2026:21:51:13 +0700] "GET /wp/wp-admin/plugin-install.php HTTP/3" 200 39380 "https://lapakabqary.biz.id/wp/wp-admin/plugins.php" "Mozilla/5.0 (Windows NT 10.0; Win64; x64) AppleWebKit/537.36 (KHTML, like Gecko) Chrome/109.0.0.0 Safari/537.36"
36.81.65.108 - - [31/Jul/2026:21:51:20 +0700] "GET /wp/wp-json/wp/v2/users/me?context=edit&_locale=user HTTP/3" 200 760 "https://lapakabqary.biz.id/wp/wp-admin/plugin-install.php" "Mozilla/5.0 (Windows NT 10.0; Win64; x64) AppleWebKit/537.36 (KHTML, like Gecko) Chrome/109.0.0.0 Safari/537.36"
36.81.65.108 - - [31/Jul/2026:21:51:23 +0700] "POST /wp/wp-admin/admin-ajax.php HTTP/3" 200 5639 "https://lapakabqary.biz.id/wp/wp-admin/plugin-install.php?s=sta&tab=search&type=term" "Mozilla/5.0 (Windows NT 10.0; Win64; x64) AppleWebKit/537.36 (KHTML, like Gecko) Chrome/109.0.0.0 Safari/537.36"
66.249.70.167 - - [31/Jul/2026:21:51:27 +0700] "GET /?l=3687086601100 HTTP/1.1" 200 1247 "-" "Mozilla/5.0 (Linux; Android 6.0.1; Nexus 5X Build/MMB29P) AppleWebKit/537.36 (KHTML, like Gecko) Chrome/150.0.7871.186 Mobile Safari/537.36 (compatible; Googlebot/2.1; +http://www.google.com/bot.html)"
36.81.65.108 - - [31/Jul/2026:21:51:28 +0700] "POST /wp/wp-admin/admin-ajax.php HTTP/3" 200 8829 "https://lapakabqary.biz.id/wp/wp-admin/plugin-install.php?s=starter&tab=search&type=term" "Mozilla/5.0 (Windows NT 10.0; Win64; x64) AppleWebKit/537.36 (KHTML, like Gecko) Chrome/109.0.0.0 Safari/537.36"
66.249.70.167 - - [31/Jul/2026:21:51:33 +0700] "GET /_autoindex/assets/js/tablesort.js HTTP/1.1" 200 2137 "https://lapakabqary.biz.id/?l=3687086601100" "Mozilla/5.0 (Linux; Android 6.0.1; Nexus 5X Build/MMB29P) AppleWebKit/537.36 (KHTML, like Gecko) Chrome/150.0.7871.186 Mobile Safari/537.36 (compatible; Googlebot/2.1; +http://www.google.com/bot.html)"
36.81.65.108 - - [31/Jul/2026:21:51:37 +0700] "POST /wp/wp-admin/admin-ajax.php HTTP/3" 200 222 "https://lapakabqary.biz.id/wp/wp-admin/plugin-install.php?s=starter&tab=search&type=term" "Mozilla/5.0 (Windows NT 10.0; Win64; x64) AppleWebKit/537.36 (KHTML, like Gecko) Chrome/109.0.0.0 Safari/537.36"
36.81.65.108 - - [31/Jul/2026:21:51:46 +0700] "POST /wp/wp-admin/admin-ajax.php HTTP/3" 200 206 "https://lapakabqary.biz.id/wp/wp-admin/plugin-install.php?s=starter&tab=search&type=term" "Mozilla/5.0 (Windows NT 10.0; Win64; x64) AppleWebKit/537.36 (KHTML, like Gecko) Chrome/109.0.0.0 Safari/537.36"
36.81.65.108 - - [31/Jul/2026:21:51:53 +0700] "POST /wp/wp-admin/admin-ajax.php HTTP/3" 200 51 "https://lapakabqary.biz.id/wp/wp-admin/" "Mozilla/5.0 (Windows NT 10.0; Win64; x64) AppleWebKit/537.36 (KHTML, like Gecko) Chrome/109.0.0.0 Safari/537.36"
36.81.65.108 - - [31/Jul/2026:21:52:05 +0700] "GET /wp/wp-admin/plugins.php?_wpnonce=87b58772b7&action=activate&plugin=astra-sites/astra-sites.php HTTP/3" 302 0 "https://lapakabqary.biz.id/wp/wp-admin/plugin-install.php?s=starter&tab=search&type=term" "Mozilla/5.0 (Windows NT 10.0; Win64; x64) AppleWebKit/537.36 (KHTML, like Gecko) Chrome/109.0.0.0 Safari/537.36"
36.81.65.108 - - [31/Jul/2026:21:52:06 +0700] "GET /wp/wp-admin/plugins.php?activate=true&plugin_status=all&paged=1&s= HTTP/3" 302 0 "https://lapakabqary.biz.id/wp/wp-admin/plugin-install.php?s=starter&tab=search&type=term" "Mozilla/5.0 (Windows NT 10.0; Win64; x64) AppleWebKit/537.36 (KHTML, like Gecko) Chrome/109.0.0.0 Safari/537.36"
103.190.0.89 - - [31/Jul/2026:21:52:08 +0700] "POST /wp/wp-cron.php?doing_wp_cron=1785509528.2228560447692871093750 HTTP/1.1" 200 0 "-" "WordPress/7.0.2; https://lapakabqary.biz.id/wp"
103.190.0.89 - - [31/Jul/2026:21:52:10 +0700] "POST /wp/wp-cron.php?doing_wp_cron=1785509530.7923409938812255859375 HTTP/1.1" 200 0 "-" "WordPress/7.0.2; https://lapakabqary.biz.id/wp"
36.81.65.108 - - [31/Jul/2026:21:52:07 +0700] "GET /wp/wp-admin/themes.php?page=starter-templates HTTP/3" 200 61881 "https://lapakabqary.biz.id/wp/wp-admin/plugin-install.php?s=starter&tab=search&type=term" "Mozilla/5.0 (Windows NT 10.0; Win64; x64) AppleWebKit/537.36 (KHTML, like Gecko) Chrome/109.0.0.0 Safari/537.36"
36.81.65.108 - - [31/Jul/2026:21:52:12 +0700] "GET /wp/wp-content/plugins/astra-sites/inc/lib/onboarding/assets/dist/onboarding/style-main.css?ver=f69311bf0811f9aeb966 HTTP/3" 200 15104 "https://lapakabqary.biz.id/wp/wp-admin/themes.php?page=starter-templates" "Mozilla/5.0 (Windows NT 10.0; Win64; x64) AppleWebKit/537.36 (KHTML, like Gecko) Chrome/109.0.0.0 Safari/537.36"
36.81.65.108 - - [31/Jul/2026:21:52:12 +0700] "GET /wp/wp-content/plugins/astra-sites/assets/css/admin.css?ver=4.7.3 HTTP/3" 200 458 "https://lapakabqary.biz.id/wp/wp-admin/themes.php?page=starter-templates" "Mozilla/5.0 (Windows NT 10.0; Win64; x64) AppleWebKit/537.36 (KHTML, like Gecko) Chrome/109.0.0.0 Safari/537.36"
36.81.65.108 - - [31/Jul/2026:21:52:12 +0700] "GET /wp/wp-content/plugins/astra-sites/inc/lib/zipwp-images/dist/style-main.css?ver=1.0.30 HTTP/3" 200 4503 "https://lapakabqary.biz.id/wp/wp-admin/themes.php?page=starter-templates" "Mozilla/5.0 (Windows NT 10.0; Win64; x64) AppleWebKit/537.36 (KHTML, like Gecko) Chrome/109.0.0.0 Safari/537.36"
36.81.65.108 - - [31/Jul/2026:21:52:12 +0700] "GET /wp/wp-content/plugins/astra-sites/inc/lib/zipwp-images/assets/fonts/figtree.css?ver=1.0.30 HTTP/3" 200 538 "https://lapakabqary.biz.id/wp/wp-admin/themes.php?page=starter-templates" "Mozilla/5.0 (Windows NT 10.0; Win64; x64) AppleWebKit/537.36 (KHTML, like Gecko) Chrome/109.0.0.0 Safari/537.36"
103.190.0.89 - - [31/Jul/2026:21:52:08 +0700] "POST /wp/wp-admin/admin-ajax.php?action=wp_astra_site_importer&nonce=bfbf0b814e HTTP/1.1" 200 0 "-" "WordPress/7.0.2; https://lapakabqary.biz.id/wp"
36.81.65.108 - - [31/Jul/2026:21:52:15 +0700] "GET /wp/wp-content/themes/astra/inc/lib/nps-survey/dist//style-main.css?ver=1.0.24 HTTP/3" 200 1955 "https://lapakabqary.biz.id/wp/wp-admin/themes.php?page=starter-templates" "Mozilla/5.0 (Windows NT 10.0; Win64; x64) AppleWebKit/537.36 (KHTML, like Gecko) Chrome/109.0.0.0 Safari/537.36"
36.81.65.108 - - [31/Jul/2026:21:52:15 +0700] "GET /wp/wp-content/plugins/astra-sites/inc/assets/js/command-palette.js?ver=4.7.3 HTTP/3" 200 725 "https://lapakabqary.biz.id/wp/wp-admin/themes.php?page=starter-templates" "Mozilla/5.0 (Windows NT 10.0; Win64; x64) AppleWebKit/537.36 (KHTML, like Gecko) Chrome/109.0.0.0 Safari/537.36"
36.81.65.108 - - [31/Jul/2026:21:52:12 +0700] "GET /wp/wp-admin/load-styles.php?c=1&dir=ltr&load%5Bchunk_0%5D=dashicons,admin-bar,common,forms,admin-menu,dashboard,list-tables,edit,revisions,media,themes,about,nav-menus,wp-pointer,widgets&load%5Bchunk_1%5D=,site-icon,l10n,wp-base-styles,buttons,wp-auth-check,wp-components,wp-commands,media-views&ver=7.0.2 HTTP/3" 200 130573 "https://lapakabqary.biz.id/wp/wp-admin/themes.php?page=starter-templates" "Mozilla/5.0 (Windows NT 10.0; Win64; x64) AppleWebKit/537.36 (KHTML, like Gecko) Chrome/109.0.0.0 Safari/537.36"
36.81.65.108 - - [31/Jul/2026:21:52:12 +0700] "GET /wp/wp-content/plugins/astra-sites/inc/assets/css/admin.css?ver=4.7.3 HTTP/3" 200 10693 "https://lapakabqary.biz.id/wp/wp-admin/themes.php?page=starter-templates" "Mozilla/5.0 (Windows NT 10.0; Win64; x64) AppleWebKit/537.36 (KHTML, like Gecko) Chrome/109.0.0.0 Safari/537.36"
36.81.65.108 - - [31/Jul/2026:21:52:15 +0700] "GET /wp/wp-content/plugins/astra-sites/assets/js/admin.js?ver=4.7.3 HTTP/3" 200 465 "https://lapakabqary.biz.id/wp/wp-admin/themes.php?page=starter-templates" "Mozilla/5.0 (Windows NT 10.0; Win64; x64) AppleWebKit/537.36 (KHTML, like Gecko) Chrome/109.0.0.0 Safari/537.36"
36.81.65.108 - - [31/Jul/2026:21:52:15 +0700] "GET /wp/wp-admin/load-scripts.php?c=1&load%5Bchunk_0%5D=jquery-core,jquery-migrate,utils,moxiejs,plupload&ver=7.0.2 HTTP/3" 200 69047 "https://lapakabqary.biz.id/wp/wp-admin/themes.php?page=starter-templates" "Mozilla/5.0 (Windows NT 10.0; Win64; x64) AppleWebKit/537.36 (KHTML, like Gecko) Chrome/109.0.0.0 Safari/537.36"
36.81.65.108 - - [31/Jul/2026:21:52:15 +0700] "GET /wp/wp-content/plugins/home/lapakabqaryb6f7f/public_html/wp/wp-content/themes/astra/inc/lib/nps-survey/assets/fonts/figtree.css?ver=1.0.24 HTTP/3" 404 28054 "https://lapakabqary.biz.id/wp/wp-admin/themes.php?page=starter-templates" "Mozilla/5.0 (Windows NT 10.0; Win64; x64) AppleWebKit/537.36 (KHTML, like Gecko) Chrome/109.0.0.0 Safari/537.36"
36.81.65.108 - - [31/Jul/2026:21:52:15 +0700] "GET /wp/wp-content/plugins/astra-sites/inc/lib/onboarding/assets/dist/onboarding/main.js?ver=f69311bf0811f9aeb966 HTTP/3" 200 355480 "https://lapakabqary.biz.id/wp/wp-admin/themes.php?page=starter-templates" "Mozilla/5.0 (Windows NT 10.0; Win64; x64) AppleWebKit/537.36 (KHTML, like Gecko) Chrome/109.0.0.0 Safari/537.36"
36.81.65.108 - - [31/Jul/2026:21:52:15 +0700] "GET /wp/wp-content/plugins/astra-sites/inc/lib/zipwp-images/dist/main.js?ver=1.0.30 HTTP/3" 200 57994 "https://lapakabqary.biz.id/wp/wp-admin/themes.php?page=starter-templates" "Mozilla/5.0 (Windows NT 10.0; Win64; x64) AppleWebKit/537.36 (KHTML, like Gecko) Chrome/109.0.0.0 Safari/537.36"
36.81.65.108 - - [31/Jul/2026:21:52:15 +0700] "GET /wp/wp-content/themes/astra/inc/lib/nps-survey/dist/main.js?ver=4e3b3dbec4d5ae4d2355 HTTP/3" 200 12134 "https://lapakabqary.biz.id/wp/wp-admin/themes.php?page=starter-templates" "Mozilla/5.0 (Windows NT 10.0; Win64; x64) AppleWebKit/537.36 (KHTML, like Gecko) Chrome/109.0.0.0 Safari/537.36"
36.81.65.108 - - [31/Jul/2026:21:52:26 +0700] "GET /wp/wp-json/wp/v2/users/me?context=edit&_locale=user HTTP/3" 200 788 "https://lapakabqary.biz.id/wp/wp-admin/themes.php?page=starter-templates" "Mozilla/5.0 (Windows NT 10.0; Win64; x64) AppleWebKit/537.36 (KHTML, like Gecko) Chrome/109.0.0.0 Safari/537.36"
36.81.65.108 - - [31/Jul/2026:21:52:29 +0700] "GET /wp/wp-content/plugins/astra-sites/inc/lib/onboarding/assets/images/logo.svg HTTP/3" 200 2504 "https://lapakabqary.biz.id/wp/wp-admin/themes.php?page=starter-templates" "Mozilla/5.0 (Windows NT 10.0; Win64; x64) AppleWebKit/537.36 (KHTML, like Gecko) Chrome/109.0.0.0 Safari/537.36"
36.81.65.108 - - [31/Jul/2026:21:52:29 +0700] "GET /wp/wp-content/themes/astra/assets/js/minified/command-palette.min.js?ver=4.13.8 HTTP/3" 304 0 "https://lapakabqary.biz.id/wp/wp-admin/themes.php?page=starter-templates" "Mozilla/5.0 (Windows NT 10.0; Win64; x64) AppleWebKit/537.36 (KHTML, like Gecko) Chrome/109.0.0.0 Safari/537.36"
36.81.65.108 - - [31/Jul/2026:21:52:29 +0700] "GET /wp/wp-content/plugins/astra-sites/inc/lib/zipwp-images/assets/fonts/figtree-latin.woff2 HTTP/3" 200 20184 "https://lapakabqary.biz.id/wp/wp-content/plugins/astra-sites/inc/lib/zipwp-images/assets/fonts/figtree.css?ver=1.0.30" "Mozilla/5.0 (Windows NT 10.0; Win64; x64) AppleWebKit/537.36 (KHTML, like Gecko) Chrome/109.0.0.0 Safari/537.36"
36.81.65.108 - - [31/Jul/2026:21:52:29 +0700] "POST /wp/wp-admin/admin-ajax.php HTTP/3" 200 20 "https://lapakabqary.biz.id/wp/wp-admin/themes.php?page=starter-templates" "Mozilla/5.0 (Windows NT 10.0; Win64; x64) AppleWebKit/537.36 (KHTML, like Gecko) Chrome/109.0.0.0 Safari/537.36"
