66.249.70.167 - - [31/Jul/2026:21:32:12 +0700] "GET /_autoindex/assets/icons/folder-fill.svg HTTP/1.1" 200 333 "https://lapakabqary.biz.id/?shop/sold?id=top2291184561100" "Mozilla/5.0 (Linux; Android 6.0.1; Nexus 5X Build/MMB29P) AppleWebKit/537.36 (KHTML, like Gecko) Chrome/150.0.7871.186 Mobile Safari/537.36 (compatible; Googlebot/2.1; +http://www.google.com/bot.html)"
36.81.65.108 - - [31/Jul/2026:21:32:10 +0700] "POST /wp/wp-admin/admin-ajax.php HTTP/3" 200 36588 "https://lapakabqary.biz.id/wp/wp-admin/theme-install.php?browse=popular" "Mozilla/5.0 (Windows NT 10.0; Win64; x64) AppleWebKit/537.36 (KHTML, like Gecko) Chrome/109.0.0.0 Safari/537.36"
66.249.71.7 - - [31/Jul/2026:21:32:26 +0700] "GET /?productSearch/pictureSearch?id=587011701100 HTTP/1.1" 200 1250 "-" "Mozilla/5.0 (Linux; Android 6.0.1; Nexus 5X Build/MMB29P) AppleWebKit/537.36 (KHTML, like Gecko) Chrome/150.0.7871.186 Mobile Safari/537.36 (compatible; Googlebot/2.1; +http://www.google.com/bot.html)"
66.249.70.166 - - [31/Jul/2026:21:32:58 +0700] "GET /?shop/sold?id=top1633821721100 HTTP/1.1" 200 1250 "-" "Mozilla/5.0 (Linux; Android 6.0.1; Nexus 5X Build/MMB29P) AppleWebKit/537.36 (KHTML, like Gecko) Chrome/150.0.7871.186 Mobile Safari/537.36 (compatible; GoogleOther)"
66.249.71.9 - - [31/Jul/2026:21:33:04 +0700] "GET /_autoindex/assets/js/tablesort.number.js HTTP/1.1" 200 322 "https://lapakabqary.biz.id/?shop/sold?id=top1633821721100" "Mozilla/5.0 (Linux; Android 6.0.1; Nexus 5X Build/MMB29P) AppleWebKit/537.36 (KHTML, like Gecko) Chrome/150.0.7871.186 Mobile Safari/537.36 (compatible; GoogleOther)"
36.81.65.108 - - [31/Jul/2026:21:33:11 +0700] "POST /wp/wp-admin/admin-ajax.php HTTP/3" 200 51 "https://lapakabqary.biz.id/wp/wp-admin/theme-install.php?browse=popular" "Mozilla/5.0 (Windows NT 10.0; Win64; x64) AppleWebKit/537.36 (KHTML, like Gecko) Chrome/109.0.0.0 Safari/537.36"
36.81.65.108 - - [31/Jul/2026:21:34:11 +0700] "POST /wp/wp-admin/admin-ajax.php HTTP/3" 200 51 "https://lapakabqary.biz.id/wp/wp-admin/theme-install.php?browse=popular" "Mozilla/5.0 (Windows NT 10.0; Win64; x64) AppleWebKit/537.36 (KHTML, like Gecko) Chrome/109.0.0.0 Safari/537.36"
66.249.71.9 - - [31/Jul/2026:21:34:54 +0700] "GET /?productSearch/pictureSearch?id=1138507821100 HTTP/1.1" 200 1247 "-" "Mozilla/5.0 (Linux; Android 6.0.1; Nexus 5X Build/MMB29P) AppleWebKit/537.36 (KHTML, like Gecko) Chrome/150.0.7871.186 Mobile Safari/537.36 (compatible; Googlebot/2.1; +http://www.google.com/bot.html)"
36.81.65.108 - - [31/Jul/2026:21:35:11 +0700] "POST /wp/wp-admin/admin-ajax.php HTTP/3" 200 51 "https://lapakabqary.biz.id/wp/wp-admin/theme-install.php?browse=popular" "Mozilla/5.0 (Windows NT 10.0; Win64; x64) AppleWebKit/537.36 (KHTML, like Gecko) Chrome/109.0.0.0 Safari/537.36"
66.249.70.167 - - [31/Jul/2026:21:35:18 +0700] "GET /_autoindex/assets/js/tablesort.js HTTP/1.1" 200 2137 "https://lapakabqary.biz.id/?productSearch/pictureSearch?id=1138507821100" "Mozilla/5.0 (Linux; Android 6.0.1; Nexus 5X Build/MMB29P) AppleWebKit/537.36 (KHTML, like Gecko) Chrome/150.0.7871.186 Mobile Safari/537.36 (compatible; Googlebot/2.1; +http://www.google.com/bot.html)"
66.249.70.167 - - [31/Jul/2026:21:35:25 +0700] "GET /?productSearch/pictureSearch?id=1929647321100 HTTP/1.1" 200 1247 "-" "Mozilla/5.0 (Linux; Android 6.0.1; Nexus 5X Build/MMB29P) AppleWebKit/537.36 (KHTML, like Gecko) Chrome/150.0.7871.186 Mobile Safari/537.36 (compatible; Googlebot/2.1; +http://www.google.com/bot.html)"
36.81.65.108 - - [31/Jul/2026:21:36:10 +0700] "POST /wp/wp-admin/admin-ajax.php HTTP/3" 200 51 "https://lapakabqary.biz.id/wp/wp-admin/theme-install.php?theme=yummy-recipe" "Mozilla/5.0 (Windows NT 10.0; Win64; x64) AppleWebKit/537.36 (KHTML, like Gecko) Chrome/109.0.0.0 Safari/537.36"
66.249.70.166 - - [31/Jul/2026:21:36:33 +0700] "GET /?productSearch/pictureSearch?id=491719941100 HTTP/1.1" 200 1247 "-" "Mozilla/5.0 (Linux; Android 6.0.1; Nexus 5X Build/MMB29P) AppleWebKit/537.36 (KHTML, like Gecko) Chrome/150.0.7871.186 Mobile Safari/537.36 (compatible; Googlebot/2.1; +http://www.google.com/bot.html)"
66.249.71.7 - - [31/Jul/2026:21:36:50 +0700] "GET /?product/category/view_more/381377041100 HTTP/1.1" 200 1247 "-" "Mozilla/5.0 (Linux; Android 6.0.1; Nexus 5X Build/MMB29P) AppleWebKit/537.36 (KHTML, like Gecko) Chrome/150.0.7871.186 Mobile Safari/537.36 (compatible; Googlebot/2.1; +http://www.google.com/bot.html)"
66.249.70.166 - - [31/Jul/2026:21:37:05 +0700] "GET /_autoindex/assets/js/tablesort.number.js HTTP/1.1" 200 322 "https://lapakabqary.biz.id/?product/category/view_more/381377041100" "Mozilla/5.0 (Linux; Android 6.0.1; Nexus 5X Build/MMB29P) AppleWebKit/537.36 (KHTML, like Gecko) Chrome/150.0.7871.186 Mobile Safari/537.36 (compatible; Googlebot/2.1; +http://www.google.com/bot.html)"
36.81.65.108 - - [31/Jul/2026:21:37:11 +0700] "POST /wp/wp-admin/admin-ajax.php HTTP/3" 200 51 "https://lapakabqary.biz.id/wp/wp-admin/theme-install.php?theme=yummy-recipe" "Mozilla/5.0 (Windows NT 10.0; Win64; x64) AppleWebKit/537.36 (KHTML, like Gecko) Chrome/109.0.0.0 Safari/537.36"
66.249.71.7 - - [31/Jul/2026:21:37:59 +0700] "GET /?l=435815881100 HTTP/1.1" 200 1247 "-" "Mozilla/5.0 (Linux; Android 6.0.1; Nexus 5X Build/MMB29P) AppleWebKit/537.36 (KHTML, like Gecko) Chrome/150.0.7871.186 Mobile Safari/537.36 (compatible; Googlebot/2.1; +http://www.google.com/bot.html)"
36.81.65.108 - - [31/Jul/2026:21:38:11 +0700] "POST /wp/wp-admin/admin-ajax.php HTTP/3" 200 51 "https://lapakabqary.biz.id/wp/wp-admin/theme-install.php?theme=yummy-recipe" "Mozilla/5.0 (Windows NT 10.0; Win64; x64) AppleWebKit/537.36 (KHTML, like Gecko) Chrome/109.0.0.0 Safari/537.36"
36.81.65.108 - - [31/Jul/2026:21:38:59 +0700] "POST /wp/wp-admin/admin-ajax.php HTTP/3" 200 216 "https://lapakabqary.biz.id/wp/wp-admin/theme-install.php?theme=astra" "Mozilla/5.0 (Windows NT 10.0; Win64; x64) AppleWebKit/537.36 (KHTML, like Gecko) Chrome/109.0.0.0 Safari/537.36"
36.81.65.108 - - [31/Jul/2026:21:39:10 +0700] "POST /wp/wp-admin/admin-ajax.php HTTP/3" 200 51 "https://lapakabqary.biz.id/wp/wp-admin/theme-install.php?theme=astra" "Mozilla/5.0 (Windows NT 10.0; Win64; x64) AppleWebKit/537.36 (KHTML, like Gecko) Chrome/109.0.0.0 Safari/537.36"
66.249.70.166 - - [31/Jul/2026:21:39:26 +0700] "GET /?l=883835261100 HTTP/1.1" 200 1247 "-" "Mozilla/5.0 (Linux; Android 6.0.1; Nexus 5X Build/MMB29P) AppleWebKit/537.36 (KHTML, like Gecko) Chrome/150.0.7871.186 Mobile Safari/537.36 (compatible; Googlebot/2.1; +http://www.google.com/bot.html)"
36.81.65.108 - - [31/Jul/2026:21:39:51 +0700] "GET /wp/wp-admin/themes.php?action=activate&_wpnonce=005ece7cab&stylesheet=astra HTTP/3" 200 0 "https://lapakabqary.biz.id/wp/wp-admin/theme-install.php?theme=astra" "Mozilla/5.0 (Windows NT 10.0; Win64; x64) AppleWebKit/537.36 (KHTML, like Gecko) Chrome/109.0.0.0 Safari/537.36"
36.81.65.108 - - [31/Jul/2026:21:39:51 +0700] "GET /wp/wp-admin/themes.php?action=activate&_wpnonce=005ece7cab&stylesheet=astra HTTP/3" 302 0 "https://lapakabqary.biz.id/wp/wp-admin/theme-install.php?theme=astra" "Mozilla/5.0 (Windows NT 10.0; Win64; x64) AppleWebKit/537.36 (KHTML, like Gecko) Chrome/109.0.0.0 Safari/537.36"
36.81.65.108 - - [31/Jul/2026:21:39:53 +0700] "GET /wp/wp-admin/themes.php?activated=true HTTP/3" 200 39154 "https://lapakabqary.biz.id/wp/wp-admin/theme-install.php?theme=astra" "Mozilla/5.0 (Windows NT 10.0; Win64; x64) AppleWebKit/537.36 (KHTML, like Gecko) Chrome/109.0.0.0 Safari/537.36"
36.81.65.108 - - [31/Jul/2026:21:39:55 +0700] "GET /wp/wp-content/themes/astra/assets/css/minified/command-palette.min.css?ver=4.13.8 HTTP/3" 200 271 "https://lapakabqary.biz.id/wp/wp-admin/themes.php?activated=true" "Mozilla/5.0 (Windows NT 10.0; Win64; x64) AppleWebKit/537.36 (KHTML, like Gecko) Chrome/109.0.0.0 Safari/537.36"
36.81.65.108 - - [31/Jul/2026:21:39:55 +0700] "GET /wp/wp-content/themes/astra//inc/metabox/extend-metabox/css/minified/metabox.min.css?ver=4.13.8 HTTP/3" 200 7640 "https://lapakabqary.biz.id/wp/wp-admin/themes.php?activated=true" "Mozilla/5.0 (Windows NT 10.0; Win64; x64) AppleWebKit/537.36 (KHTML, like Gecko) Chrome/109.0.0.0 Safari/537.36"
36.81.65.108 - - [31/Jul/2026:21:39:56 +0700] "GET /wp/wp-content/themes/astra/inc/assets/images/astra-banner.png HTTP/3" 200 49801 "https://lapakabqary.biz.id/wp/wp-admin/themes.php?activated=true" "Mozilla/5.0 (Windows NT 10.0; Win64; x64) AppleWebKit/537.36 (KHTML, like Gecko) Chrome/109.0.0.0 Safari/537.36"
36.81.65.108 - - [31/Jul/2026:21:39:56 +0700] "GET /wp/wp-content/themes/astra/inc/lib/astra-notices/notices.css?ver=1.2.3 HTTP/3" 200 220 "https://lapakabqary.biz.id/wp/wp-admin/themes.php?activated=true" "Mozilla/5.0 (Windows NT 10.0; Win64; x64) AppleWebKit/537.36 (KHTML, like Gecko) Chrome/109.0.0.0 Safari/537.36"
36.81.65.108 - - [31/Jul/2026:21:39:57 +0700] "GET /wp/wp-content/themes/astra/inc/assets/css/astra-notices.css?ver=4.13.8 HTTP/3" 200 1193 "https://lapakabqary.biz.id/wp/wp-admin/themes.php?activated=true" "Mozilla/5.0 (Windows NT 10.0; Win64; x64) AppleWebKit/537.36 (KHTML, like Gecko) Chrome/109.0.0.0 Safari/537.36"
36.81.65.108 - - [31/Jul/2026:21:39:57 +0700] "GET /wp/wp-content/themes/astra/assets/js/minified/command-palette.min.js?ver=4.13.8 HTTP/3" 200 492 "https://lapakabqary.biz.id/wp/wp-admin/themes.php?activated=true" "Mozilla/5.0 (Windows NT 10.0; Win64; x64) AppleWebKit/537.36 (KHTML, like Gecko) Chrome/109.0.0.0 Safari/537.36"
36.81.65.108 - - [31/Jul/2026:21:39:57 +0700] "GET /wp/wp-content/themes/astra/inc/lib/astra-notices/notices.js?ver=1.2.3 HTTP/3" 200 660 "https://lapakabqary.biz.id/wp/wp-admin/themes.php?activated=true" "Mozilla/5.0 (Windows NT 10.0; Win64; x64) AppleWebKit/537.36 (KHTML, like Gecko) Chrome/109.0.0.0 Safari/537.36"
36.81.65.108 - - [31/Jul/2026:21:39:57 +0700] "GET /wp/wp-content/themes/astra/inc/assets/js/astra-admin-menu-settings.js?ver=4.13.8 HTTP/3" 200 1555 "https://lapakabqary.biz.id/wp/wp-admin/themes.php?activated=true" "Mozilla/5.0 (Windows NT 10.0; Win64; x64) AppleWebKit/537.36 (KHTML, like Gecko) Chrome/109.0.0.0 Safari/537.36"
36.81.65.108 - - [31/Jul/2026:21:39:57 +0700] "GET /wp/wp-content/themes/astra/inc/assets/images/gb-logo.svg HTTP/3" 200 15964 "https://lapakabqary.biz.id/wp/wp-admin/themes.php?activated=true" "Mozilla/5.0 (Windows NT 10.0; Win64; x64) AppleWebKit/537.36 (KHTML, like Gecko) Chrome/109.0.0.0 Safari/537.36"
36.81.65.108 - - [31/Jul/2026:21:39:57 +0700] "GET /wp/wp-content/themes/astra/inc/assets/images/ele-logo.svg HTTP/3" 200 200 "https://lapakabqary.biz.id/wp/wp-admin/themes.php?activated=true" "Mozilla/5.0 (Windows NT 10.0; Win64; x64) AppleWebKit/537.36 (KHTML, like Gecko) Chrome/109.0.0.0 Safari/537.36"
36.81.65.108 - - [31/Jul/2026:21:39:57 +0700] "GET /wp/wp-content/themes/astra/inc/assets/images/ai-logo.svg HTTP/3" 200 328 "https://lapakabqary.biz.id/wp/wp-admin/themes.php?activated=true" "Mozilla/5.0 (Windows NT 10.0; Win64; x64) AppleWebKit/537.36 (KHTML, like Gecko) Chrome/109.0.0.0 Safari/537.36"
36.81.65.108 - - [31/Jul/2026:21:39:57 +0700] "GET /wp/wp-content/themes/twentytwentyfive/screenshot.png?ver=1.5 HTTP/3" 206 1 "https://lapakabqary.biz.id/wp/wp-admin/themes.php?activated=true" "Mozilla/5.0 (Windows NT 10.0; Win64; x64) AppleWebKit/537.36 (KHTML, like Gecko) Chrome/109.0.0.0 Safari/537.36"
36.81.65.108 - - [31/Jul/2026:21:39:57 +0700] "GET /wp/wp-content/themes/astra/screenshot.jpg?ver=4.13.8 HTTP/3" 200 366434 "https://lapakabqary.biz.id/wp/wp-admin/themes.php?activated=true" "Mozilla/5.0 (Windows NT 10.0; Win64; x64) AppleWebKit/537.36 (KHTML, like Gecko) Chrome/109.0.0.0 Safari/537.36"
36.81.65.108 - - [31/Jul/2026:21:39:58 +0700] "GET /wp/wp-json/wp/v2/users/me?context=edit&_locale=user HTTP/3" 200 760 "https://lapakabqary.biz.id/wp/wp-admin/themes.php" "Mozilla/5.0 (Windows NT 10.0; Win64; x64) AppleWebKit/537.36 (KHTML, like Gecko) Chrome/109.0.0.0 Safari/537.36"
36.81.65.108 - - [31/Jul/2026:21:39:57 +0700] "GET /wp/wp-content/themes/twentytwentyfour/screenshot.png?ver=1.5 HTTP/3" 200 721059 "https://lapakabqary.biz.id/wp/wp-admin/themes.php?activated=true" "Mozilla/5.0 (Windows NT 10.0; Win64; x64) AppleWebKit/537.36 (KHTML, like Gecko) Chrome/109.0.0.0 Safari/537.36"
36.81.65.108 - - [31/Jul/2026:21:39:57 +0700] "GET /wp/wp-content/themes/twentytwentyfive/screenshot.png?ver=1.5 HTTP/3" 206 138975 "https://lapakabqary.biz.id/wp/wp-admin/themes.php?activated=true" "Mozilla/5.0 (Windows NT 10.0; Win64; x64) AppleWebKit/537.36 (KHTML, like Gecko) Chrome/109.0.0.0 Safari/537.36"
36.81.65.108 - - [31/Jul/2026:21:40:04 +0700] "GET /wp/wp-content/themes/twentytwentythree/screenshot.png?ver=1.6 HTTP/3" 200 81654 "https://lapakabqary.biz.id/wp/wp-admin/themes.php?activated=true" "Mozilla/5.0 (Windows NT 10.0; Win64; x64) AppleWebKit/537.36 (KHTML, like Gecko) Chrome/109.0.0.0 Safari/537.36"
103.190.0.89 - - [31/Jul/2026:21:40:08 +0700] "GET /wp/wp-content/themes/astra/inc/compatibility/starter-content/astra-settings-export.json HTTP/1.1" 200 9093 "-" "WordPress/7.0.2; https://lapakabqary.biz.id/wp"
103.190.0.89 - - [31/Jul/2026:21:40:08 +0700] "GET /wp/wp-content/themes/astra/inc/compatibility/starter-content/astra-settings-export.json HTTP/1.1" 200 9093 "-" "WordPress/7.0.2; https://lapakabqary.biz.id/wp"
103.190.0.89 - - [31/Jul/2026:21:40:08 +0700] "GET /wp/wp-content/themes/astra/inc/compatibility/starter-content/astra-settings-export.json HTTP/1.1" 200 9093 "-" "WordPress/7.0.2; https://lapakabqary.biz.id/wp"
103.190.0.89 - - [31/Jul/2026:21:40:09 +0700] "POST /wp/wp-cron.php?doing_wp_cron=1785508809.0996940135955810546875 HTTP/1.1" 200 0 "-" "WordPress/7.0.2; https://lapakabqary.biz.id/wp"
36.81.65.108 - - [31/Jul/2026:21:40:12 +0700] "GET /wp/wp-includes/js/imgareaselect/imgareaselect.css?ver=0.9.8 HTTP/3" 200 215 "https://lapakabqary.biz.id/wp/wp-admin/customize.php?theme=astra&return=https%3A%2F%2Flapakabqary.biz.id%2Fwp%2Fwp-admin%2Fthemes.php" "Mozilla/5.0 (Windows NT 10.0; Win64; x64) AppleWebKit/537.36 (KHTML, like Gecko) Chrome/109.0.0.0 Safari/537.36"
36.81.65.108 - - [31/Jul/2026:21:40:14 +0700] "GET /wp/wp-includes/js/mediaelement/mediaelementplayer-legacy.min.css?ver=4.2.17 HTTP/3" 200 2394 "https://lapakabqary.biz.id/wp/wp-admin/customize.php?theme=astra&return=https%3A%2F%2Flapakabqary.biz.id%2Fwp%2Fwp-admin%2Fthemes.php" "Mozilla/5.0 (Windows NT 10.0; Win64; x64) AppleWebKit/537.36 (KHTML, like Gecko) Chrome/109.0.0.0 Safari/537.36"
36.81.65.108 - - [31/Jul/2026:21:40:14 +0700] "GET /wp/wp-includes/js/mediaelement/wp-mediaelement.min.css?ver=7.0.2 HTTP/3" 200 982 "https://lapakabqary.biz.id/wp/wp-admin/customize.php?theme=astra&return=https%3A%2F%2Flapakabqary.biz.id%2Fwp%2Fwp-admin%2Fthemes.php" "Mozilla/5.0 (Windows NT 10.0; Win64; x64) AppleWebKit/537.36 (KHTML, like Gecko) Chrome/109.0.0.0 Safari/537.36"
36.81.65.108 - - [31/Jul/2026:21:40:14 +0700] "GET /wp/wp-includes/js/codemirror/codemirror.min.css?ver=5.65.20 HTTP/3" 200 4053 "https://lapakabqary.biz.id/wp/wp-admin/customize.php?theme=astra&return=https%3A%2F%2Flapakabqary.biz.id%2Fwp%2Fwp-admin%2Fthemes.php" "Mozilla/5.0 (Windows NT 10.0; Win64; x64) AppleWebKit/537.36 (KHTML, like Gecko) Chrome/109.0.0.0 Safari/537.36"
36.81.65.108 - - [31/Jul/2026:21:40:14 +0700] "GET /wp/wp-content/themes/astra/assets/css/minified/extend-customizer.min.css?ver=4.13.8 HTTP/3" 200 431 "https://lapakabqary.biz.id/wp/wp-admin/customize.php?theme=astra&return=https%3A%2F%2Flapakabqary.biz.id%2Fwp%2Fwp-admin%2Fthemes.php" "Mozilla/5.0 (Windows NT 10.0; Win64; x64) AppleWebKit/537.36 (KHTML, like Gecko) Chrome/109.0.0.0 Safari/537.36"
36.81.65.108 - - [31/Jul/2026:21:40:14 +0700] "GET /wp/wp-content/themes/astra/assets/css/minified/customizer-controls.min.css?ver=4.13.8 HTTP/3" 200 1440 "https://lapakabqary.biz.id/wp/wp-admin/customize.php?theme=astra&return=https%3A%2F%2Flapakabqary.biz.id%2Fwp%2Fwp-admin%2Fthemes.php" "Mozilla/5.0 (Windows NT 10.0; Win64; x64) AppleWebKit/537.36 (KHTML, like Gecko) Chrome/109.0.0.0 Safari/537.36"
36.81.65.108 - - [31/Jul/2026:21:40:14 +0700] "GET /wp/wp-content/themes/astra/inc/customizer/custom-controls/typography/selectWoo.css?ver=4.13.8 HTTP/3" 200 2244 "https://lapakabqary.biz.id/wp/wp-admin/customize.php?theme=astra&return=https%3A%2F%2Flapakabqary.biz.id%2Fwp%2Fwp-admin%2Fthemes.php" "Mozilla/5.0 (Windows NT 10.0; Win64; x64) AppleWebKit/537.36 (KHTML, like Gecko) Chrome/109.0.0.0 Safari/537.36"
36.81.65.108 - - [31/Jul/2026:21:40:14 +0700] "GET /wp/wp-includes/js/jquery/ui/draggable.min.js?ver=1.13.3 HTTP/3" 200 4691 "https://lapakabqary.biz.id/wp/wp-admin/customize.php?theme=astra&return=https%3A%2F%2Flapakabqary.biz.id%2Fwp%2Fwp-admin%2Fthemes.php" "Mozilla/5.0 (Windows NT 10.0; Win64; x64) AppleWebKit/537.36 (KHTML, like Gecko) Chrome/109.0.0.0 Safari/537.36"
36.81.65.108 - - [31/Jul/2026:21:40:14 +0700] "GET /wp/wp-includes/js/jquery/ui/droppable.min.js?ver=1.13.3 HTTP/3" 200 1913 "https://lapakabqary.biz.id/wp/wp-admin/customize.php?theme=astra&return=https%3A%2F%2Flapakabqary.biz.id%2Fwp%2Fwp-admin%2Fthemes.php" "Mozilla/5.0 (Windows NT 10.0; Win64; x64) AppleWebKit/537.36 (KHTML, like Gecko) Chrome/109.0.0.0 Safari/537.36"
36.81.65.108 - - [31/Jul/2026:21:40:14 +0700] "GET /wp/wp-includes/js/utils.min.js?ver=7.0.2 HTTP/3" 200 756 "https://lapakabqary.biz.id/wp/wp-admin/customize.php?theme=astra&return=https%3A%2F%2Flapakabqary.biz.id%2Fwp%2Fwp-admin%2Fthemes.php" "Mozilla/5.0 (Windows NT 10.0; Win64; x64) AppleWebKit/537.36 (KHTML, like Gecko) Chrome/109.0.0.0 Safari/537.36"
36.81.65.108 - - [31/Jul/2026:21:40:14 +0700] "GET /wp/wp-admin/js/editor.min.js?ver=7.0.2 HTTP/3" 200 4501 "https://lapakabqary.biz.id/wp/wp-admin/customize.php?theme=astra&return=https%3A%2F%2Flapakabqary.biz.id%2Fwp%2Fwp-admin%2Fthemes.php" "Mozilla/5.0 (Windows NT 10.0; Win64; x64) AppleWebKit/537.36 (KHTML, like Gecko) Chrome/109.0.0.0 Safari/537.36"
36.81.65.108 - - [31/Jul/2026:21:40:14 +0700] "GET /wp/wp-includes/js/mediaelement/mediaelement-migrate.min.js?ver=7.0.2 HTTP/3" 200 479 "https://lapakabqary.biz.id/wp/wp-admin/customize.php?theme=astra&return=https%3A%2F%2Flapakabqary.biz.id%2Fwp%2Fwp-admin%2Fthemes.php" "Mozilla/5.0 (Windows NT 10.0; Win64; x64) AppleWebKit/537.36 (KHTML, like Gecko) Chrome/109.0.0.0 Safari/537.36"
36.81.65.108 - - [31/Jul/2026:21:40:14 +0700] "GET /wp/wp-includes/js/mediaelement/wp-mediaelement.min.js?ver=7.0.2 HTTP/3" 200 453 "https://lapakabqary.biz.id/wp/wp-admin/customize.php?theme=astra&return=https%3A%2F%2Flapakabqary.biz.id%2Fwp%2Fwp-admin%2Fthemes.php" "Mozilla/5.0 (Windows NT 10.0; Win64; x64) AppleWebKit/537.36 (KHTML, like Gecko) Chrome/109.0.0.0 Safari/537.36"
36.81.65.108 - - [31/Jul/2026:21:40:14 +0700] "GET /wp/wp-admin/js/widgets/media-audio-widget.min.js?ver=7.0.2 HTTP/3" 200 610 "https://lapakabqary.biz.id/wp/wp-admin/customize.php?theme=astra&return=https%3A%2F%2Flapakabqary.biz.id%2Fwp%2Fwp-admin%2Fthemes.php" "Mozilla/5.0 (Windows NT 10.0; Win64; x64) AppleWebKit/537.36 (KHTML, like Gecko) Chrome/109.0.0.0 Safari/537.36"
36.81.65.108 - - [31/Jul/2026:21:40:14 +0700] "GET /wp/wp-admin/js/widgets/media-image-widget.min.js?ver=7.0.2 HTTP/3" 200 762 "https://lapakabqary.biz.id/wp/wp-admin/customize.php?theme=astra&return=https%3A%2F%2Flapakabqary.biz.id%2Fwp%2Fwp-admin%2Fthemes.php" "Mozilla/5.0 (Windows NT 10.0; Win64; x64) AppleWebKit/537.36 (KHTML, like Gecko) Chrome/109.0.0.0 Safari/537.36"
36.81.65.108 - - [31/Jul/2026:21:40:14 +0700] "GET /wp/wp-admin/js/widgets/media-gallery-widget.min.js?ver=7.0.2 HTTP/3" 200 1114 "https://lapakabqary.biz.id/wp/wp-admin/customize.php?theme=astra&return=https%3A%2F%2Flapakabqary.biz.id%2Fwp%2Fwp-admin%2Fthemes.php" "Mozilla/5.0 (Windows NT 10.0; Win64; x64) AppleWebKit/537.36 (KHTML, like Gecko) Chrome/109.0.0.0 Safari/537.36"
36.81.65.108 - - [31/Jul/2026:21:40:14 +0700] "GET /wp/wp-admin/js/widgets/media-video-widget.min.js?ver=7.0.2 HTTP/3" 200 1057 "https://lapakabqary.biz.id/wp/wp-admin/customize.php?theme=astra&return=https%3A%2F%2Flapakabqary.biz.id%2Fwp%2Fwp-admin%2Fthemes.php" "Mozilla/5.0 (Windows NT 10.0; Win64; x64) AppleWebKit/537.36 (KHTML, like Gecko) Chrome/109.0.0.0 Safari/537.36"
36.81.65.108 - - [31/Jul/2026:21:40:14 +0700] "GET /wp/wp-includes/js/dist/script-modules/latex-to-mathml/loader.min.js?ver=4f37456af539bd3d2351 HTTP/3" 200 79 "https://lapakabqary.biz.id/wp/wp-admin/customize.php?theme=astra&return=https%3A%2F%2Flapakabqary.biz.id%2Fwp%2Fwp-admin%2Fthemes.php" "Mozilla/5.0 (Windows NT 10.0; Win64; x64) AppleWebKit/537.36 (KHTML, like Gecko) Chrome/109.0.0.0 Safari/537.36"
36.81.65.108 - - [31/Jul/2026:21:40:14 +0700] "GET /wp/wp-includes/js/dist/wordcount.min.js?ver=3b928d5db8724a8614dd HTTP/3" 200 960 "https://lapakabqary.biz.id/wp/wp-admin/customize.php?theme=astra&return=https%3A%2F%2Flapakabqary.biz.id%2Fwp%2Fwp-admin%2Fthemes.php" "Mozilla/5.0 (Windows NT 10.0; Win64; x64) AppleWebKit/537.36 (KHTML, like Gecko) Chrome/109.0.0.0 Safari/537.36"
36.81.65.108 - - [31/Jul/2026:21:40:14 +0700] "GET /wp/wp-content/themes/astra/assets/js/minified/command-palette.min.js?ver=4.13.8 HTTP/3" 304 0 "https://lapakabqary.biz.id/wp/wp-admin/customize.php?theme=astra&return=https%3A%2F%2Flapakabqary.biz.id%2Fwp%2Fwp-admin%2Fthemes.php" "Mozilla/5.0 (Windows NT 10.0; Win64; x64) AppleWebKit/537.36 (KHTML, like Gecko) Chrome/109.0.0.0 Safari/537.36"
36.81.65.108 - - [31/Jul/2026:21:40:15 +0700] "GET /wp/wp-includes/js/dist/viewport.min.js?ver=8614025b8075d220d78f HTTP/3" 200 1134 "https://lapakabqary.biz.id/wp/wp-admin/customize.php?theme=astra&return=https%3A%2F%2Flapakabqary.biz.id%2Fwp%2Fwp-admin%2Fthemes.php" "Mozilla/5.0 (Windows NT 10.0; Win64; x64) AppleWebKit/537.36 (KHTML, like Gecko) Chrome/109.0.0.0 Safari/537.36"
36.81.65.108 - - [31/Jul/2026:21:40:18 +0700] "GET /wp/wp-admin/js/accordion.min.js?ver=7.0.2 HTTP/3" 200 314 "https://lapakabqary.biz.id/wp/wp-admin/customize.php?theme=astra&return=https%3A%2F%2Flapakabqary.biz.id%2Fwp%2Fwp-admin%2Fthemes.php" "Mozilla/5.0 (Windows NT 10.0; Win64; x64) AppleWebKit/537.36 (KHTML, like Gecko) Chrome/109.0.0.0 Safari/537.36"
36.81.65.108 - - [31/Jul/2026:21:40:18 +0700] "GET /wp/wp-includes/js/customize-views.js?ver=7.0.2 HTTP/3" 200 1335 "https://lapakabqary.biz.id/wp/wp-admin/customize.php?theme=astra&return=https%3A%2F%2Flapakabqary.biz.id%2Fwp%2Fwp-admin%2Fthemes.php" "Mozilla/5.0 (Windows NT 10.0; Win64; x64) AppleWebKit/537.36 (KHTML, like Gecko) Chrome/109.0.0.0 Safari/537.36"
36.81.65.108 - - [31/Jul/2026:21:40:18 +0700] "GET /wp/wp-includes/js/hoverIntent.min.js?ver=1.10.2 HTTP/3" 200 668 "https://lapakabqary.biz.id/wp/wp-admin/customize.php?theme=astra&return=https%3A%2F%2Flapakabqary.biz.id%2Fwp%2Fwp-admin%2Fthemes.php" "Mozilla/5.0 (Windows NT 10.0; Win64; x64) AppleWebKit/537.36 (KHTML, like Gecko) Chrome/109.0.0.0 Safari/537.36"
36.81.65.108 - - [31/Jul/2026:21:40:20 +0700] "GET /wp/wp-content/themes/astra/assets/js/minified/customizer-controls-toggle.min.js?ver=4.13.8 HTTP/3" 200 325 "https://lapakabqary.biz.id/wp/wp-admin/customize.php?theme=astra&return=https%3A%2F%2Flapakabqary.biz.id%2Fwp%2Fwp-admin%2Fthemes.php" "Mozilla/5.0 (Windows NT 10.0; Win64; x64) AppleWebKit/537.36 (KHTML, like Gecko) Chrome/109.0.0.0 Safari/537.36"
36.81.65.108 - - [31/Jul/2026:21:40:20 +0700] "GET /wp/wp-content/themes/astra/assets/js/minified/customizer-controls.min.js?ver=4.13.8 HTTP/3" 200 436 "https://lapakabqary.biz.id/wp/wp-admin/customize.php?theme=astra&return=https%3A%2F%2Flapakabqary.biz.id%2Fwp%2Fwp-admin%2Fthemes.php" "Mozilla/5.0 (Windows NT 10.0; Win64; x64) AppleWebKit/537.36 (KHTML, like Gecko) Chrome/109.0.0.0 Safari/537.36"
36.81.65.108 - - [31/Jul/2026:21:40:20 +0700] "GET /wp/wp-content/themes/astra/assets/js/minified/extend-customizer.min.js?ver=4.13.8 HTTP/3" 200 702 "https://lapakabqary.biz.id/wp/wp-admin/customize.php?theme=astra&return=https%3A%2F%2Flapakabqary.biz.id%2Fwp%2Fwp-admin%2Fthemes.php" "Mozilla/5.0 (Windows NT 10.0; Win64; x64) AppleWebKit/537.36 (KHTML, like Gecko) Chrome/109.0.0.0 Safari/537.36"
36.81.65.108 - - [31/Jul/2026:21:40:20 +0700] "GET /wp/wp-content/themes/astra/assets/js/minified/customizer-style-guide.min.js?ver=4.13.8 HTTP/3" 200 1154 "https://lapakabqary.biz.id/wp/wp-admin/customize.php?theme=astra&return=https%3A%2F%2Flapakabqary.biz.id%2Fwp%2Fwp-admin%2Fthemes.php" "Mozilla/5.0 (Windows NT 10.0; Win64; x64) AppleWebKit/537.36 (KHTML, like Gecko) Chrome/109.0.0.0 Safari/537.36"
36.81.65.108 - - [31/Jul/2026:21:40:30 +0700] "GET /wp/wp-content/themes/astra/assets/js/minified/customizer-google-fonts.min.js?ver=4.13.8 HTTP/3" 200 445 "https://lapakabqary.biz.id/wp/wp-admin/customize.php?theme=astra&return=https%3A%2F%2Flapakabqary.biz.id%2Fwp%2Fwp-admin%2Fthemes.php" "Mozilla/5.0 (Windows NT 10.0; Win64; x64) AppleWebKit/537.36 (KHTML, like Gecko) Chrome/109.0.0.0 Safari/537.36"
36.81.65.108 - - [31/Jul/2026:21:40:08 +0700] "GET /wp/wp-admin/customize.php?theme=astra&return=https%3A%2F%2Flapakabqary.biz.id%2Fwp%2Fwp-admin%2Fthemes.php HTTP/3" 200 301339 "https://lapakabqary.biz.id/wp/wp-admin/themes.php" "Mozilla/5.0 (Windows NT 10.0; Win64; x64) AppleWebKit/537.36 (KHTML, like Gecko) Chrome/109.0.0.0 Safari/537.36"
36.81.65.108 - - [31/Jul/2026:21:40:12 +0700] "GET /wp/wp-admin/load-styles.php?c=1&dir=ltr&load%5Bchunk_0%5D=dashicons,common,forms,admin-menu,dashboard,list-tables,edit,revisions,media,themes,about,nav-menus,wp-pointer,widgets,site-icon&load%5Bchunk_1%5D=,l10n,wp-base-styles,buttons,customize-controls,customize-widgets,wp-block-library,wp-components,wp-commands,wp-widgets,wp-prefe&load%5Bchunk_2%5D=rences,wp-block-editor,wp-reusable-blocks,wp-patterns,wp-editor,wp-reset-editor-styles,wp-block-editor-content,wp-edit-blocks,wp&load%5Bchunk_3%5D=-customize-widgets,wp-block-directory,wp-format-library,customize-nav-menus,media-views,code-editor&ver=7.0.2 HTTP/3" 200 213632 "https://lapakabqary.biz.id/wp/wp-admin/customize.php?theme=astra&return=https%3A%2F%2Flapakabqary.biz.id%2Fwp%2Fwp-admin%2Fthemes.php" "Mozilla/5.0 (Windows NT 10.0; Win64; x64) AppleWebKit/537.36 (KHTML, like Gecko) Chrome/109.0.0.0 Safari/537.36"
36.81.65.108 - - [31/Jul/2026:21:40:14 +0700] "GET /wp/wp-content/themes/astra/inc/customizer/custom-controls/assets/css/minified/custom-controls.min.css?ver=4.13.8 HTTP/3" 200 24080 "https://lapakabqary.biz.id/wp/wp-admin/customize.php?theme=astra&return=https%3A%2F%2Flapakabqary.biz.id%2Fwp%2Fwp-admin%2Fthemes.php" "Mozilla/5.0 (Windows NT 10.0; Win64; x64) AppleWebKit/537.36 (KHTML, like Gecko) Chrome/109.0.0.0 Safari/537.36"
36.81.65.108 - - [31/Jul/2026:21:40:14 +0700] "GET /wp/wp-content/themes/astra/inc/assets/css/ast-builder-customizer.css?ver=4.13.8 HTTP/3" 200 10043 "https://lapakabqary.biz.id/wp/wp-admin/customize.php?theme=astra&return=https%3A%2F%2Flapakabqary.biz.id%2Fwp%2Fwp-admin%2Fthemes.php" "Mozilla/5.0 (Windows NT 10.0; Win64; x64) AppleWebKit/537.36 (KHTML, like Gecko) Chrome/109.0.0.0 Safari/537.36"
36.81.65.108 - - [31/Jul/2026:21:40:14 +0700] "GET /wp/wp-content/themes/astra/inc/assets/css/font-icon-picker.css?ver=4.13.8 HTTP/3" 200 5903 "https://lapakabqary.biz.id/wp/wp-admin/customize.php?theme=astra&return=https%3A%2F%2Flapakabqary.biz.id%2Fwp%2Fwp-admin%2Fthemes.php" "Mozilla/5.0 (Windows NT 10.0; Win64; x64) AppleWebKit/537.36 (KHTML, like Gecko) Chrome/109.0.0.0 Safari/537.36"
36.81.65.108 - - [31/Jul/2026:21:40:14 +0700] "GET /wp/wp-admin/load-styles.php?c=1&dir=ltr&load%5Bchunk_0%5D=editor-buttons&ver=7.0.2 HTTP/3" 200 6295 "https://lapakabqary.biz.id/wp/wp-admin/customize.php?theme=astra&return=https%3A%2F%2Flapakabqary.biz.id%2Fwp%2Fwp-admin%2Fthemes.php" "Mozilla/5.0 (Windows NT 10.0; Win64; x64) AppleWebKit/537.36 (KHTML, like Gecko) Chrome/109.0.0.0 Safari/537.36"
36.81.65.108 - - [31/Jul/2026:21:40:14 +0700] "GET /wp/wp-admin/load-scripts.php?c=1&load%5Bchunk_0%5D=jquery-core,jquery-migrate,wp-hooks,underscore,wp-dom-ready&ver=7.0.2 HTTP/3" 200 44708 "https://lapakabqary.biz.id/wp/wp-admin/customize.php?theme=astra&return=https%3A%2F%2Flapakabqary.biz.id%2Fwp%2Fwp-admin%2Fthemes.php" "Mozilla/5.0 (Windows NT 10.0; Win64; x64) AppleWebKit/537.36 (KHTML, like Gecko) Chrome/109.0.0.0 Safari/537.36"
36.81.65.108 - - [31/Jul/2026:21:40:14 +0700] "GET /wp/wp-admin/js/nav-menu.min.js?ver=7.0.2 HTTP/3" 200 8046 "https://lapakabqary.biz.id/wp/wp-admin/customize.php?theme=astra&return=https%3A%2F%2Flapakabqary.biz.id%2Fwp%2Fwp-admin%2Fthemes.php" "Mozilla/5.0 (Windows NT 10.0; Win64; x64) AppleWebKit/537.36 (KHTML, like Gecko) Chrome/109.0.0.0 Safari/537.36"
36.81.65.108 - - [31/Jul/2026:21:40:14 +0700] "GET /wp/wp-includes/js/media-models.min.js?ver=7.0.2 HTTP/3" 200 3984 "https://lapakabqary.biz.id/wp/wp-admin/customize.php?theme=astra&return=https%3A%2F%2Flapakabqary.biz.id%2Fwp%2Fwp-admin%2Fthemes.php" "Mozilla/5.0 (Windows NT 10.0; Win64; x64) AppleWebKit/537.36 (KHTML, like Gecko) Chrome/109.0.0.0 Safari/537.36"
36.81.65.108 - - [31/Jul/2026:21:40:14 +0700] "GET /wp/wp-includes/js/plupload/moxie.min.js?ver=1.3.5.1 HTTP/3" 200 26466 "https://lapakabqary.biz.id/wp/wp-admin/customize.php?theme=astra&return=https%3A%2F%2Flapakabqary.biz.id%2Fwp%2Fwp-admin%2Fthemes.php" "Mozilla/5.0 (Windows NT 10.0; Win64; x64) AppleWebKit/537.36 (KHTML, like Gecko) Chrome/109.0.0.0 Safari/537.36"
36.81.65.108 - - [31/Jul/2026:21:40:14 +0700] "GET /wp/wp-includes/js/plupload/plupload.min.js?ver=2.1.9 HTTP/3" 200 5376 "https://lapakabqary.biz.id/wp/wp-admin/customize.php?theme=astra&return=https%3A%2F%2Flapakabqary.biz.id%2Fwp%2Fwp-admin%2Fthemes.php" "Mozilla/5.0 (Windows NT 10.0; Win64; x64) AppleWebKit/537.36 (KHTML, like Gecko) Chrome/109.0.0.0 Safari/537.36"
36.81.65.108 - - [31/Jul/2026:21:40:14 +0700] "GET /wp/wp-includes/js/plupload/wp-plupload.min.js?ver=7.0.2 HTTP/3" 200 2184 "https://lapakabqary.biz.id/wp/wp-admin/customize.php?theme=astra&return=https%3A%2F%2Flapakabqary.biz.id%2Fwp%2Fwp-admin%2Fthemes.php" "Mozilla/5.0 (Windows NT 10.0; Win64; x64) AppleWebKit/537.36 (KHTML, like Gecko) Chrome/109.0.0.0 Safari/537.36"
36.81.65.108 - - [31/Jul/2026:21:40:14 +0700] "GET /wp/wp-includes/js/mediaelement/mediaelement-and-player.min.js?ver=4.2.17 HTTP/3" 200 36433 "https://lapakabqary.biz.id/wp/wp-admin/customize.php?theme=astra&return=https%3A%2F%2Flapakabqary.biz.id%2Fwp%2Fwp-admin%2Fthemes.php" "Mozilla/5.0 (Windows NT 10.0; Win64; x64) AppleWebKit/537.36 (KHTML, like Gecko) Chrome/109.0.0.0 Safari/537.36"
36.81.65.108 - - [31/Jul/2026:21:40:14 +0700] "GET /wp/wp-admin/load-scripts.php?c=1&load%5Bchunk_0%5D=heartbeat,customize-base&ver=7.0.2 HTTP/3" 200 4437 "https://lapakabqary.biz.id/wp/wp-admin/customize.php?theme=astra&return=https%3A%2F%2Flapakabqary.biz.id%2Fwp%2Fwp-admin%2Fthemes.php" "Mozilla/5.0 (Windows NT 10.0; Win64; x64) AppleWebKit/537.36 (KHTML, like Gecko) Chrome/109.0.0.0 Safari/537.36"
36.81.65.108 - - [31/Jul/2026:21:40:14 +0700] "GET /wp/wp-admin/js/customize-controls.min.js?ver=7.0.2 HTTP/3" 200 27459 "https://lapakabqary.biz.id/wp/wp-admin/customize.php?theme=astra&return=https%3A%2F%2Flapakabqary.biz.id%2Fwp%2Fwp-admin%2Fthemes.php" "Mozilla/5.0 (Windows NT 10.0; Win64; x64) AppleWebKit/537.36 (KHTML, like Gecko) Chrome/109.0.0.0 Safari/537.36"
36.81.65.108 - - [31/Jul/2026:21:40:14 +0700] "GET /wp/wp-admin/js/customize-widgets.min.js?ver=7.0.2 HTTP/3" 200 7739 "https://lapakabqary.biz.id/wp/wp-admin/customize.php?theme=astra&return=https%3A%2F%2Flapakabqary.biz.id%2Fwp%2Fwp-admin%2Fthemes.php" "Mozilla/5.0 (Windows NT 10.0; Win64; x64) AppleWebKit/537.36 (KHTML, like Gecko) Chrome/109.0.0.0 Safari/537.36"
36.81.65.108 - - [31/Jul/2026:21:40:14 +0700] "GET /wp/wp-includes/js/dist/patterns.min.js?ver=714c49ed2942c98d088f HTTP/3" 200 7580 "https://lapakabqary.biz.id/wp/wp-admin/customize.php?theme=astra&return=https%3A%2F%2Flapakabqary.biz.id%2Fwp%2Fwp-admin%2Fthemes.php" "Mozilla/5.0 (Windows NT 10.0; Win64; x64) AppleWebKit/537.36 (KHTML, like Gecko) Chrome/109.0.0.0 Safari/537.36"
36.81.65.108 - - [31/Jul/2026:21:40:14 +0700] "GET /wp/wp-includes/js/dist/server-side-render.min.js?ver=10a51bf05ced35b78092 HTTP/3" 200 1772 "https://lapakabqary.biz.id/wp/wp-admin/customize.php?theme=astra&return=https%3A%2F%2Flapakabqary.biz.id%2Fwp%2Fwp-admin%2Fthemes.php" "Mozilla/5.0 (Windows NT 10.0; Win64; x64) AppleWebKit/537.36 (KHTML, like Gecko) Chrome/109.0.0.0 Safari/537.36"
36.81.65.108 - - [31/Jul/2026:21:40:15 +0700] "GET /wp/wp-includes/js/dist/block-library.min.js?ver=998f328cb929aeb1d5a8 HTTP/3" 200 299442 "https://lapakabqary.biz.id/wp/wp-admin/customize.php?theme=astra&return=https%3A%2F%2Flapakabqary.biz.id%2Fwp%2Fwp-admin%2Fthemes.php" "Mozilla/5.0 (Windows NT 10.0; Win64; x64) AppleWebKit/537.36 (KHTML, like Gecko) Chrome/109.0.0.0 Safari/537.36"
36.81.65.108 - - [31/Jul/2026:21:40:15 +0700] "GET /wp/wp-includes/js/dist/media-utils.min.js?ver=85f1375ab5f23cd5d13c HTTP/3" 200 69397 "https://lapakabqary.biz.id/wp/wp-admin/customize.php?theme=astra&return=https%3A%2F%2Flapakabqary.biz.id%2Fwp%2Fwp-admin%2Fthemes.php" "Mozilla/5.0 (Windows NT 10.0; Win64; x64) AppleWebKit/537.36 (KHTML, like Gecko) Chrome/109.0.0.0 Safari/537.36"
36.81.65.108 - - [31/Jul/2026:21:40:15 +0700] "GET /wp/wp-includes/js/dist/widgets.min.js?ver=02b8dd683bc610f979fa HTTP/3" 200 7250 "https://lapakabqary.biz.id/wp/wp-admin/customize.php?theme=astra&return=https%3A%2F%2Flapakabqary.biz.id%2Fwp%2Fwp-admin%2Fthemes.php" "Mozilla/5.0 (Windows NT 10.0; Win64; x64) AppleWebKit/537.36 (KHTML, like Gecko) Chrome/109.0.0.0 Safari/537.36"
36.81.65.108 - - [31/Jul/2026:21:40:15 +0700] "GET /wp/wp-includes/js/dist/customize-widgets.min.js?ver=524dc7a4326b77064831 HTTP/3" 200 11743 "https://lapakabqary.biz.id/wp/wp-admin/customize.php?theme=astra&return=https%3A%2F%2Flapakabqary.biz.id%2Fwp%2Fwp-admin%2Fthemes.php" "Mozilla/5.0 (Windows NT 10.0; Win64; x64) AppleWebKit/537.36 (KHTML, like Gecko) Chrome/109.0.0.0 Safari/537.36"
36.81.65.108 - - [31/Jul/2026:21:40:15 +0700] "GET /wp/wp-includes/js/dist/plugins.min.js?ver=72e3cf01c2b3535a9432 HTTP/3" 200 2011 "https://lapakabqary.biz.id/wp/wp-admin/customize.php?theme=astra&return=https%3A%2F%2Flapakabqary.biz.id%2Fwp%2Fwp-admin%2Fthemes.php" "Mozilla/5.0 (Windows NT 10.0; Win64; x64) AppleWebKit/537.36 (KHTML, like Gecko) Chrome/109.0.0.0 Safari/537.36"
36.81.65.108 - - [31/Jul/2026:21:40:18 +0700] "GET /wp/wp-includes/js/dist/editor.min.js?ver=425fffc30511d9d52e5f HTTP/3" 200 338548 "https://lapakabqary.biz.id/wp/wp-admin/customize.php?theme=astra&return=https%3A%2F%2Flapakabqary.biz.id%2Fwp%2Fwp-admin%2Fthemes.php" "Mozilla/5.0 (Windows NT 10.0; Win64; x64) AppleWebKit/537.36 (KHTML, like Gecko) Chrome/109.0.0.0 Safari/537.36"
36.81.65.108 - - [31/Jul/2026:21:40:18 +0700] "GET /wp/wp-includes/js/dist/block-directory.min.js?ver=23207f52d0d266f6e1c4 HTTP/3" 200 7631 "https://lapakabqary.biz.id/wp/wp-admin/customize.php?theme=astra&return=https%3A%2F%2Flapakabqary.biz.id%2Fwp%2Fwp-admin%2Fthemes.php" "Mozilla/5.0 (Windows NT 10.0; Win64; x64) AppleWebKit/537.36 (KHTML, like Gecko) Chrome/109.0.0.0 Safari/537.36"
36.81.65.108 - - [31/Jul/2026:21:40:18 +0700] "GET /wp/wp-includes/js/dist/format-library.min.js?ver=f89be9586f2d9ce4545a HTTP/3" 200 9943 "https://lapakabqary.biz.id/wp/wp-admin/customize.php?theme=astra&return=https%3A%2F%2Flapakabqary.biz.id%2Fwp%2Fwp-admin%2Fthemes.php" "Mozilla/5.0 (Windows NT 10.0; Win64; x64) AppleWebKit/537.36 (KHTML, like Gecko) Chrome/109.0.0.0 Safari/537.36"
36.81.65.108 - - [31/Jul/2026:21:40:18 +0700] "GET /wp/wp-admin/js/customize-nav-menus.min.js?ver=7.0.2 HTTP/3" 200 11675 "https://lapakabqary.biz.id/wp/wp-admin/customize.php?theme=astra&return=https%3A%2F%2Flapakabqary.biz.id%2Fwp%2Fwp-admin%2Fthemes.php" "Mozilla/5.0 (Windows NT 10.0; Win64; x64) AppleWebKit/537.36 (KHTML, like Gecko) Chrome/109.0.0.0 Safari/537.36"
36.81.65.108 - - [31/Jul/2026:21:40:18 +0700] "GET /wp/wp-includes/js/imgareaselect/jquery.imgareaselect.min.js?ver=7.0.2 HTTP/3" 200 3588 "https://lapakabqary.biz.id/wp/wp-admin/customize.php?theme=astra&return=https%3A%2F%2Flapakabqary.biz.id%2Fwp%2Fwp-admin%2Fthemes.php" "Mozilla/5.0 (Windows NT 10.0; Win64; x64) AppleWebKit/537.36 (KHTML, like Gecko) Chrome/109.0.0.0 Safari/537.36"
36.81.65.108 - - [31/Jul/2026:21:40:18 +0700] "GET /wp/wp-includes/js/customize-models.js?ver=7.0.2 HTTP/3" 200 1800 "https://lapakabqary.biz.id/wp/wp-admin/customize.php?theme=astra&return=https%3A%2F%2Flapakabqary.biz.id%2Fwp%2Fwp-admin%2Fthemes.php" "Mozilla/5.0 (Windows NT 10.0; Win64; x64) AppleWebKit/537.36 (KHTML, like Gecko) Chrome/109.0.0.0 Safari/537.36"
36.81.65.108 - - [31/Jul/2026:21:40:18 +0700] "GET /wp/wp-includes/js/mce-view.min.js?ver=7.0.2 HTTP/3" 200 3437 "https://lapakabqary.biz.id/wp/wp-admin/customize.php?theme=astra&return=https%3A%2F%2Flapakabqary.biz.id%2Fwp%2Fwp-admin%2Fthemes.php" "Mozilla/5.0 (Windows NT 10.0; Win64; x64) AppleWebKit/537.36 (KHTML, like Gecko) Chrome/109.0.0.0 Safari/537.36"
36.81.65.108 - - [31/Jul/2026:21:40:18 +0700] "GET /wp/wp-admin/js/image-edit.min.js?ver=7.0.2 HTTP/3" 200 4491 "https://lapakabqary.biz.id/wp/wp-admin/customize.php?theme=astra&return=https%3A%2F%2Flapakabqary.biz.id%2Fwp%2Fwp-admin%2Fthemes.php" "Mozilla/5.0 (Windows NT 10.0; Win64; x64) AppleWebKit/537.36 (KHTML, like Gecko) Chrome/109.0.0.0 Safari/537.36"
36.81.65.108 - - [31/Jul/2026:21:40:20 +0700] "GET /wp/wp-includes/js/jquery/ui/tabs.min.js?ver=1.13.3 HTTP/3" 200 3794 "https://lapakabqary.biz.id/wp/wp-admin/customize.php?theme=astra&return=https%3A%2F%2Flapakabqary.biz.id%2Fwp%2Fwp-admin%2Fthemes.php" "Mozilla/5.0 (Windows NT 10.0; Win64; x64) AppleWebKit/537.36 (KHTML, like Gecko) Chrome/109.0.0.0 Safari/537.36"
36.81.65.108 - - [31/Jul/2026:21:40:20 +0700] "GET /wp/wp-content/themes/astra/inc/customizer/custom-controls/assets/js/minified/custom-controls-plain.min.js?ver=4.13.8 HTTP/3" 200 18547 "https://lapakabqary.biz.id/wp/wp-admin/customize.php?theme=astra&return=https%3A%2F%2Flapakabqary.biz.id%2Fwp%2Fwp-admin%2Fthemes.php" "Mozilla/5.0 (Windows NT 10.0; Win64; x64) AppleWebKit/537.36 (KHTML, like Gecko) Chrome/109.0.0.0 Safari/537.36"
36.81.65.108 - - [31/Jul/2026:21:40:30 +0700] "GET /wp/wp-content/themes/astra/inc/customizer/extend-custom-controls/build/index.js?ver=4.13.8 HTTP/3" 200 154856 "https://lapakabqary.biz.id/wp/wp-admin/customize.php?theme=astra&return=https%3A%2F%2Flapakabqary.biz.id%2Fwp%2Fwp-admin%2Fthemes.php" "Mozilla/5.0 (Windows NT 10.0; Win64; x64) AppleWebKit/537.36 (KHTML, like Gecko) Chrome/109.0.0.0 Safari/537.36"
66.249.70.167 - - [31/Jul/2026:21:41:46 +0700] "GET /?product/category/view_more/574400561100 HTTP/1.1" 200 1247 "-" "Mozilla/5.0 (Linux; Android 6.0.1; Nexus 5X Build/MMB29P) AppleWebKit/537.36 (KHTML, like Gecko) Chrome/150.0.7871.186 Mobile Safari/537.36 (compatible; GoogleOther)"
36.81.65.108 - - [31/Jul/2026:21:40:30 +0700] "GET /wp/wp-includes/js/tinymce/wp-tinymce.js?ver=49110-20250317 HTTP/3" 200 212251 "https://lapakabqary.biz.id/wp/wp-admin/customize.php?theme=astra&return=https%3A%2F%2Flapakabqary.biz.id%2Fwp%2Fwp-admin%2Fthemes.php" "Mozilla/5.0 (Windows NT 10.0; Win64; x64) AppleWebKit/537.36 (KHTML, like Gecko) Chrome/109.0.0.0 Safari/537.36"
36.81.65.108 - - [31/Jul/2026:21:40:14 +0700] "GET /wp/wp-includes/js/media-views.min.js?ver=7.0.2 HTTP/3" 200 25047 "https://lapakabqary.biz.id/wp/wp-admin/customize.php?theme=astra&return=https%3A%2F%2Flapakabqary.biz.id%2Fwp%2Fwp-admin%2Fthemes.php" "Mozilla/5.0 (Windows NT 10.0; Win64; x64) AppleWebKit/537.36 (KHTML, like Gecko) Chrome/109.0.0.0 Safari/537.36"
36.81.65.108 - - [31/Jul/2026:21:40:14 +0700] "GET /wp/wp-includes/js/media-editor.min.js?ver=7.0.2 HTTP/3" 200 3506 "https://lapakabqary.biz.id/wp/wp-admin/customize.php?theme=astra&return=https%3A%2F%2Flapakabqary.biz.id%2Fwp%2Fwp-admin%2Fthemes.php" "Mozilla/5.0 (Windows NT 10.0; Win64; x64) AppleWebKit/537.36 (KHTML, like Gecko) Chrome/109.0.0.0 Safari/537.36"
36.81.65.108 - - [31/Jul/2026:21:40:14 +0700] "GET /wp/wp-includes/js/media-audiovideo.min.js?ver=7.0.2 HTTP/3" 200 3149 "https://lapakabqary.biz.id/wp/wp-admin/customize.php?theme=astra&return=https%3A%2F%2Flapakabqary.biz.id%2Fwp%2Fwp-admin%2Fthemes.php" "Mozilla/5.0 (Windows NT 10.0; Win64; x64) AppleWebKit/537.36 (KHTML, like Gecko) Chrome/109.0.0.0 Safari/537.36"
66.249.70.166 - - [31/Jul/2026:21:41:53 +0700] "GET /_autoindex/assets/js/tablesort.number.js HTTP/1.1" 200 322 "https://lapakabqary.biz.id/?product/category/view_more/574400561100" "Mozilla/5.0 (Linux; Android 6.0.1; Nexus 5X Build/MMB29P) AppleWebKit/537.36 (KHTML, like Gecko) Chrome/150.0.7871.186 Mobile Safari/537.36 (compatible; GoogleOther)"
36.81.65.108 - - [31/Jul/2026:21:40:14 +0700] "GET /wp/wp-includes/js/codemirror/codemirror.min.js?ver=5.65.20 HTTP/3" 200 191281 "https://lapakabqary.biz.id/wp/wp-admin/customize.php?theme=astra&return=https%3A%2F%2Flapakabqary.biz.id%2Fwp%2Fwp-admin%2Fthemes.php" "Mozilla/5.0 (Windows NT 10.0; Win64; x64) AppleWebKit/537.36 (KHTML, like Gecko) Chrome/109.0.0.0 Safari/537.36"
36.81.65.108 - - [31/Jul/2026:21:40:14 +0700] "GET /wp/wp-admin/js/code-editor.min.js?ver=7.0.2 HTTP/3" 200 1453 "https://lapakabqary.biz.id/wp/wp-admin/customize.php?theme=astra&return=https%3A%2F%2Flapakabqary.biz.id%2Fwp%2Fwp-admin%2Fthemes.php" "Mozilla/5.0 (Windows NT 10.0; Win64; x64) AppleWebKit/537.36 (KHTML, like Gecko) Chrome/109.0.0.0 Safari/537.36"
36.81.65.108 - - [31/Jul/2026:21:40:14 +0700] "GET /wp/wp-admin/js/widgets/media-widgets.min.js?ver=7.0.2 HTTP/3" 200 4373 "https://lapakabqary.biz.id/wp/wp-admin/customize.php?theme=astra&return=https%3A%2F%2Flapakabqary.biz.id%2Fwp%2Fwp-admin%2Fthemes.php" "Mozilla/5.0 (Windows NT 10.0; Win64; x64) AppleWebKit/537.36 (KHTML, like Gecko) Chrome/109.0.0.0 Safari/537.36"
36.81.65.108 - - [31/Jul/2026:21:40:14 +0700] "GET /wp/wp-admin/js/widgets/text-widgets.min.js?ver=7.0.2 HTTP/3" 200 1886 "https://lapakabqary.biz.id/wp/wp-admin/customize.php?theme=astra&return=https%3A%2F%2Flapakabqary.biz.id%2Fwp%2Fwp-admin%2Fthemes.php" "Mozilla/5.0 (Windows NT 10.0; Win64; x64) AppleWebKit/537.36 (KHTML, like Gecko) Chrome/109.0.0.0 Safari/537.36"
36.81.65.108 - - [31/Jul/2026:21:40:14 +0700] "GET /wp/wp-includes/js/codemirror/htmlhint.js?ver=1.8.0 HTTP/3" 200 10936 "https://lapakabqary.biz.id/wp/wp-admin/customize.php?theme=astra&return=https%3A%2F%2Flapakabqary.biz.id%2Fwp%2Fwp-admin%2Fthemes.php" "Mozilla/5.0 (Windows NT 10.0; Win64; x64) AppleWebKit/537.36 (KHTML, like Gecko) Chrome/109.0.0.0 Safari/537.36"
36.81.65.108 - - [31/Jul/2026:21:40:14 +0700] "GET /wp/wp-includes/js/codemirror/csslint.js?ver=1.0.5 HTTP/3" 200 64537 "https://lapakabqary.biz.id/wp/wp-admin/customize.php?theme=astra&return=https%3A%2F%2Flapakabqary.biz.id%2Fwp%2Fwp-admin%2Fthemes.php" "Mozilla/5.0 (Windows NT 10.0; Win64; x64) AppleWebKit/537.36 (KHTML, like Gecko) Chrome/109.0.0.0 Safari/537.36"
36.81.65.108 - - [31/Jul/2026:21:40:14 +0700] "GET /wp/wp-admin/js/widgets/custom-html-widgets.min.js?ver=7.0.2 HTTP/3" 200 1771 "https://lapakabqary.biz.id/wp/wp-admin/customize.php?theme=astra&return=https%3A%2F%2Flapakabqary.biz.id%2Fwp%2Fwp-admin%2Fthemes.php" "Mozilla/5.0 (Windows NT 10.0; Win64; x64) AppleWebKit/537.36 (KHTML, like Gecko) Chrome/109.0.0.0 Safari/537.36"
36.81.65.108 - - [31/Jul/2026:21:42:06 +0700] "GET /wp/wp-json/wp/v2/users/me?context=edit&_locale=user HTTP/3" 200 760 "https://lapakabqary.biz.id/wp/wp-admin/customize.php?theme=astra&return=https%3A%2F%2Flapakabqary.biz.id%2Fwp%2Fwp-admin%2Fthemes.php" "Mozilla/5.0 (Windows NT 10.0; Win64; x64) AppleWebKit/537.36 (KHTML, like Gecko) Chrome/109.0.0.0 Safari/537.36"
103.190.0.89 - - [31/Jul/2026:21:42:25 +0700] "GET /wp/wp-content/themes/astra/inc/compatibility/starter-content/astra-settings-export.json HTTP/1.1" 200 9093 "-" "WordPress/7.0.2; https://lapakabqary.biz.id/wp"
103.190.0.89 - - [31/Jul/2026:21:42:25 +0700] "GET /wp/wp-content/themes/astra/inc/compatibility/starter-content/astra-settings-export.json HTTP/1.1" 200 9093 "-" "WordPress/7.0.2; https://lapakabqary.biz.id/wp"
103.190.0.89 - - [31/Jul/2026:21:42:26 +0700] "GET /wp/wp-content/themes/astra/inc/compatibility/starter-content/astra-settings-export.json HTTP/1.1" 200 9093 "-" "WordPress/7.0.2; https://lapakabqary.biz.id/wp"
103.190.0.89 - - [31/Jul/2026:21:42:26 +0700] "GET /wp/wp-content/themes/astra/inc/compatibility/starter-content/astra-settings-export.json HTTP/1.1" 200 9093 "-" "WordPress/7.0.2; https://lapakabqary.biz.id/wp"
103.190.0.89 - - [31/Jul/2026:21:42:26 +0700] "GET /wp/wp-content/themes/astra/inc/compatibility/starter-content/astra-settings-export.json HTTP/1.1" 200 9093 "-" "WordPress/7.0.2; https://lapakabqary.biz.id/wp"
103.190.0.89 - - [31/Jul/2026:21:42:26 +0700] "GET /wp/wp-content/themes/astra/inc/compatibility/starter-content/astra-settings-export.json HTTP/1.1" 200 9093 "-" "WordPress/7.0.2; https://lapakabqary.biz.id/wp"
103.190.0.89 - - [31/Jul/2026:21:42:26 +0700] "GET /wp/wp-content/themes/astra/inc/compatibility/starter-content/astra-settings-export.json HTTP/1.1" 200 9093 "-" "WordPress/7.0.2; https://lapakabqary.biz.id/wp"
103.190.0.89 - - [31/Jul/2026:21:42:26 +0700] "GET /wp/wp-content/themes/astra/inc/compatibility/starter-content/astra-settings-export.json HTTP/1.1" 200 9093 "-" "WordPress/7.0.2; https://lapakabqary.biz.id/wp"
103.190.0.89 - - [31/Jul/2026:21:42:26 +0700] "GET /wp/wp-content/themes/astra/inc/compatibility/starter-content/astra-settings-export.json HTTP/1.1" 200 9093 "-" "WordPress/7.0.2; https://lapakabqary.biz.id/wp"
36.81.65.108 - - [31/Jul/2026:21:42:24 +0700] "GET /wp/?customize_changeset_uuid=a0816715-da89-4ee6-be5b-a26b51e4fa98&customize_theme=astra&customize_messenger_channel=preview-0 HTTP/3" 200 59804 "https://lapakabqary.biz.id/wp/wp-admin/customize.php?theme=astra&return=https%3A%2F%2Flapakabqary.biz.id%2Fwp%2Fwp-admin%2Fthemes.php" "Mozilla/5.0 (Windows NT 10.0; Win64; x64) AppleWebKit/537.36 (KHTML, like Gecko) Chrome/109.0.0.0 Safari/537.36"
66.249.71.8 - - [31/Jul/2026:21:42:33 +0700] "GET /?l=603340181100 HTTP/1.1" 200 1247 "-" "Mozilla/5.0 (Linux; Android 6.0.1; Nexus 5X Build/MMB29P) AppleWebKit/537.36 (KHTML, like Gecko) Chrome/150.0.7871.186 Mobile Safari/537.36 (compatible; GoogleOther)"
36.81.65.108 - - [31/Jul/2026:21:42:19 +0700] "GET /wp/wp-content/themes/astra/assets/svg/svgs.json HTTP/3" 200 429819 "https://lapakabqary.biz.id/wp/wp-admin/customize.php?theme=astra&return=https%3A%2F%2Flapakabqary.biz.id%2Fwp%2Fwp-admin%2Fthemes.php" "Mozilla/5.0 (Windows NT 10.0; Win64; x64) AppleWebKit/537.36 (KHTML, like Gecko) Chrome/109.0.0.0 Safari/537.36"
36.81.65.108 - - [31/Jul/2026:21:42:24 +0700] "OPTIONS /wp/wp-json/wp/v2/settings?_locale=user HTTP/3" 200 1153 "https://lapakabqary.biz.id/wp/wp-admin/customize.php?theme=astra&return=https%3A%2F%2Flapakabqary.biz.id%2Fwp%2Fwp-admin%2Fthemes.php" "Mozilla/5.0 (Windows NT 10.0; Win64; x64) AppleWebKit/537.36 (KHTML, like Gecko) Chrome/109.0.0.0 Safari/537.36"
36.81.65.108 - - [31/Jul/2026:21:42:24 +0700] "POST /wp/wp-admin/admin-ajax.php HTTP/3" 200 16085 "https://lapakabqary.biz.id/wp/wp-admin/customize.php?theme=astra&return=https%3A%2F%2Flapakabqary.biz.id%2Fwp%2Fwp-admin%2Fthemes.php" "Mozilla/5.0 (Windows NT 10.0; Win64; x64) AppleWebKit/537.36 (KHTML, like Gecko) Chrome/109.0.0.0 Safari/537.36"
36.81.65.108 - - [31/Jul/2026:21:42:39 +0700] "GET /wp/wp-content/uploads/2026/07/logo.png HTTP/3" 200 1275 "https://lapakabqary.biz.id/wp/wp-admin/customize.php?theme=astra&return=https%3A%2F%2Flapakabqary.biz.id%2Fwp%2Fwp-admin%2Fthemes.php" "Mozilla/5.0 (Windows NT 10.0; Win64; x64) AppleWebKit/537.36 (KHTML, like Gecko) Chrome/109.0.0.0 Safari/537.36"
36.81.65.108 - - [31/Jul/2026:21:42:39 +0700] "GET /wp/wp-includes/css/customize-preview.min.css?ver=7.0.2 HTTP/3" 200 787 "https://lapakabqary.biz.id/wp/?customize_changeset_uuid=a0816715-da89-4ee6-be5b-a26b51e4fa98&customize_theme=astra&customize_messenger_channel=preview-0" "Mozilla/5.0 (Windows NT 10.0; Win64; x64) AppleWebKit/537.36 (KHTML, like Gecko) Chrome/109.0.0.0 Safari/537.36"
36.81.65.108 - - [31/Jul/2026:21:42:39 +0700] "POST /wp/wp-admin/admin-ajax.php HTTP/3" 200 52550 "https://lapakabqary.biz.id/wp/wp-admin/customize.php?theme=astra&return=https%3A%2F%2Flapakabqary.biz.id%2Fwp%2Fwp-admin%2Fthemes.php" "Mozilla/5.0 (Windows NT 10.0; Win64; x64) AppleWebKit/537.36 (KHTML, like Gecko) Chrome/109.0.0.0 Safari/537.36"
36.81.65.108 - - [31/Jul/2026:21:42:42 +0700] "GET /wp/wp-content/themes/astra/inc/assets/css/customizer-preview.css?ver=4.13.8 HTTP/3" 200 1380 "https://lapakabqary.biz.id/wp/?customize_changeset_uuid=a0816715-da89-4ee6-be5b-a26b51e4fa98&customize_theme=astra&customize_messenger_channel=preview-0" "Mozilla/5.0 (Windows NT 10.0; Win64; x64) AppleWebKit/537.36 (KHTML, like Gecko) Chrome/109.0.0.0 Safari/537.36"
36.81.65.108 - - [31/Jul/2026:21:42:42 +0700] "GET /wp/wp-content/themes/astra/assets/css/minified/main.min.css?ver=4.13.8 HTTP/3" 200 8389 "https://lapakabqary.biz.id/wp/?customize_changeset_uuid=a0816715-da89-4ee6-be5b-a26b51e4fa98&customize_theme=astra&customize_messenger_channel=preview-0" "Mozilla/5.0 (Windows NT 10.0; Win64; x64) AppleWebKit/537.36 (KHTML, like Gecko) Chrome/109.0.0.0 Safari/537.36"
36.81.65.108 - - [31/Jul/2026:21:42:42 +0700] "GET /wp/wp-content/themes/astra/assets/css/minified/menu-animation.min.css?ver=4.13.8 HTTP/3" 200 359 "https://lapakabqary.biz.id/wp/?customize_changeset_uuid=a0816715-da89-4ee6-be5b-a26b51e4fa98&customize_theme=astra&customize_messenger_channel=preview-0" "Mozilla/5.0 (Windows NT 10.0; Win64; x64) AppleWebKit/537.36 (KHTML, like Gecko) Chrome/109.0.0.0 Safari/537.36"
